-- Table structure for table `file_usage`
--

CREATE TABLE `file_usage` (
  `fid` int(10) unsigned NOT NULL COMMENT 'File ID.',
  `module` varchar(255) NOT NULL DEFAULT '' COMMENT 'The name of the module that is using the file.',
  `type` varchar(64) NOT NULL DEFAULT '' COMMENT 'The name of the object type in which the file is used.',
  `id` int(10) unsigned NOT NULL DEFAULT '0' COMMENT 'The primary key of the object using the file.',
  `count` int(10) unsigned NOT NULL DEFAULT '0' COMMENT 'The number of times this file is used by this object.',
  PRIMARY KEY (`fid`,`type`,`id`,`module`),
  KEY `type_id` (`type`,`id`),
  KEY `fid_count` (`fid`,`count`),
  KEY `fid_module` (`fid`,`module`)
) ENGINE=InnoDB DEFAULT CHARSET=utf8 COMMENT='Track where a file is used.';

--
-- Dumping data for table `file_usage`
--

set autocommit=0;
INSERT INTO `file_usage` VALUES (4,'user','user',1,1),(23,'user','user',8,1),(24,'user','user',11,1),(64,'user','user',1,1),(96,'image','default_image',101,1),(106,'file','node',80,1),(120,'file','node',80,1),(147,'user','user',80,1),(164,'file','node',117,1),(194,'file','node',170,1),(195,'file','node',170,1),(196,'file','node',171,1),(197,'file','node',171,1),(199,'file','node',76,1),(208,'imce','file',208,1),(221,'user','user',96,1),(242,'file','node',76,1),(243,'file','node',76,1),(252,'file','node',210,1),(267,'user','user',106,1),(276,'file','node',251,1),(276,'file','node',687,1),(282,'file','node',252,1),(283,'file','node',252,1),(284,'file','node',252,1),(288,'file','node',253,1),(294,'file','node',254,1),(295,'file','node',254,1),(296,'file','node',254,1),(300,'file','node',255,1),(301,'file','node',255,1),(302,'file','node',255,1),(306,'file','node',256,1),(307,'file','node',256,1),(308,'file','node',256,1),(312,'file','node',257,1),(313,'file','node',257,1),(314,'file','node',257,1),(318,'file','node',258,1),(319,'file','node',258,1),(320,'file','node',258,1),(324,'file','node',259,1),(325,'file','node',259,1),(326,'file','node',259,1),(330,'file','node',261,1),(331,'file','node',261,1),(332,'file','node',261,1),(336,'file','node',262,1),(337,'file','node',262,1),(338,'file','node',262,1),(342,'file','node',263,1),(343,'file','node',263,1),(344,'file','node',263,1),(346,'file','node',297,1),(349,'user','user',121,1),(354,'file','node',254,1),(355,'file','node',254,1),(361,'user','user',130,1),(363,'file','node',166,1),(375,'user','user',136,1),(390,'file','node',251,1),(390,'file','node',687,1),(391,'user','user',137,1),(392,'file','node',251,1),(392,'file','node',687,1),(393,'user','user',137,1),(395,'file','node',394,1),(397,'file','node',253,1),(398,'file','node',253,1),(414,'user','user',141,1),(430,'file','node',431,1),(440,'user','user',75,1),(457,'file','node',567,1),(471,'file','node',577,1),(472,'file','node',577,1),(481,'file','node',585,1),(483,'file','node',586,1),(484,'file','node',577,1),(489,'file','node',592,1),(491,'file','node',415,1),(494,'user','user',137,1),(513,'file','node',608,1),(514,'file','node',608,1),(515,'file','node',608,1),(522,'file','node',609,1),(523,'file','node',609,1),(524,'file','node',609,1),(525,'file','node',610,1),(526,'file','node',610,1),(527,'file','node',610,1),(528,'file','node',610,1),(536,'user','user',163,1),(537,'user','user',185,1),(538,'user','user',217,1),(543,'user','user',216,1),(545,'user','user',161,1),(548,'user','user',22,1),(555,'file','node',657,1),(556,'file','node',657,1),(557,'file','node',657,1),(561,'user','user',40,1),(564,'user','user',40,1),(596,'user','user',186,1),(600,'file','node',662,1),(608,'user','user',40,1),(609,'user','user',204,1),(617,'file','node',684,1),(618,'file','node',686,1),(619,'file','node',686,1),(621,'file','node',688,1),(622,'file','node',688,1),(623,'file','node',688,1),(624,'file','node',688,1),(626,'file','node',689,1),(627,'file','node',689,1),(628,'file','node',689,1),(632,'file','node',688,1),(634,'file','node',667,1),(637,'file','node',693,1),(648,'file','node',705,1),(650,'file','node',706,1),(652,'file','node',536,1),(653,'file','node',707,1),(659,'file','node',718,1),(663,'user','user',81,1),(666,'user','user',10,1),(667,'file','node',737,1),(672,'file','node',792,1),(673,'user','user',220,1),(674,'user','user',96,1),(675,'user','user',153,1),(677,'user','user',162,1),(678,'user','user',238,1),(679,'user','user',182,1),(680,'file','node',413,1),(681,'file','node',621,1),(683,'file','node',462,1),(691,'file','node',843,1),(701,'file','node',433,1),(702,'file','node',548,1),(709,'file','node',877,1),(710,'file','node',679,1),(711,'file','node',889,1),(712,'user','user',250,1),(716,'user','user',216,1),(719,'file','node',905,1),(721,'file','node',909,1),(722,'file','node',910,1),(724,'file','node',912,1),(726,'file','node',913,1),(728,'file','node',914,1),(730,'file','node',915,1),(731,'file','node',916,1),(732,'file','node',917,1),(733,'file','node',918,1),(734,'file','node',919,1),(735,'file','node',923,1),(736,'file','node',924,1),(737,'file','node',925,1),(738,'file','node',926,1),(741,'file','node',952,1),(775,'file','node',1103,1),(776,'file','node',1104,1),(777,'file','node',1105,1),(780,'file','node',1109,1),(782,'file','node',661,1),(785,'file','node',571,1),(786,'file','node',159,1),(788,'image','default_image',102,1),(789,'image','default_image',116,1),(790,'file','node',790,1),(791,'file','node',725,1),(896,'user','user',155,1),(927,'user','user',240,1);
commit;

--
-- Table structure for table `filter`
--

CREATE TABLE `filter` (
  `format` varchar(255) NOT NULL COMMENT 'Foreign key: The filter_format.format to which this filter is assigned.',
  `module` varchar(64) NOT NULL DEFAULT '' COMMENT 'The origin module of the filter.',
  `name` varchar(32) NOT NULL DEFAULT '' COMMENT 'Name of the filter being referenced.',
  `weight` int(11) NOT NULL DEFAULT '0' COMMENT 'Weight of filter within format.',
  `status` int(11) NOT NULL DEFAULT '0' COMMENT 'Filter enabled status. (1 = enabled, 0 = disabled)',
  `settings` longblob COMMENT 'A serialized array of name value pairs that store the filter settings for the specific format.',
  PRIMARY KEY (`format`,`name`),
  KEY `list` (`weight`,`module`,`name`)
) ENGINE=InnoDB DEFAULT CHARSET=utf8 COMMENT='Table that maps filters (HTML corrector) to text formats ...';

--
-- Dumping data for table `filter`
--

set autocommit=0;
INSERT INTO `filter` VALUES ('admin_html','ds','ds_code',0,0,'a:0:{}'),('admin_html','filter','filter_autop',0,0,'a:0:{}'),('admin_html','filter','filter_html',-10,0,'a:3:{s:12:\"allowed_html\";s:74:\"<a> <em> <strong> <cite> <blockquote> <code> <ul> <ol> <li> <dl> <dt> <dd>\";s:16:\"filter_html_help\";i:1;s:20:\"filter_html_nofollow\";i:0;}'),('admin_html','filter','filter_htmlcorrector',10,0,'a:0:{}'),('admin_html','filter','filter_html_escape',-10,0,'a:0:{}'),('admin_html','filter','filter_url',0,1,'a:1:{s:17:\"filter_url_length\";s:2:\"72\";}'),('admin_html','gmap','gmap_macro',0,0,'a:0:{}'),('admin_html','php','php_code',0,1,'a:0:{}'),('admin_html','video_embed_field','video_embed_field',0,1,'a:0:{}'),('ds_code','ds','ds_code',0,1,'a:0:{}'),('ds_code','filter','filter_autop',10,0,'a:0:{}'),('ds_code','filter','filter_html',10,0,'a:3:{s:12:\"allowed_html\";s:74:\"<a> <em> <strong> <cite> <blockquote> <code> <ul> <ol> <li> <dl> <dt> <dd>\";s:16:\"filter_html_help\";i:1;s:20:\"filter_html_nofollow\";i:0;}'),('ds_code','filter','filter_htmlcorrector',10,0,'a:0:{}'),('ds_code','filter','filter_html_escape',10,0,'a:0:{}'),('ds_code','filter','filter_url',10,0,'a:1:{s:17:\"filter_url_length\";s:2:\"72\";}'),('ds_code','media','media_filter',10,0,'a:0:{}'),('full_html','ds','ds_code',0,0,'a:0:{}'),('full_html','filter','filter_autop',0,1,'a:0:{}'),('full_html','filter','filter_html',-10,0,'a:3:{s:12:\"allowed_html\";s:74:\"<a> <em> <strong> <cite> <blockquote> <code> <ul> <ol> <li> <dl> <dt> <dd>\";s:16:\"filter_html_help\";i:1;s:20:\"filter_html_nofollow\";i:0;}'),('full_html','filter','filter_htmlcorrector',10,0,'a:0:{}'),('full_html','filter','filter_html_escape',-10,0,'a:0:{}'),('full_html','filter','filter_url',0,1,'a:1:{s:17:\"filter_url_length\";s:2:\"72\";}'),('full_html','gmap','gmap_macro',0,0,'a:0:{}'),('full_html','media','media_filter',2,1,'a:0:{}'),('full_html','php','php_code',0,0,'a:0:{}'),('full_html','video_embed_field','video_embed_field',0,0,'a:0:{}'),('php_code','ds','ds_code',0,0,'a:0:{}'),('php_code','filter','filter_autop',0,0,'a:0:{}'),('php_code','filter','filter_html',-10,0,'a:3:{s:12:\"allowed_html\";s:74:\"<a> <em> <strong> <cite> <blockquote> <code> <ul> <ol> <li> <dl> <dt> <dd>\";s:16:\"filter_html_help\";i:1;s:20:\"filter_html_nofollow\";i:0;}'),('php_code','filter','filter_htmlcorrector',10,0,'a:0:{}'),('php_code','filter','filter_html_escape',-10,0,'a:0:{}'),('php_code','filter','filter_url',0,0,'a:1:{s:17:\"filter_url_length\";i:72;}'),('php_code','gmap','gmap_macro',0,0,'a:0:{}'),('php_code','media','media_filter',2,0,'a:0:{}'),('php_code','php','php_code',0,1,'a:0:{}'),('plain_text','filter','filter_autop',2,1,'a:0:{}'),('plain_text','filter','filter_html',10,0,'a:3:{s:12:\"allowed_html\";s:74:\"<a> <em> <strong> <cite> <blockquote> <code> <ul> <ol> <li> <dl> <dt> <dd>\";s:16:\"filter_html_help\";i:1;s:20:\"filter_html_nofollow\";i:0;}'),('plain_text','filter','filter_htmlcorrector',10,0,'a:0:{}'),('plain_text','filter','filter_html_escape',0,1,'a:0:{}'),('plain_text','filter','filter_url',1,1,'a:1:{s:17:\"filter_url_length\";i:72;}');
commit;

--
-- Table structure for table `filter_format`
--

CREATE TABLE `filter_format` (
  `format` varchar(255) NOT NULL COMMENT 'Primary Key: Unique machine name of the format.',
  `name` varchar(255) NOT NULL DEFAULT '' COMMENT 'Name of the text format (Filtered HTML).',
  `cache` tinyint(4) NOT NULL DEFAULT '0' COMMENT 'Flag to indicate whether format is cacheable. (1 = cacheable, 0 = not cacheable)',
  `status` tinyint(3) unsigned NOT NULL DEFAULT '1' COMMENT 'The status of the text format. (1 = enabled, 0 = disabled)',
  `weight` int(11) NOT NULL DEFAULT '0' COMMENT 'Weight of text format to use when listing.',
  PRIMARY KEY (`format`),
  UNIQUE KEY `name` (`name`),
  KEY `status_weight` (`status`,`weight`)
) ENGINE=InnoDB DEFAULT CHARSET=utf8 COMMENT='Stores text formats: custom groupings of filters, such as...';

--
-- Dumping data for table `filter_format`
--

set autocommit=0;
INSERT INTO `filter_format` VALUES ('admin_html','Admin HTML',0,1,0),('ds_code','Display Suite code',0,1,12),('full_html','Full HTML',1,1,0),('php_code','PHP code',0,1,11),('plain_text','Plain text',1,1,10);
commit;

--
-- Table structure for table `flood`
--

CREATE TABLE `flood` (
  `fid` int(11) NOT NULL AUTO_INCREMENT,
  `event` varchar(64) NOT NULL,
  `identifier` varchar(128) NOT NULL,
  `timestamp` int(11) NOT NULL DEFAULT '0',
  `expiration` int(11) NOT NULL DEFAULT '0',
  PRIMARY KEY (`fid`),
  KEY `allow` (`event`,`identifier`,`timestamp`),
  KEY `purge` (`expiration`)
) ENGINE=InnoDB AUTO_INCREMENT=955 DEFAULT CHARSET=utf8 ROW_FORMAT=DYNAMIC COMMENT='Flood controls the threshold of events, such as the...';

--
-- Dumping data for table `flood`
--

set autocommit=0;
INSERT INTO `flood` VALUES (952,'devel_rebuild_registry_warning','23.30.29.37',1349209031,1349212631),(953,'devel_rebuild_registry_warning','74.118.27.66',1349210073,1349213673),(954,'devel_rebuild_registry_warning','127.0.0.1',1349210759,1349214359);
commit;

--
-- Table structure for table `forward_log`
--

CREATE TABLE `forward_log` (
  `path` varchar(255) NOT NULL DEFAULT '<front>',
  `type` varchar(8) NOT NULL,
  `timestamp` int(11) NOT NULL DEFAULT '0',
  `uid` int(11) NOT NULL DEFAULT '0',
  `hostname` varchar(128) NOT NULL DEFAULT '' COMMENT 'Hostname of the user who triggered the event.',
  KEY `forward_path` (`path`),
  KEY `forward_uid` (`uid`),
  KEY `forward_hostname` (`hostname`)
) ENGINE=InnoDB DEFAULT CHARSET=utf8;

--
-- Dumping data for table `forward_log`
--

set autocommit=0;
commit;

--
-- Table structure for table `forward_statistics`
--

CREATE TABLE `forward_statistics` (
  `nid` int(10) unsigned NOT NULL DEFAULT '0',
  `last_forward_timestamp` int(11) NOT NULL DEFAULT '0',
  `forward_count` int(10) unsigned NOT NULL DEFAULT '0',
  `clickthrough_count` int(10) unsigned NOT NULL DEFAULT '0',
  PRIMARY KEY (`nid`),
  KEY `forward_timestamp` (`last_forward_timestamp`)
) ENGINE=InnoDB DEFAULT CHARSET=utf8;

--
-- Dumping data for table `forward_statistics`
--

set autocommit=0;
INSERT INTO `forward_statistics` VALUES (76,0,0,0),(78,0,0,0),(85,0,0,0),(86,0,0,0),(87,0,0,0),(89,0,0,0),(90,0,0,0),(99,0,0,0),(117,0,0,0),(159,0,0,0),(166,0,0,0),(173,0,0,0),(210,0,0,0),(233,0,0,0),(234,0,0,0),(236,0,0,0),(237,0,0,0),(238,0,0,0),(241,0,0,0),(243,0,0,0),(245,0,0,0),(248,0,0,0),(251,0,0,0),(252,0,0,0),(253,0,0,0),(254,0,0,0),(255,0,0,0),(256,0,0,0),(257,0,0,0),(258,0,0,0),(259,0,0,0),(260,0,0,0),(261,0,0,0),(262,0,0,0),(263,0,0,0),(264,0,0,0),(265,0,0,0),(266,0,0,0),(267,0,0,0),(268,0,0,0),(271,0,0,0),(272,0,0,0),(273,0,0,0),(274,0,0,0),(275,0,0,0),(276,0,0,0),(277,0,0,0),(278,0,0,0),(279,0,0,0),(284,0,0,0),(285,0,0,0),(286,0,0,0),(287,0,0,0),(288,0,0,0),(289,0,0,0),(291,0,0,0),(292,0,0,0),(293,0,0,0),(294,0,0,0),(297,0,0,0),(394,0,0,0),(398,0,0,0),(399,0,0,0),(413,0,0,0),(415,0,0,0),(416,0,0,0),(431,0,0,0),(433,0,0,0),(462,0,0,0),(469,0,0,0),(473,0,0,0),(474,0,0,0),(475,0,0,0),(476,0,0,0),(477,0,0,0),(478,0,0,0),(479,0,0,0),(481,0,0,0),(482,0,0,0),(483,0,0,0),(484,0,0,0),(485,0,0,0),(486,0,0,0),(487,0,0,0),(488,0,0,0),(489,0,0,0),(490,0,0,0),(491,0,0,0),(492,0,0,0),(493,0,0,0),(494,0,0,0),(495,0,0,0),(496,0,0,0),(497,0,0,0),(499,0,0,0),(500,0,0,0),(506,0,0,0),(524,0,0,0),(531,0,0,0),(532,0,0,0),(536,0,0,0),(548,0,0,0),(567,0,0,0),(571,0,0,0),(576,0,0,0),(577,0,0,0),(580,0,0,0),(585,0,0,0),(586,0,0,0),(592,0,0,0),(594,0,0,0),(595,0,0,0),(596,0,0,0),(597,0,0,0),(608,0,0,0),(609,0,0,0),(610,0,0,0),(621,0,0,0),(657,0,0,0),(661,0,0,0),(662,0,0,0),(667,0,0,0),(675,0,0,0),(679,0,0,0),(683,0,0,0),(684,0,0,0),(686,0,0,0),(687,0,0,0),(688,0,0,0),(689,0,0,0),(693,0,0,0),(705,0,0,0),(706,0,0,0),(707,0,0,0),(711,0,0,0),(718,0,0,0),(725,0,0,0),(737,0,0,0),(747,0,0,0),(789,0,0,0),(790,0,0,0),(792,0,0,0),(819,0,0,0),(838,0,0,0),(843,0,0,0),(846,0,0,0),(863,0,0,0),(869,0,0,0),(877,0,0,0),(887,0,0,0),(889,0,0,0),(891,0,0,0),(897,0,0,0),(901,0,0,0),(902,0,0,0),(903,0,0,0),(905,0,0,0),(908,0,0,0),(909,0,0,0),(910,0,0,0),(912,0,0,0),(913,0,0,0),(914,0,0,0),(915,0,0,0),(916,0,0,0),(917,0,0,0),(918,0,0,0),(919,0,0,0),(920,0,0,0),(922,0,0,0),(923,0,0,0),(924,0,0,0),(925,0,0,0),(926,0,0,0),(927,0,0,0),(929,0,0,0),(931,0,0,0),(932,0,0,0),(933,0,0,0),(934,0,0,0),(935,0,0,0),(937,0,0,0),(938,0,0,0),(939,0,0,0),(942,0,0,0),(947,0,0,0),(950,0,0,0),(951,0,0,0),(952,0,0,0),(953,0,0,0),(954,0,0,0),(955,0,0,0),(964,0,0,0),(965,0,0,0),(966,0,0,0),(968,0,0,0),(970,0,0,0),(975,0,0,0),(976,0,0,0),(988,0,0,0),(991,0,0,0),(992,0,0,0),(999,0,0,0),(1003,0,0,0),(1004,0,0,0),(1005,0,0,0),(1006,0,0,0),(1007,0,0,0),(1008,0,0,0),(1009,0,0,0),(1010,0,0,0),(1011,0,0,0),(1023,0,0,0),(1024,0,0,0),(1025,0,0,0),(1026,0,0,0),(1027,0,0,0),(1028,0,0,0),(1029,0,0,0),(1030,0,0,0),(1031,0,0,0),(1032,0,0,0),(1034,0,0,0),(1035,0,0,0),(1036,0,0,0),(1037,0,0,0),(1038,0,0,0),(1039,0,0,0),(1040,0,0,0),(1042,0,0,0),(1043,0,0,0),(1044,0,0,0),(1050,0,0,0),(1053,0,0,0),(1054,0,0,0),(1055,0,0,0),(1056,0,0,0),(1080,0,0,0),(1081,0,0,0),(1082,0,0,0),(1083,0,0,0),(1084,0,0,0),(1085,0,0,0),(1088,0,0,0),(1089,0,0,0),(1090,0,0,0),(1095,0,0,0),(1096,0,0,0),(1097,0,0,0),(1098,0,0,0),(1099,0,0,0),(1101,0,0,0),(1102,0,0,0),(1103,0,0,0),(1104,0,0,0),(1105,0,0,0),(1109,0,0,0),(1112,0,0,0),(1113,0,0,0),(1117,0,0,0),(1132,0,0,0),(1138,0,0,0),(1139,0,0,0),(1140,0,0,0),(1141,0,0,0),(1142,0,0,0),(1143,0,0,0),(1144,0,0,0),(1145,0,0,0),(1146,0,0,0),(1147,0,0,0),(1150,0,0,0),(1152,0,0,0),(1153,0,0,0),(1161,0,0,0),(1163,0,0,0),(1164,0,0,0),(1165,0,0,0),(1168,0,0,0),(1169,0,0,0),(1170,0,0,0),(1171,0,0,0),(1172,0,0,0),(1173,0,0,0),(1174,0,0,0),(1178,0,0,0),(1179,0,0,0),(1185,0,0,0),(1187,0,0,0),(1188,0,0,0),(1189,0,0,0),(1190,0,0,0),(1191,0,0,0),(1192,0,0,0),(1193,0,0,0),(1197,0,0,0),(1198,0,0,0),(1199,0,0,0),(1207,0,0,0),(1208,0,0,0),(1209,0,0,0),(1214,0,0,0),(1217,0,0,0),(1220,0,0,0),(1222,0,0,0),(1224,0,0,0),(1225,0,0,0),(1226,0,0,0),(1227,0,0,0),(1228,0,0,0),(1229,0,0,0),(1230,0,0,0),(1231,0,0,0),(1233,0,0,0),(1236,0,0,0),(1237,0,0,0),(1240,0,0,0),(1242,0,0,0),(1244,0,0,0),(1251,0,0,0),(1258,0,0,0),(1260,0,0,0),(1261,0,0,0),(1264,0,0,0),(1270,0,0,0),(1271,0,0,0),(1272,0,0,0),(1273,0,0,0),(1274,0,0,0),(1275,0,0,0),(1276,0,0,0),(1277,0,0,0),(1282,0,0,0),(1293,0,0,0),(1298,0,0,0),(1300,0,0,0),(1301,0,0,0),(1303,0,0,0),(1308,0,0,0),(1319,0,0,0),(1324,0,0,0),(1325,0,0,0),(1328,0,0,0),(1329,0,0,0),(1334,0,0,0),(1340,0,0,0),(1341,0,0,0),(1343,0,0,0),(1352,0,0,0),(1353,0,0,0),(1355,0,0,0),(1357,0,0,0),(1358,0,0,0),(1360,0,0,0),(1365,0,0,0),(1366,0,0,0),(1368,0,0,0),(1369,0,0,0),(1373,0,0,0),(1386,0,0,0),(1398,0,0,0),(1401,0,0,0),(1402,0,0,0),(1403,0,0,0),(1404,0,0,0),(1408,0,0,0),(1410,0,0,0),(1412,0,0,0),(1413,0,0,0),(1415,0,0,0),(1418,0,0,0),(1419,0,0,0),(1420,0,0,0),(1428,0,0,0),(1429,0,0,0),(1431,0,0,0),(1432,0,0,0),(1436,0,0,0),(1437,0,0,0),(1442,0,0,0),(1448,0,0,0),(1451,0,0,0),(1455,0,0,0),(1468,0,0,0),(1471,0,0,0),(1473,0,0,0),(1474,0,0,0),(1480,0,0,0),(1483,0,0,0),(1484,0,0,0),(1491,0,0,0),(1494,0,0,0),(1495,0,0,0),(1500,0,0,0),(1501,0,0,0),(1502,0,0,0),(1505,0,0,0),(1506,0,0,0),(1508,0,0,0),(1517,0,0,0),(1520,0,0,0),(1526,0,0,0),(1527,0,0,0),(1533,0,0,0),(1540,0,0,0),(1544,0,0,0),(1545,0,0,0),(1547,0,0,0);
commit;

--
-- Table structure for table `gmap_taxonomy_node`
--

CREATE TABLE `gmap_taxonomy_node` (
  `nid` int(10) unsigned NOT NULL DEFAULT '0',
  `tid` int(10) unsigned NOT NULL DEFAULT '0',
  `marker` varchar(32) DEFAULT NULL,
  PRIMARY KEY (`nid`)
) ENGINE=InnoDB DEFAULT CHARSET=utf8;

--
-- Dumping data for table `gmap_taxonomy_node`
--

set autocommit=0;
commit;

--
-- Table structure for table `gmap_taxonomy_term`
--

CREATE TABLE `gmap_taxonomy_term` (
  `tid` int(10) unsigned NOT NULL DEFAULT '0',
  `marker` varchar(32) DEFAULT NULL,
  PRIMARY KEY (`tid`)
) ENGINE=InnoDB DEFAULT CHARSET=utf8;

--
-- Dumping data for table `gmap_taxonomy_term`
--

set autocommit=0;
commit;

--
-- Table structure for table `history`
--

CREATE TABLE `history` (
  `uid` int(11) NOT NULL DEFAULT '0' COMMENT 'The users.uid that read the node nid.',
  `nid` int(11) NOT NULL DEFAULT '0' COMMENT 'The node.nid that was read.',
  `timestamp` int(11) NOT NULL DEFAULT '0' COMMENT 'The Unix timestamp at which the read occurred.',
  PRIMARY KEY (`uid`,`nid`),
  KEY `nid` (`nid`)
) ENGINE=InnoDB DEFAULT CHARSET=utf8 COMMENT='A record of which users have read which nodes.';

--
-- Dumping data for table `history`
--

set autocommit=0;
INSERT INTO `history` VALUES (1,76,1348774901),(1,86,1348862461),(1,87,1348932990),(1,117,1348780679),(1,159,1348770863),(1,166,1348780467),(1,210,1348753894),(1,251,1348893720),(1,252,1348758801),(1,253,1347393508),(1,254,1348851600),(1,255,1348163659),(1,256,1349041211),(1,257,1348846724),(1,258,1347393511),(1,259,1349041293),(1,261,1347646838),(1,262,1347393503),(1,263,1348759216),(1,398,1348933339),(1,399,1348866428),(1,413,1348170089),(1,415,1346964830),(1,433,1348588814),(1,462,1347835556),(1,473,1348155548),(1,476,1348860006),(1,477,1348251186),(1,478,1348857682),(1,479,1348686352),(1,483,1348868424),(1,489,1346787377),(1,490,1346787395),(1,491,1347043447),(1,492,1347043453),(1,493,1346787414),(1,495,1348942483),(1,496,1348566354),(1,499,1348696298),(1,536,1349059703),(1,540,1346954217),(1,548,1349044895),(1,567,1349038938),(1,576,1346876437),(1,577,1347928989),(1,586,1347646837),(1,592,1348780437),(1,595,1346796302),(1,596,1346789491),(1,597,1347992811),(1,608,1347646819),(1,609,1347646846),(1,610,1348767248),(1,611,1347568203),(1,621,1349038897),(1,649,1348602748),(1,652,1347568222),(1,657,1348929968),(1,661,1349048191),(1,662,1347459417),(1,667,1347815093),(1,669,1347567582),(1,679,1347646819),(1,683,1347646818),(1,684,1348859583),(1,686,1347803643),(1,687,1348263986),(1,688,1348845831),(1,689,1348758803),(1,693,1347829045),(1,698,1347834315),(1,705,1347992206),(1,706,1347903350),(1,711,1347990032),(1,718,1348260867),(1,725,1348771991),(1,737,1349059689),(1,789,1348522865),(1,790,1348867745),(1,792,1348761044),(1,819,1348664671),(1,838,1348257443),(1,843,1348851923),(1,861,1348521354),(1,889,1348761145),(1,897,1348522518),(1,912,1348518928),(1,913,1348518957),(1,914,1348518986),(1,915,1348519014),(1,916,1348519092),(1,917,1348519121),(1,918,1348519152),(1,919,1348519181),(1,920,1348529302),(1,922,1348767020),(1,923,1348520788),(1,924,1348520849),(1,925,1348520883),(1,926,1348520915),(1,927,1348522545),(1,933,1348530233),(1,1010,1348672087),(1,1144,1349060478),(1,1150,1348780802),(1,1153,1348856366),(1,1161,1348780799),(1,1174,1348861312),(1,1220,1349060604),(1,1221,1348860580),(1,1224,1348866637),(1,1409,1349041245),(1,1413,1349044951),(10,254,1348062256),(10,259,1348018533),(10,399,1348020128),(10,477,1348021246),(10,478,1348020139),(10,483,1348020154),(10,484,1348020190),(10,489,1348018075),(10,497,1348018485),(10,499,1348020149),(10,567,1348019436),(10,621,1348018154),(10,686,1348020844),(10,689,1348019803),(10,693,1348062310),(10,718,1348018004),(10,725,1348021066),(10,737,1348111649),(16,76,1348932836),(16,87,1347492343),(16,166,1348179873),(16,252,1347152338),(16,257,1348955621),(16,259,1347904681),(16,477,1348933669),(16,483,1347462506),(16,495,1348777181),(16,536,1347495570),(16,567,1348173059),(16,592,1349065069),(16,661,1348184947),(16,679,1348520727),(16,686,1347654880),(16,688,1349065027),(16,707,1349065051),(16,737,1348181027),(16,792,1348172991),(16,843,1349065009),(16,1299,1348955193),(22,76,1349066594),(22,87,1348859662),(22,166,1347743542),(22,210,1348175087),(22,251,1348516742),(22,252,1347969917),(22,255,1347981532),(22,256,1347482452),(22,257,1348974496),(22,259,1347833558),(22,261,1346684602),(22,398,1346875962),(22,413,1348765973),(22,415,1347631007),(22,433,1348922270),(22,462,1347894361),(22,477,1347469546),(22,478,1348795486),(22,479,1346867121),(22,481,1346867289),(22,482,1346867294),(22,483,1347469679),(22,484,1347469549),(22,497,1346867129),(22,499,1346867298),(22,536,1348355685),(22,548,1348174991),(22,567,1348700564),(22,586,1347561259),(22,592,1348673405),(22,594,1347889640),(22,595,1347475503),(22,596,1347475492),(22,610,1347905480),(22,621,1349041982),(22,657,1348795099),(22,661,1348766305),(22,675,1347647363),(22,679,1348355401),(22,683,1347641552),(22,684,1348002157),(22,686,1347648981),(22,687,1348251761),(22,688,1348251833),(22,693,1348372075),(22,718,1348251919),(22,737,1348672625),(22,1103,1348764361),(22,1104,1348765105),(22,1174,1348795496),(22,1413,1349043283),(22,1464,1349054168),(22,1485,1349059570),(22,1528,1349064165),(39,76,1347990847),(39,166,1348179619),(39,257,1348841947),(39,475,1348500010),(39,486,1348499989),(39,536,1348841720),(39,567,1349022982),(39,661,1348180397),(39,718,1349062661),(39,725,1348161226),(39,737,1348181098),(40,76,1347989388),(40,166,1347488401),(40,210,1348245260),(40,252,1347995162),(40,254,1347994409),(40,257,1347994411),(40,259,1347994410),(40,476,1348103238),(40,477,1347904291),(40,491,1348002313),(40,492,1348002309),(40,495,1348002306),(40,536,1348673157),(40,548,1348673189),(40,567,1347992080),(40,586,1347994412),(40,592,1347915515),(40,610,1348102021),(40,657,1347912854),(40,661,1348673222),(40,684,1347995085),(40,686,1347915578),(40,693,1348861187),(40,707,1347995084),(40,718,1348765381),(40,1104,1348765507),(57,536,1348234581),(57,567,1348234355),(57,586,1348234948),(57,610,1348234943),(57,718,1348234863),(57,737,1348234025),(57,790,1348234033),(81,413,1346779013),(96,259,1347724604),(96,413,1347479935),(137,166,1347574781),(137,210,1348691562),(137,252,1346882988),(137,254,1348849699),(137,257,1346948599),(137,259,1348506545),(137,415,1347301185),(137,433,1347294718),(137,536,1348601729),(137,567,1348689923),(137,610,1347905832),(137,621,1346945854),(137,667,1347556951),(137,679,1347644779),(137,737,1348685020),(137,790,1348675134),(137,903,1348505285),(137,1144,1349059486),(137,1153,1348855894),(153,86,1348860913),(153,87,1348860907),(153,166,1347648052),(153,210,1348860093),(153,251,1348857347),(153,252,1348769517),(153,254,1347910946),(153,257,1349047180),(153,259,1348860081),(153,413,1347466045),(153,415,1347465974),(153,478,1347904042),(153,495,1348852089),(153,536,1348860094),(153,567,1348860884),(153,592,1349049933),(153,610,1348148184),(153,621,1348856985),(153,661,1348860250),(153,688,1347910440),(153,689,1348000346),(153,705,1347983186),(153,707,1347907510),(153,725,1348060125),(153,737,1348846434),(153,790,1348154421),(153,1109,1348765637),(153,1220,1348861835),(153,1419,1349047201),(155,76,1348774688),(155,166,1348070541),(155,210,1348709359),(155,251,1348244958),(155,252,1348246976),(155,254,1348070617),(155,255,1347973753),(155,256,1348061486),(155,257,1349049383),(155,259,1349062480),(155,413,1348766887),(155,462,1347648569),(155,477,1348666267),(155,478,1348666273),(155,495,1348691436),(155,499,1347894355),(155,536,1348753720),(155,548,1348758972),(155,567,1348929735),(155,586,1347647176),(155,592,1349049556),(155,609,1347994420),(155,610,1349049567),(155,621,1348752996),(155,657,1349063627),(155,661,1348766833),(155,686,1347648942),(155,688,1347884310),(155,689,1349047556),(155,706,1348753680),(155,707,1347995766),(155,711,1347911860),(155,718,1349062879),(155,725,1348709650),(155,737,1349049511),(155,747,1348062805),(155,790,1349048341),(155,792,1348753717),(155,843,1348241796),(155,846,1349053304),(155,1105,1348765447),(155,1109,1348766485),(155,1402,1349038138),(155,1419,1349054681),(155,1464,1349065970),(162,76,1347909024),(162,586,1347902653),(162,592,1347902605),(162,609,1346794582),(162,610,1346794535),(162,686,1347902626),(162,688,1347902590),(162,689,1347909044),(162,707,1347908591),(162,737,1348607947),(163,76,1346973474),(163,166,1346976099),(163,210,1346967459),(163,252,1346977709),(163,257,1346967079),(163,259,1346977684),(163,413,1346977667),(163,415,1346967462),(163,433,1346967457),(163,536,1346976098),(163,548,1346967447),(163,567,1346976483),(163,586,1346973729),(163,592,1346976447),(163,609,1346966602),(163,621,1346967454),(182,166,1348165535),(182,257,1348165944),(182,399,1348165355),(182,473,1348165727),(182,474,1348165741),(182,475,1348165752),(182,476,1348166035),(182,477,1348165280),(182,478,1348165380),(182,479,1348165415),(182,483,1348165974),(182,484,1348166014),(182,485,1348165738),(182,486,1348165759),(182,487,1348165772),(182,488,1348165877),(182,497,1348165455),(182,567,1348165082),(182,610,1348780322),(182,790,1348163921),(182,792,1348164837),(185,536,1349062402),(185,592,1346964172),(185,679,1349062577),(185,1153,1349062563),(186,76,1348017337),(186,86,1348239505),(186,87,1348869502),(186,166,1348020018),(186,210,1348694678),(186,252,1349032799),(186,255,1347404663),(186,256,1347763110),(186,257,1349061718),(186,259,1348017377),(186,261,1347763220),(186,398,1348000963),(186,399,1349037705),(186,413,1348921529),(186,433,1348921803),(186,477,1349037659),(186,478,1349037665),(186,479,1348018020),(186,481,1348018037),(186,489,1348000966),(186,491,1348449674),(186,492,1348449701),(186,495,1348449665),(186,497,1349037700),(186,499,1348018042),(186,536,1348102446),(186,548,1349046629),(186,567,1348694880),(186,577,1348413730),(186,586,1347762997),(186,592,1348449512),(186,609,1348531489),(186,610,1347908009),(186,621,1348019872),(186,657,1348020865),(186,667,1348018313),(186,679,1348355688),(186,684,1347899492),(186,686,1347898538),(186,688,1348496893),(186,689,1348501533),(186,706,1348000993),(186,718,1348531562),(186,737,1349033641),(186,843,1348449311),(186,889,1348449218),(186,901,1348530853),(186,1174,1349037673),(187,257,1347474202),(187,259,1347546801),(187,491,1347485891),(187,492,1347485898),(187,495,1347485885),(216,76,1347646564),(216,87,1347071175),(216,166,1347735466),(216,210,1347372518),(216,251,1347646750),(216,252,1348186332),(216,254,1347646720),(216,257,1348074558),(216,259,1347647829),(216,398,1347311773),(216,399,1347374853),(216,413,1347308581),(216,462,1347389470),(216,477,1347483984),(216,478,1347312129),(216,489,1347483979),(216,491,1348086126),(216,492,1348086135),(216,495,1348086037),(216,567,1347372517),(216,577,1347288985),(216,586,1347830594),(216,592,1347737538),(216,609,1347288983),(216,610,1348004570),(216,657,1347817243),(216,661,1348507533),(220,76,1348072197),(220,166,1347981703),(220,257,1347975232),(220,413,1347026084),(220,592,1348865817),(220,610,1348780366),(220,711,1347975000),(221,257,1348842840),(221,737,1348843225),(221,1220,1349066405),(221,1528,1349066276),(230,76,1348187711),(231,661,1347540338),(235,495,1348691609),(238,166,1348162698),(238,210,1348060513),(238,257,1348167884),(238,413,1348156141),(238,433,1348156177),(238,462,1348156328),(238,495,1348691726),(238,536,1348060500),(238,567,1348607751),(238,594,1348167966),(238,609,1348162890),(238,610,1348068755),(238,621,1348156168),(238,667,1348156224),(238,675,1348062601),(238,693,1347915838),(238,705,1347909648),(238,706,1347909665),(238,711,1347909850),(238,737,1348585946),(238,747,1348062921),(238,790,1348696381),(238,792,1348709058),(238,843,1348174211),(238,846,1348235306),(238,863,1348235439),(238,877,1348259587),(238,952,1348586717),(238,1109,1348765558),(239,251,1348893690),(239,567,1348452988),(240,257,1348000669),(243,166,1348174721),(243,257,1348173450),(243,536,1348173326),(244,166,1348171836),(244,259,1348166995),(244,819,1348166467),(245,398,1348243829),(245,490,1348243837),(245,495,1348243842),(249,657,1348416875),(250,592,1348494466),(275,210,1348779300),(275,567,1348779200),(275,737,1348779160),(276,257,1348774585),(281,257,1348853444),(283,251,1348856195),(284,256,1348857761),(284,1220,1348858064),(285,621,1348863727),(285,718,1348863843),(294,1153,1348970077),(305,621,1349042192),(305,661,1349042840),(305,689,1349041946),(305,1413,1349043032),(330,413,1349062650),(330,536,1349062935),(330,548,1349062816),(330,567,1349063106),(330,609,1349062680),(330,621,1349062791),(330,706,1349063197),(330,819,1349062767),(330,843,1349062724),(330,863,1349063149),(330,1104,1349062978),(330,1485,1349063002),(332,718,1349063175),(333,610,1349064867),(336,76,1349195537),(336,210,1349195369),(336,252,1349195292),(336,254,1349210098),(336,259,1349196167),(336,413,1349210073),(336,433,1349194833),(336,577,1349195500),(336,657,1349196152),(336,688,1349210158),(336,737,1349195546),(336,792,1349193774);
commit;

--
-- Table structure for table `image_effects`
--

CREATE TABLE `image_effects` (
  `ieid` int(10) unsigned NOT NULL AUTO_INCREMENT COMMENT 'The primary identifier for an image effect.',
  `isid` int(10) unsigned NOT NULL DEFAULT '0' COMMENT 'The image_styles.isid for an image style.',
  `weight` int(11) NOT NULL DEFAULT '0' COMMENT 'The weight of the effect in the style.',
  `name` varchar(255) NOT NULL COMMENT 'The unique name of the effect to be executed.',
  `data` longblob NOT NULL COMMENT 'The configuration data for the effect.',
  PRIMARY KEY (`ieid`),
  KEY `isid` (`isid`),
  KEY `weight` (`weight`)
) ENGINE=InnoDB AUTO_INCREMENT=34 DEFAULT CHARSET=utf8 COMMENT='Stores configuration options for image effects.';

--
-- Dumping data for table `image_effects`
--

set autocommit=0;
INSERT INTO `image_effects` VALUES (1,1,1,'image_scale_and_crop','a:2:{s:5:\"width\";s:3:\"126\";s:6:\"height\";s:2:\"94\";}'),(2,2,1,'image_scale_and_crop','a:2:{s:5:\"width\";s:2:\"50\";s:6:\"height\";s:2:\"50\";}'),(4,3,1,'image_scale_and_crop','a:2:{s:5:\"width\";s:3:\"450\";s:6:\"height\";s:3:\"300\";}'),(5,4,1,'image_scale_and_crop','a:2:{s:5:\"width\";s:3:\"300\";s:6:\"height\";s:3:\"150\";}'),(6,5,1,'image_scale_and_crop','a:2:{s:5:\"width\";s:3:\"150\";s:6:\"height\";s:3:\"125\";}'),(7,6,1,'image_scale','a:3:{s:5:\"width\";s:3:\"142\";s:6:\"height\";s:0:\"\";s:7:\"upscale\";i:0;}'),(8,6,2,'image_crop','a:3:{s:5:\"width\";s:3:\"142\";s:6:\"height\";s:3:\"106\";s:6:\"anchor\";s:13:\"center-center\";}'),(9,7,1,'image_scale','a:3:{s:5:\"width\";s:3:\"300\";s:6:\"height\";s:3:\"200\";s:7:\"upscale\";i:0;}'),(10,8,1,'image_scale','a:3:{s:5:\"width\";s:3:\"640\";s:6:\"height\";s:3:\"360\";s:7:\"upscale\";i:0;}'),(11,9,1,'image_scale','a:3:{s:5:\"width\";s:3:\"105\";s:6:\"height\";s:0:\"\";s:7:\"upscale\";i:0;}'),(16,9,2,'image_crop','a:3:{s:5:\"width\";s:3:\"105\";s:6:\"height\";s:2:\"79\";s:6:\"anchor\";s:13:\"center-center\";}'),(17,12,1,'image_scale_and_crop','a:2:{s:5:\"width\";s:3:\"292\";s:6:\"height\";s:3:\"217\";}'),(18,13,1,'image_scale_and_crop','a:2:{s:5:\"width\";s:3:\"454\";s:6:\"height\";s:3:\"340\";}'),(19,14,1,'image_scale_and_crop','a:2:{s:5:\"width\";s:3:\"300\";s:6:\"height\";s:3:\"220\";}'),(20,15,1,'image_scale_and_crop','a:2:{s:5:\"width\";s:3:\"210\";s:6:\"height\";s:3:\"160\";}'),(21,16,1,'image_scale_and_crop','a:2:{s:5:\"width\";s:3:\"210\";s:6:\"height\";s:3:\"160\";}'),(22,17,1,'image_scale_and_crop','a:2:{s:5:\"width\";s:2:\"40\";s:6:\"height\";s:2:\"40\";}'),(24,18,1,'image_scale_and_crop','a:2:{s:5:\"width\";s:3:\"200\";s:6:\"height\";s:3:\"140\";}'),(25,19,1,'image_scale','a:3:{s:5:\"width\";s:3:\"210\";s:6:\"height\";s:0:\"\";s:7:\"upscale\";i:0;}'),(26,20,1,'image_scale_and_crop','a:2:{s:5:\"width\";s:2:\"63\";s:6:\"height\";s:2:\"48\";}'),(27,21,1,'image_scale_and_crop','a:2:{s:5:\"width\";s:3:\"454\";s:6:\"height\";s:3:\"340\";}'),(28,22,1,'image_scale_and_crop','a:2:{s:5:\"width\";s:3:\"232\";s:6:\"height\";s:3:\"180\";}'),(29,23,1,'image_scale_and_crop','a:2:{s:5:\"width\";s:3:\"232\";s:6:\"height\";s:2:\"79\";}'),(31,25,1,'image_scale','a:3:{s:5:\"width\";s:3:\"722\";s:6:\"height\";s:3:\"545\";s:7:\"upscale\";i:1;}'),(32,26,1,'image_scale','a:3:{s:5:\"width\";s:2:\"40\";s:6:\"height\";s:2:\"40\";s:7:\"upscale\";i:0;}'),(33,27,1,'image_scale','a:3:{s:5:\"width\";s:3:\"170\";s:6:\"height\";s:0:\"\";s:7:\"upscale\";i:0;}');
commit;

--
-- Table structure for table `image_styles`
--

CREATE TABLE `image_styles` (
  `isid` int(10) unsigned NOT NULL AUTO_INCREMENT COMMENT 'The primary identifier for an image style.',
  `name` varchar(255) NOT NULL COMMENT 'The style name.',
  PRIMARY KEY (`isid`),
  UNIQUE KEY `name` (`name`)
) ENGINE=InnoDB AUTO_INCREMENT=28 DEFAULT CHARSET=utf8 COMMENT='Stores configuration options for image styles.';

--
-- Dumping data for table `image_styles`
--

set autocommit=0;
INSERT INTO `image_styles` VALUES (23,'featured_project_rectangle'),(22,'featured_project_square'),(27,'partnerlogo_170x'),(19,'partnerlogo_210x'),(7,'partnerlogo_300x200'),(8,'partner_image_banner_640x360'),(26,'profile_40x40'),(21,'projectmain'),(5,'project_150x125'),(16,'project_210x160'),(12,'project_292x217'),(4,'project_300x150'),(14,'project_300x220'),(3,'project_450x300'),(25,'project_722x545'),(13,'project_slider'),(9,'small_square'),(18,'team_200x140'),(15,'team_210x160'),(6,'team_featured'),(1,'team_thumb'),(2,'tinysquare'),(17,'tinysquare_40x40'),(20,'tinysquare_63x48');
commit;

--
-- Table structure for table `invite`
--

CREATE TABLE `invite` (
  `iid` int(10) unsigned NOT NULL AUTO_INCREMENT COMMENT 'The primary identifier for a invite.',
  `reg_code` varchar(8) NOT NULL DEFAULT '' COMMENT 'Stores the issued registration code and acts as primary identifier for a invite.',
  `email` varchar(100) NOT NULL DEFAULT '' COMMENT 'Stores the e-mail the invite has been addressed to.',
  `uid` int(11) NOT NULL DEFAULT '0' COMMENT 'Stores the user id of the inviter.',
  `invitee` int(11) NOT NULL DEFAULT '0' COMMENT 'Stores the user id of the invitee upon registration.',
  `created` int(11) NOT NULL DEFAULT '0' COMMENT 'Stores the creation time of the invite.',
  `expiry` int(11) NOT NULL DEFAULT '0' COMMENT 'Stores the expiry time of the invite.',
  `joined` int(11) NOT NULL DEFAULT '0' COMMENT 'Will be filled with the time the invite was accepted upon registration.',
  `canceled` tinyint(4) NOT NULL DEFAULT '0' COMMENT 'Stores whether the invite has been withdrawn.',
  `resent` tinyint(4) NOT NULL DEFAULT '0' COMMENT 'Stores how many times the invite has been resent.',
  `data` text NOT NULL COMMENT 'Stores auxiliary data.',
  PRIMARY KEY (`iid`),
  UNIQUE KEY `reg_code` (`reg_code`),
  KEY `email` (`email`),
  KEY `uid` (`uid`)
) ENGINE=InnoDB AUTO_INCREMENT=129 DEFAULT CHARSET=utf8 COMMENT='The base table for invites.';

--
-- Dumping data for table `invite`
--

set autocommit=0;
INSERT INTO `invite` VALUES (1,'sm2UU5nj','asdasd@adsad.com',1,0,1341373080,1346557080,0,0,0,'a:3:{s:7:\"subject\";s:29:\"admin has sent you an invite!\";s:7:\"message\";s:1251:\"Hello,\r\n\r\nadmin invites you to join a team on Deliver Platform, the fundraising tool that believes … Nunc laoreet leo sit amet erat accumsan vulputate. Aenean accumsan, nunc eu semper lobortis, augue libero suscipit felis, eu luctus leo nibh at nisl. Integer blandit, ante nec interdum vulputate, lorem eros scelerisque ante, rhoncus faucibus ipsum mi id lectus. Nullam sodales laoreet adipiscing. Lorem ipsum dolor sit amet, consectetur adipiscing elit.\r\n\r\nTake a look at the team admin set up:\r\nhttp://dev.deliver-platform.gotpantheon.com/team/team-new\r\n\r\nadmin suggests you check out these current projects\n\nhttp://dev.deliver-platform.gotpantheon.com/project/building-school-library \n\nhttp://dev.deliver-platform.gotpantheon.com/project/mg-tester-active-project-5 \n\nhttp://dev.deliver-platform.gotpantheon.com/project/one-more-time \n\n\r\n\r\nadmin also sent you this message:\n\nTest Message\r\n\r\n\r\n\r\nThis e-mail was sent on behalf of admin. If you choose not to sign up, we won\'t be sending you any more e-mails, unless admin asks us to. Rhoncus faucibus ipsum mi id lectus. Nullam sodales laoreet adipiscing. Lorem ipsum dolor sit amet, \r\n\r\nYou can join their team through this link:\r\nhttp://dev.deliver-platform.gotpantheon.com/invite/accept/sm2UU5nj\";s:14:\"organic_groups\";a:1:{i:0;s:8:\"node|116\";}}'),(2,'xcTi9F2h','dwikoff+1@mindgrub.com',1,94,1341373127,1346557127,1341373189,0,0,'a:3:{s:7:\"subject\";s:29:\"admin has sent you an invite!\";s:7:\"message\";s:1481:\"Hello,\r\n\r\nadmin invites you to join a team on Deliver Platform, the fundraising tool that believes … Nunc laoreet leo sit amet erat accumsan vulputate. Aenean accumsan, nunc eu semper lobortis, augue libero suscipit felis, eu luctus leo nibh at nisl. Integer blandit, ante nec interdum vulputate, lorem eros scelerisque ante, rhoncus faucibus ipsum mi id lectus. Nullam sodales laoreet adipiscing. Lorem ipsum dolor sit amet, consectetur adipiscing elit.\r\n\r\nTake a look at the team admin set up:\r\nhttp://dev.deliver-platform.gotpantheon.com/team/team-new\r\n\r\nadmin suggests you check out these current projects\n\nhttp://dev.deliver-platform.gotpantheon.com/project/building-school-library \n\nhttp://dev.deliver-platform.gotpantheon.com/project/mg-tester-active-project-4 \n\nhttp://dev.deliver-platform.gotpantheon.com/project/mg-tester-active-project-5 \n\nhttp://dev.deliver-platform.gotpantheon.com/project/motorcycles-moms \n\nhttp://dev.deliver-platform.gotpantheon.com/project/one-more-time \n\nhttp://dev.deliver-platform.gotpantheon.com/project/patest4s-second-project \n\n\r\n\r\nadmin also sent you this message:\n\nTest Message\r\n\r\n\r\n\r\nThis e-mail was sent on behalf of admin. If you choose not to sign up, we won\'t be sending you any more e-mails, unless admin asks us to. Rhoncus faucibus ipsum mi id lectus. Nullam sodales laoreet adipiscing. Lorem ipsum dolor sit amet, \r\n\r\nYou can join their team through this link:\r\nhttp://dev.deliver-platform.gotpantheon.com/invite/accept/xcTi9F2h\";s:14:\"organic_groups\";a:1:{i:0;s:8:\"node|116\";}}'),(3,'iBiqeVNn','mkessler@womendeliver.org',44,0,1341505425,1346689425,0,0,0,'a:3:{s:7:\"subject\";s:48:\"july_3_drop_team_manager has sent you an invite!\";s:7:\"message\";s:1296:\"Hello,\r\n\r\njuly_3_drop_team_manager invites you to join a team on Deliver Platform, the fundraising tool that believes … Nunc laoreet leo sit amet erat accumsan vulputate. Aenean accumsan, nunc eu semper lobortis, augue libero suscipit felis, eu luctus leo nibh at nisl. Integer blandit, ante nec interdum vulputate, lorem eros scelerisque ante, rhoncus faucibus ipsum mi id lectus. Nullam sodales laoreet adipiscing. Lorem ipsum dolor sit amet, consectetur adipiscing elit.\r\n\r\nTake a look at the team july_3_drop_team_manager set up:\r\nhttp://dev.deliver-platform.gotpantheon.com/team/july-3-drop-test-team\r\n\r\njuly_3_drop_team_manager suggests you check out these current projects\n\nhttp://dev.deliver-platform.gotpantheon.com/project/building-school-library \n\nhttp://dev.deliver-platform.gotpantheon.com/project/computer-skills-training \n\n\r\n\r\njuly_3_drop_team_manager also sent you this message:\n\n\r\n\r\n\r\n\r\nThis e-mail was sent on behalf of july_3_drop_team_manager. If you choose not to sign up, we won\'t be sending you any more e-mails, unless july_3_drop_team_manager asks us to. Rhoncus faucibus ipsum mi id lectus. Nullam sodales laoreet adipiscing. Lorem ipsum dolor sit amet, \r\n\r\nYou can join their team through this link:\r\nhttp://dev.deliver-platform.gotpantheon.com/invite/accept/iBiqeVNn\";s:14:\"organic_groups\";a:1:{i:0;s:8:\"node|166\";}}'),(4,'SvMP8KiM','ataxiagallery@gmail.com',1,0,1341506025,1346690025,0,0,0,'a:3:{s:7:\"subject\";s:29:\"admin has sent you an invite!\";s:7:\"message\";s:1201:\"Hello,\r\n\r\nadmin invites you to join a team on Deliver Platform, the fundraising tool that believes … Nunc laoreet leo sit amet erat accumsan vulputate. Aenean accumsan, nunc eu semper lobortis, augue libero suscipit felis, eu luctus leo nibh at nisl. Integer blandit, ante nec interdum vulputate, lorem eros scelerisque ante, rhoncus faucibus ipsum mi id lectus. Nullam sodales laoreet adipiscing. Lorem ipsum dolor sit amet, consectetur adipiscing elit.\r\n\r\nTake a look at the team admin set up:\r\nhttp://dev.deliver-platform.gotpantheon.com/team/team-new\r\n\r\nadmin suggests you check out these current projects\n\nhttp://dev.deliver-platform.gotpantheon.com/project/computer-skills-training \n\nhttp://dev.deliver-platform.gotpantheon.com/project/mg-tester-active-project-4 \n\n\r\n\r\nadmin also sent you this message:\n\nthis is a message, all right!\r\n\r\n\r\n\r\nThis e-mail was sent on behalf of admin. If you choose not to sign up, we won\'t be sending you any more e-mails, unless admin asks us to. Rhoncus faucibus ipsum mi id lectus. Nullam sodales laoreet adipiscing. Lorem ipsum dolor sit amet, \r\n\r\nYou can join their team through this link:\r\nhttp://dev.deliver-platform.gotpantheon.com/invite/accept/SvMP8KiM\";s:14:\"organic_groups\";a:1:{i:0;s:8:\"node|116\";}}'),(5,'3788iMWE','junglesbee+donortesting@mindgrub.com',96,0,1342015383,1347383963,0,1,2,'a:3:{s:7:\"subject\";s:34:\"junglesbee has sent you an invite!\";s:7:\"message\";s:1289:\"Hello,\r\n\r\njunglesbee invites you to join a team on Deliver Platform, the fundraising tool that believes … Nunc laoreet leo sit amet erat accumsan vulputate. Aenean accumsan, nunc eu semper lobortis, augue libero suscipit felis, eu luctus leo nibh at nisl. Integer blandit, ante nec interdum vulputate, lorem eros scelerisque ante, rhoncus faucibus ipsum mi id lectus. Nullam sodales laoreet adipiscing. Lorem ipsum dolor sit amet, consectetur adipiscing elit.\r\n\r\nTake a look at the team junglesbee set up:\r\nhttp://dev.deliver-platform.gotpantheon.com/team/mg-qa-test\r\n\r\njunglesbee suggests you check out these current projects\n\nhttp://dev.deliver-platform.gotpantheon.com/project/building-school-library \n\nhttp://dev.deliver-platform.gotpantheon.com/project/computer-skills-training \n\n\r\n\r\njunglesbee also sent you this message:\n\nHi i would like to invite you to join my team and start making a difference in the world\r\n\r\n\r\n\r\nThis e-mail was sent on behalf of junglesbee. If you choose not to sign up, we won\'t be sending you any more e-mails, unless junglesbee asks us to. Rhoncus faucibus ipsum mi id lectus. Nullam sodales laoreet adipiscing. Lorem ipsum dolor sit amet, \r\n\r\nYou can join their team through this link:\r\nhttp://dev.deliver-platform.gotpantheon.com/invite/accept/3788iMWE\";s:14:\"organic_groups\";a:1:{i:0;s:8:\"node|179\";}}'),(6,'Qg7WV7gf','mforr+team_membrership@mindgrub.com',44,0,1342021795,1347205795,0,0,0,'a:3:{s:7:\"subject\";s:48:\"july_3_drop_team_manager has sent you an invite!\";s:7:\"message\";s:1313:\"Hello,\r\n\r\njuly_3_drop_team_manager invites you to join a team on Deliver Platform, the fundraising tool that believes … Nunc laoreet leo sit amet erat accumsan vulputate. Aenean accumsan, nunc eu semper lobortis, augue libero suscipit felis, eu luctus leo nibh at nisl. Integer blandit, ante nec interdum vulputate, lorem eros scelerisque ante, rhoncus faucibus ipsum mi id lectus. Nullam sodales laoreet adipiscing. Lorem ipsum dolor sit amet, consectetur adipiscing elit.\r\n\r\nTake a look at the team july_3_drop_team_manager set up:\r\nhttp://dev.deliver-platform.gotpantheon.com/team/matthew-forrs-team\r\n\r\njuly_3_drop_team_manager suggests you check out these current projects\n\nhttp://dev.deliver-platform.gotpantheon.com/project/june-29-test-project \n\nhttp://dev.deliver-platform.gotpantheon.com/project/mg-tester-active-project-2 \n\n\r\n\r\njuly_3_drop_team_manager also sent you this message:\n\nPlease join out team!\r\n\r\n\r\n\r\nThis e-mail was sent on behalf of july_3_drop_team_manager. If you choose not to sign up, we won\'t be sending you any more e-mails, unless july_3_drop_team_manager asks us to. Rhoncus faucibus ipsum mi id lectus. Nullam sodales laoreet adipiscing. Lorem ipsum dolor sit amet, \r\n\r\nYou can join their team through this link:\r\nhttp://dev.deliver-platform.gotpantheon.com/invite/accept/Qg7WV7gf\";s:14:\"organic_groups\";a:1:{i:0;s:8:\"node|191\";}}'),(7,'rewvgph8','junglesbee+invite@mindgrub.com',16,0,1342027432,1347211432,0,0,0,'a:3:{s:7:\"subject\";s:33:\"MG_Tester has sent you an invite!\";s:7:\"message\";s:1000:\"Hello,\r\n\r\nMG_Tester invites you to join a team on Deliver Platform, the fundraising tool that believes … Nunc laoreet leo sit amet erat accumsan vulputate. Aenean accumsan, nunc eu semper lobortis, augue libero suscipit felis, eu luctus leo nibh at nisl. Integer blandit, ante nec interdum vulputate, lorem eros scelerisque ante, rhoncus faucibus ipsum mi id lectus. Nullam sodales laoreet adipiscing. Lorem ipsum dolor sit amet, consectetur adipiscing elit.\r\n\r\nTake a look at the team MG_Tester set up:\r\nhttp://dev.deliver-platform.gotpantheon.com/team/test-team-1\r\n\r\n[deliver:projects]\r\n\r\nMG_Tester also sent you this message:\n\n\r\n\r\n\r\n\r\nThis e-mail was sent on behalf of MG_Tester. If you choose not to sign up, we won\'t be sending you any more e-mails, unless MG_Tester asks us to. Rhoncus faucibus ipsum mi id lectus. Nullam sodales laoreet adipiscing. Lorem ipsum dolor sit amet, \r\n\r\nYou can join their team through this link:\r\nhttp://dev.deliver-platform.gotpantheon.com/invite/accept/rewvgph8\";s:14:\"organic_groups\";a:1:{i:0;s:8:\"node|141\";}}'),(8,'p6pcjuw5','junglesbee+private@mindgrub.com',96,0,1342121006,1347305006,0,1,0,'a:3:{s:7:\"subject\";s:34:\"junglesbee has sent you an invite!\";s:7:\"message\";s:1132:\"Hello,\r\n\r\njunglesbee invites you to join a team on Deliver Platform, the fundraising tool that believes … Nunc laoreet leo sit amet erat accumsan vulputate. Aenean accumsan, nunc eu semper lobortis, augue libero suscipit felis, eu luctus leo nibh at nisl. Integer blandit, ante nec interdum vulputate, lorem eros scelerisque ante, rhoncus faucibus ipsum mi id lectus. Nullam sodales laoreet adipiscing. Lorem ipsum dolor sit amet, consectetur adipiscing elit.\r\n\r\nTake a look at the team junglesbee set up:\r\nhttp://dev.deliver-platform.gotpantheon.com/team/mgqa-private\r\n\r\njunglesbee suggests you check out these current projects\n\nhttp://dev.deliver-platform.gotpantheon.com/project/testing \n\n\r\n\r\njunglesbee also sent you this message:\n\nthis is a private invite\r\n\r\n\r\n\r\nThis e-mail was sent on behalf of junglesbee. If you choose not to sign up, we won\'t be sending you any more e-mails, unless junglesbee asks us to. Rhoncus faucibus ipsum mi id lectus. Nullam sodales laoreet adipiscing. Lorem ipsum dolor sit amet, \r\n\r\nYou can join their team through this link:\r\nhttp://dev.deliver-platform.gotpantheon.com/invite/accept/p6pcjuw5\";s:14:\"organic_groups\";a:1:{i:0;s:8:\"node|188\";}}'),(9,'bWoGGCSo','junglesbee+test@mindgrub.com',96,0,1342126444,1347390890,0,0,2,'a:3:{s:7:\"subject\";s:34:\"junglesbee has sent you an invite!\";s:7:\"message\";s:1004:\"Hello,\r\n\r\njunglesbee invites you to join a team on Deliver Platform, the fundraising tool that believes … Nunc laoreet leo sit amet erat accumsan vulputate. Aenean accumsan, nunc eu semper lobortis, augue libero suscipit felis, eu luctus leo nibh at nisl. Integer blandit, ante nec interdum vulputate, lorem eros scelerisque ante, rhoncus faucibus ipsum mi id lectus. Nullam sodales laoreet adipiscing. Lorem ipsum dolor sit amet, consectetur adipiscing elit.\r\n\r\nTake a look at the team junglesbee set up:\r\nhttp://dev.deliver-platform.gotpantheon.com/team/mg-qa-test\r\n\r\n[deliver:projects]\r\n\r\njunglesbee also sent you this message:\n\n\r\n\r\n\r\n\r\nThis e-mail was sent on behalf of junglesbee. If you choose not to sign up, we won\'t be sending you any more e-mails, unless junglesbee asks us to. Rhoncus faucibus ipsum mi id lectus. Nullam sodales laoreet adipiscing. Lorem ipsum dolor sit amet, \r\n\r\nYou can join their team through this link:\r\nhttp://dev.deliver-platform.gotpantheon.com/invite/accept/bWoGGCSo\";s:14:\"organic_groups\";a:1:{i:0;s:8:\"node|179\";}}'),(10,'o7HmUeTK','junglesbee+qatest@mindgrub.com',96,0,1342186414,1347390860,0,0,4,'a:2:{s:7:\"subject\";s:34:\"junglesbee has sent you an invite!\";s:7:\"message\";s:1002:\"Hello,\r\n\r\njunglesbee invites you to join a team on Deliver Platform, the fundraising tool that believes … Nunc laoreet leo sit amet erat accumsan vulputate. Aenean accumsan, nunc eu semper lobortis, augue libero suscipit felis, eu luctus leo nibh at nisl. Integer blandit, ante nec interdum vulputate, lorem eros scelerisque ante, rhoncus faucibus ipsum mi id lectus. Nullam sodales laoreet adipiscing. Lorem ipsum dolor sit amet, consectetur adipiscing elit.\r\n\r\nTake a look at the team junglesbee set up:\r\nhttp://dev.deliver-platform.gotpantheon.com/team/july-3rd\r\n\r\n[deliver:projects]\r\n\r\njunglesbee also sent you this message:\n\n\r\n\r\n\r\n\r\nThis e-mail was sent on behalf of junglesbee. If you choose not to sign up, we won\'t be sending you any more e-mails, unless junglesbee asks us to. Rhoncus faucibus ipsum mi id lectus. Nullam sodales laoreet adipiscing. Lorem ipsum dolor sit amet, \r\n\r\nYou can join their team through this link:\r\nhttp://dev.deliver-platform.gotpantheon.com/invite/accept/o7HmUeTK\";}'),(12,'z27Au4Z4','junglesbee+donortesting@mindgrub.com',96,0,1342200406,1347384406,0,1,0,'a:3:{s:7:\"subject\";s:34:\"junglesbee has sent you an invite!\";s:7:\"message\";s:1004:\"Hello,\r\n\r\njunglesbee invites you to join a team on Deliver Platform, the fundraising tool that believes … Nunc laoreet leo sit amet erat accumsan vulputate. Aenean accumsan, nunc eu semper lobortis, augue libero suscipit felis, eu luctus leo nibh at nisl. Integer blandit, ante nec interdum vulputate, lorem eros scelerisque ante, rhoncus faucibus ipsum mi id lectus. Nullam sodales laoreet adipiscing. Lorem ipsum dolor sit amet, consectetur adipiscing elit.\r\n\r\nTake a look at the team junglesbee set up:\r\nhttp://dev.deliver-platform.gotpantheon.com/team/mg-qa-test\r\n\r\n[deliver:projects]\r\n\r\njunglesbee also sent you this message:\n\n\r\n\r\n\r\n\r\nThis e-mail was sent on behalf of junglesbee. If you choose not to sign up, we won\'t be sending you any more e-mails, unless junglesbee asks us to. Rhoncus faucibus ipsum mi id lectus. Nullam sodales laoreet adipiscing. Lorem ipsum dolor sit amet, \r\n\r\nYou can join their team through this link:\r\nhttp://dev.deliver-platform.gotpantheon.com/invite/accept/z27Au4Z4\";s:14:\"organic_groups\";a:1:{i:0;s:8:\"node|179\";}}'),(14,'DnsP97Xq','mgqa_tester+test@yahoo.com',16,0,1342206554,1347390554,0,0,0,'a:2:{s:7:\"subject\";s:33:\"MG_Tester has sent you an invite!\";s:7:\"message\";s:999:\"Hello,\r\n\r\nMG_Tester invites you to join a team on Deliver Platform, the fundraising tool that believes … Nunc laoreet leo sit amet erat accumsan vulputate. Aenean accumsan, nunc eu semper lobortis, augue libero suscipit felis, eu luctus leo nibh at nisl. Integer blandit, ante nec interdum vulputate, lorem eros scelerisque ante, rhoncus faucibus ipsum mi id lectus. Nullam sodales laoreet adipiscing. Lorem ipsum dolor sit amet, consectetur adipiscing elit.\r\n\r\nTake a look at the team MG_Tester set up:\r\nhttp://dev.deliver-platform.gotpantheon.com/team/mg-qa-test\r\n\r\n[deliver:projects]\r\n\r\nMG_Tester also sent you this message:\n\n\r\n\r\n\r\n\r\nThis e-mail was sent on behalf of MG_Tester. If you choose not to sign up, we won\'t be sending you any more e-mails, unless MG_Tester asks us to. Rhoncus faucibus ipsum mi id lectus. Nullam sodales laoreet adipiscing. Lorem ipsum dolor sit amet, \r\n\r\nYou can join their team through this link:\r\nhttp://dev.deliver-platform.gotpantheon.com/invite/accept/DnsP97Xq\";}'),(15,'cVa3WT5o','junglesbee@gmail.com',16,0,1342206643,1347390643,0,0,0,'a:2:{s:7:\"subject\";s:33:\"MG_Tester has sent you an invite!\";s:7:\"message\";s:999:\"Hello,\r\n\r\nMG_Tester invites you to join a team on Deliver Platform, the fundraising tool that believes … Nunc laoreet leo sit amet erat accumsan vulputate. Aenean accumsan, nunc eu semper lobortis, augue libero suscipit felis, eu luctus leo nibh at nisl. Integer blandit, ante nec interdum vulputate, lorem eros scelerisque ante, rhoncus faucibus ipsum mi id lectus. Nullam sodales laoreet adipiscing. Lorem ipsum dolor sit amet, consectetur adipiscing elit.\r\n\r\nTake a look at the team MG_Tester set up:\r\nhttp://dev.deliver-platform.gotpantheon.com/team/mg-qa-test\r\n\r\n[deliver:projects]\r\n\r\nMG_Tester also sent you this message:\n\n\r\n\r\n\r\n\r\nThis e-mail was sent on behalf of MG_Tester. If you choose not to sign up, we won\'t be sending you any more e-mails, unless MG_Tester asks us to. Rhoncus faucibus ipsum mi id lectus. Nullam sodales laoreet adipiscing. Lorem ipsum dolor sit amet, \r\n\r\nYou can join their team through this link:\r\nhttp://dev.deliver-platform.gotpantheon.com/invite/accept/cVa3WT5o\";}'),(16,'B4MSsVXB','fdwalkhome@hotmail.com',96,213,1342207438,1347391438,1346449077,0,0,'a:3:{s:7:\"subject\";s:34:\"junglesbee has sent you an invite!\";s:7:\"message\";s:1005:\"Hello,\r\n\r\njunglesbee invites you to join a team on Deliver Platform, the fundraising tool that believes … Nunc laoreet leo sit amet erat accumsan vulputate. Aenean accumsan, nunc eu semper lobortis, augue libero suscipit felis, eu luctus leo nibh at nisl. Integer blandit, ante nec interdum vulputate, lorem eros scelerisque ante, rhoncus faucibus ipsum mi id lectus. Nullam sodales laoreet adipiscing. Lorem ipsum dolor sit amet, consectetur adipiscing elit.\r\n\r\nTake a look at the team junglesbee set up:\r\nhttp://dev.deliver-platform.gotpantheon.com/team/mg-qa-video\r\n\r\n[deliver:projects]\r\n\r\njunglesbee also sent you this message:\n\n\r\n\r\n\r\n\r\nThis e-mail was sent on behalf of junglesbee. If you choose not to sign up, we won\'t be sending you any more e-mails, unless junglesbee asks us to. Rhoncus faucibus ipsum mi id lectus. Nullam sodales laoreet adipiscing. Lorem ipsum dolor sit amet, \r\n\r\nYou can join their team through this link:\r\nhttp://dev.deliver-platform.gotpantheon.com/invite/accept/B4MSsVXB\";s:14:\"organic_groups\";a:1:{i:0;s:8:\"node|186\";}}'),(19,'f8W6h4pQ','aaa@lgcarmona.com',81,0,1342295461,1347479461,0,0,0,'a:3:{s:7:\"subject\";s:29:\"Grace has sent you an invite!\";s:7:\"message\";s:1092:\"Hello,\r\n\r\nGrace invites you to join a team on Deliver Platform, the fundraising tool that believes … Nunc laoreet leo sit amet erat accumsan vulputate. Aenean accumsan, nunc eu semper lobortis, augue libero suscipit felis, eu luctus leo nibh at nisl. Integer blandit, ante nec interdum vulputate, lorem eros scelerisque ante, rhoncus faucibus ipsum mi id lectus. Nullam sodales laoreet adipiscing. Lorem ipsum dolor sit amet, consectetur adipiscing elit.\r\n\r\nTake a look at the team Grace set up:\r\nhttp://dev.deliver-platform.gotpantheon.com/team/aaa\r\n\r\nGrace suggests you check out these current projects\n\nhttp://dev.deliver-platform.gotpantheon.com/project/building-school-library \n\n\r\n\r\nGrace also sent you this message:\n\ntesting\r\n\r\n\r\n\r\nThis e-mail was sent on behalf of Grace. If you choose not to sign up, we won\'t be sending you any more e-mails, unless Grace asks us to. Rhoncus faucibus ipsum mi id lectus. Nullam sodales laoreet adipiscing. Lorem ipsum dolor sit amet, \r\n\r\nYou can join their team through this link:\r\nhttp://dev.deliver-platform.gotpantheon.com/invite/accept/f8W6h4pQ\";s:14:\"organic_groups\";a:1:{i:0;s:8:\"node|215\";}}'),(20,'KvXBMeCm','hello@lgcarmona.com',1,0,1342364992,1347548992,0,0,0,'a:3:{s:7:\"subject\";s:29:\"admin has sent you an invite!\";s:7:\"message\";s:1101:\"Hello,\r\n\r\nadmin invites you to join a team on Deliver Platform, the fundraising tool that believes … Nunc laoreet leo sit amet erat accumsan vulputate. Aenean accumsan, nunc eu semper lobortis, augue libero suscipit felis, eu luctus leo nibh at nisl. Integer blandit, ante nec interdum vulputate, lorem eros scelerisque ante, rhoncus faucibus ipsum mi id lectus. Nullam sodales laoreet adipiscing. Lorem ipsum dolor sit amet, consectetur adipiscing elit.\r\n\r\nTake a look at the team admin set up:\r\nhttp://dev.deliver-platform.gotpantheon.com/team/mgqa-invites\r\n\r\nadmin suggests you check out these current projects\n\nhttp://dev.deliver-platform.gotpantheon.com/project/building-school-library \n\n\r\n\r\nadmin also sent you this message:\n\ntesting\r\n\r\n\r\n\r\nThis e-mail was sent on behalf of admin. If you choose not to sign up, we won\'t be sending you any more e-mails, unless admin asks us to. Rhoncus faucibus ipsum mi id lectus. Nullam sodales laoreet adipiscing. Lorem ipsum dolor sit amet, \r\n\r\nYou can join their team through this link:\r\nhttp://dev.deliver-platform.gotpantheon.com/invite/accept/KvXBMeCm\";s:14:\"organic_groups\";a:1:{i:0;s:8:\"node|187\";}}'),(21,'DF24zanu','team116@lgcarmona.com',1,0,1342365290,1347549290,0,0,0,'a:3:{s:7:\"subject\";s:29:\"admin has sent you an invite!\";s:7:\"message\";s:1090:\"Hello,\r\n\r\nadmin invites you to join a team on Deliver Platform, the fundraising tool that believes … Nunc laoreet leo sit amet erat accumsan vulputate. Aenean accumsan, nunc eu semper lobortis, augue libero suscipit felis, eu luctus leo nibh at nisl. Integer blandit, ante nec interdum vulputate, lorem eros scelerisque ante, rhoncus faucibus ipsum mi id lectus. Nullam sodales laoreet adipiscing. Lorem ipsum dolor sit amet, consectetur adipiscing elit.\r\n\r\nTake a look at the team admin set up:\r\nhttp://dev.deliver-platform.gotpantheon.com/team/team-new\r\n\r\nadmin suggests you check out these current projects\n\nhttp://dev.deliver-platform.gotpantheon.com/project/building-school-library \n\n\r\n\r\nadmin also sent you this message:\n\n\r\n\r\n\r\n\r\nThis e-mail was sent on behalf of admin. If you choose not to sign up, we won\'t be sending you any more e-mails, unless admin asks us to. Rhoncus faucibus ipsum mi id lectus. Nullam sodales laoreet adipiscing. Lorem ipsum dolor sit amet, \r\n\r\nYou can join their team through this link:\r\nhttp://dev.deliver-platform.gotpantheon.com/invite/accept/DF24zanu\";s:14:\"organic_groups\";a:1:{i:0;s:8:\"node|116\";}}'),(22,'bv27PR7y','team116again@lgcarmona.com',1,0,1342367846,1347551846,0,0,0,'a:3:{s:7:\"subject\";s:29:\"admin has sent you an invite!\";s:7:\"message\";s:977:\"Hello,\r\n\r\nadmin invites you to join a team on Deliver Platform, the fundraising tool that believes … Nunc laoreet leo sit amet erat accumsan vulputate. Aenean accumsan, nunc eu semper lobortis, augue libero suscipit felis, eu luctus leo nibh at nisl. Integer blandit, ante nec interdum vulputate, lorem eros scelerisque ante, rhoncus faucibus ipsum mi id lectus. Nullam sodales laoreet adipiscing. Lorem ipsum dolor sit amet, consectetur adipiscing elit.\r\n\r\nTake a look at the team admin set up:\r\nhttp://dev.deliver-platform.gotpantheon.com/team/team-new\r\n\r\n[deliver:projects]\r\n\r\nadmin also sent you this message:\n\n\r\n\r\n\r\n\r\nThis e-mail was sent on behalf of admin. If you choose not to sign up, we won\'t be sending you any more e-mails, unless admin asks us to. Rhoncus faucibus ipsum mi id lectus. Nullam sodales laoreet adipiscing. Lorem ipsum dolor sit amet, \r\n\r\nYou can join their team through this link:\r\nhttp://dev.deliver-platform.gotpantheon.com/invite/accept/bv27PR7y\";s:14:\"organic_groups\";a:1:{i:0;s:8:\"node|116\";}}'),(23,'XpkXU7ZF','invite144@lgcarmona.com',1,0,1342370517,1347554517,0,0,0,'a:3:{s:7:\"subject\";s:29:\"admin has sent you an invite!\";s:7:\"message\";s:992:\"Hello,\r\n\r\nadmin invites you to join a team on Deliver Platform, the fundraising tool that believes … Nunc laoreet leo sit amet erat accumsan vulputate. Aenean accumsan, nunc eu semper lobortis, augue libero suscipit felis, eu luctus leo nibh at nisl. Integer blandit, ante nec interdum vulputate, lorem eros scelerisque ante, rhoncus faucibus ipsum mi id lectus. Nullam sodales laoreet adipiscing. Lorem ipsum dolor sit amet, consectetur adipiscing elit.\r\n\r\nTake a look at the team admin set up:\r\nhttp://dev.deliver-platform.gotpantheon.com/team/test-team-4-private\r\n\r\n[deliver:projects]\r\n\r\nadmin also sent you this message:\n\ntest\r\n\r\n\r\n\r\nThis e-mail was sent on behalf of admin. If you choose not to sign up, we won\'t be sending you any more e-mails, unless admin asks us to. Rhoncus faucibus ipsum mi id lectus. Nullam sodales laoreet adipiscing. Lorem ipsum dolor sit amet, \r\n\r\nYou can join their team through this link:\r\nhttp://dev.deliver-platform.gotpantheon.com/invite/accept/XpkXU7ZF\";s:14:\"organic_groups\";a:1:{i:0;s:8:\"node|144\";}}'),(24,'9trWywh6','invite215@lgcarmona.com',81,0,1342370642,1347554642,0,0,0,'a:3:{s:7:\"subject\";s:29:\"Grace has sent you an invite!\";s:7:\"message\";s:976:\"Hello,\r\n\r\nGrace invites you to join a team on Deliver Platform, the fundraising tool that believes … Nunc laoreet leo sit amet erat accumsan vulputate. Aenean accumsan, nunc eu semper lobortis, augue libero suscipit felis, eu luctus leo nibh at nisl. Integer blandit, ante nec interdum vulputate, lorem eros scelerisque ante, rhoncus faucibus ipsum mi id lectus. Nullam sodales laoreet adipiscing. Lorem ipsum dolor sit amet, consectetur adipiscing elit.\r\n\r\nTake a look at the team Grace set up:\r\nhttp://dev.deliver-platform.gotpantheon.com/team/aaa\r\n\r\n[deliver:projects]\r\n\r\nGrace also sent you this message:\n\ntest\r\n\r\n\r\n\r\nThis e-mail was sent on behalf of Grace. If you choose not to sign up, we won\'t be sending you any more e-mails, unless Grace asks us to. Rhoncus faucibus ipsum mi id lectus. Nullam sodales laoreet adipiscing. Lorem ipsum dolor sit amet, \r\n\r\nYou can join their team through this link:\r\nhttp://dev.deliver-platform.gotpantheon.com/invite/accept/9trWywh6\";s:14:\"organic_groups\";a:1:{i:0;s:8:\"node|215\";}}'),(25,'wEWewh5x','invite215again@lgcarmona.com',81,0,1342374435,1347558435,0,0,0,'a:3:{s:7:\"subject\";s:29:\"Grace has sent you an invite!\";s:7:\"message\";s:1176:\"Hello,\r\n\r\nGrace invites you to join a team on Deliver Platform, the fundraising tool that believes … Nunc laoreet leo sit amet erat accumsan vulputate. Aenean accumsan, nunc eu semper lobortis, augue libero suscipit felis, eu luctus leo nibh at nisl. Integer blandit, ante nec interdum vulputate, lorem eros scelerisque ante, rhoncus faucibus ipsum mi id lectus. Nullam sodales laoreet adipiscing. Lorem ipsum dolor sit amet, consectetur adipiscing elit.\r\n\r\nTake a look at the team Grace set up:\r\nhttp://dev.deliver-platform.gotpantheon.com/team/aaa\r\n\r\nGrace suggests you check out these current projects\n\nhttp://dev.deliver-platform.gotpantheon.com/project/mg-tester-active-project-7 \n\nhttp://dev.deliver-platform.gotpantheon.com/project/motorcycles-moms \n\n\r\n\r\nGrace also sent you this message:\n\ntest message area\r\n\r\n\r\n\r\nThis e-mail was sent on behalf of Grace. If you choose not to sign up, we won\'t be sending you any more e-mails, unless Grace asks us to. Rhoncus faucibus ipsum mi id lectus. Nullam sodales laoreet adipiscing. Lorem ipsum dolor sit amet, \r\n\r\nYou can join their team through this link:\r\nhttp://dev.deliver-platform.gotpantheon.com/invite/accept/wEWewh5x\";s:14:\"organic_groups\";a:1:{i:0;s:8:\"node|215\";}}'),(26,'7ChA2YCr','wcooper@mindgrub.com',96,238,1342458259,1347642259,1347906778,0,0,'a:3:{s:7:\"subject\";s:34:\"junglesbee has sent you an invite!\";s:7:\"message\";s:603:\"Hey, get in the game!\r\n\r\nYour friends are launching change for girls and women. And they want you to, too!\r\n \r\nThey’ve invited you to join http://dev.deliver-platform.gotpantheon.com/team/mg-qa-test on Catapult, a crowdfunding platform for projects improving the lives of girls and women around the world. \r\n\r\nJoin the team now > http://dev.deliver-platform.gotpantheon.com/invite/accept/7ChA2YCr\r\n\r\nAnd see http://dev.deliver-platform.gotpantheon.com/team/mg-qa-test’s projects here > [deliver:projects]\r\n\r\njunglesbee also sent you this message:\n\n\r\n\r\nSee you there,\r\njunglesbee\r\n\r\n[Catapult logo]\r\n\";s:14:\"organic_groups\";a:1:{i:0;s:8:\"node|179\";}}'),(27,'mbmFYdAN','Jmerritt+July16Test@mindgrub.com',16,0,1342463161,1347647161,0,0,0,'a:3:{s:7:\"subject\";s:33:\"MG_Tester has sent you an invite!\";s:7:\"message\";s:899:\"Hey, get in the game!\r\n\r\nYour friends are launching change for girls and women. And they want you to, too!\r\n \r\nThey’ve invited you to join http://dev.deliver-platform.gotpantheon.com/team/july-3rd on Catapult, a crowdfunding platform for projects improving the lives of girls and women around the world. \r\n\r\nJoin the team now > http://dev.deliver-platform.gotpantheon.com/invite/accept/mbmFYdAN\r\n\r\nAnd see http://dev.deliver-platform.gotpantheon.com/team/july-3rd’s projects here > MG_Tester suggests you check out these current projects\n\nhttp://dev.deliver-platform.gotpantheon.com/project/june-29-test-project \n\nhttp://dev.deliver-platform.gotpantheon.com/project/mg-tester-project-14 \n\n\r\n\r\nMG_Tester also sent you this message:\n\nHHHHHEEEELLLLLOOOO!!!!!! This is an email to see if you can actually invite people to a team that you\'ve created.\r\n\r\nSee you there,\r\nMG_Tester\r\n\r\n[Catapult logo]\r\n\";s:14:\"organic_groups\";a:1:{i:0;s:8:\"node|154\";}}'),(28,'Zse3JbiY','teama@lgcarmona.com',1,0,1342473664,1347657664,0,0,0,'a:3:{s:7:\"subject\";s:29:\"admin has sent you an invite!\";s:7:\"message\";s:708:\"Hey, get in the game!\r\n\r\nYour friends are launching change for girls and women. And they want you to, too!\r\n \r\nThey’ve invited you to join http://dev.deliver-platform.gotpantheon.com/team/team-new on Catapult, a crowdfunding platform for projects improving the lives of girls and women around the world. \r\n\r\nJoin the team now > http://dev.deliver-platform.gotpantheon.com/invite/accept/Zse3JbiY\r\n\r\nAnd see http://dev.deliver-platform.gotpantheon.com/team/team-new’s projects here > admin suggests you check out these current projects\n\nhttp://dev.deliver-platform.gotpantheon.com/project/building-school-library \n\n\r\n\r\nadmin also sent you this message:\n\nlkjlkj\r\n\r\nSee you there,\r\nadmin\r\n\r\n[Catapult logo]\r\n\";s:14:\"organic_groups\";a:1:{i:0;s:8:\"node|116\";}}'),(29,'fxadynRh','wcooper+july16MgrInvite@mindgrub.com',105,0,1342474370,1347658370,0,0,0,'a:3:{s:7:\"subject\";s:40:\"WD_QA_teamstest1 has sent you an invite!\";s:7:\"message\";s:791:\"Hey, get in the game!\r\n\r\nYour friends are launching change for girls and women. And they want you to, too!\r\n \r\nThey’ve invited you to join http://dev.deliver-platform.gotpantheon.com/team/test-team-a1 on Catapult, a crowdfunding platform for projects improving the lives of girls and women around the world. \r\n\r\nJoin the team now > http://dev.deliver-platform.gotpantheon.com/invite/accept/fxadynRh\r\n\r\nAnd see http://dev.deliver-platform.gotpantheon.com/team/test-team-a1’s projects here > WD_QA_teamstest1 suggests you check out these current projects\n\nhttp://dev.deliver-platform.gotpantheon.com/project/building-school-library \n\n\r\n\r\nWD_QA_teamstest1 also sent you this message:\n\nHey future me, this is past you, join this team!\r\n\r\nSee you there,\r\nWD_QA_teamstest1\r\n\r\n[Catapult logo]\r\n\";s:14:\"organic_groups\";a:1:{i:0;s:8:\"node|217\";}}'),(30,'xKUPGr6t','testinvite118@lgcarmona.com',1,0,1342489575,1347673575,0,0,0,'a:3:{s:7:\"subject\";s:29:\"admin has sent you an invite!\";s:7:\"message\";s:827:\"Hey, get in the game!\r\n\r\nYour friends are launching change for girls and women. And they want you to, too!\r\n \r\nThey’ve invited you to join http://dev.deliver-platform.gotpantheon.com/team/b-team-new-private-only on Catapult, a crowdfunding platform for projects improving the lives of girls and women around the world. \r\n\r\nJoin the team now > http://dev.deliver-platform.gotpantheon.com/invite/accept/xKUPGr6t\r\n\r\nAnd see http://dev.deliver-platform.gotpantheon.com/team/b-team-new-private-only’s projects here > admin suggests you check out these current projects\n\nhttp://dev.deliver-platform.gotpantheon.com/project/building-school-library \n\nhttp://dev.deliver-platform.gotpantheon.com/project/patest4s-second-project \n\n\r\n\r\nadmin also sent you this message:\n\nthis is a message\r\n\r\nSee you there,\r\nadmin\r\n\r\n[Catapult logo]\r\n\";s:14:\"organic_groups\";a:1:{i:0;s:8:\"node|118\";}}'),(31,'35BFGBQf','wcooper+thisisatest@mindgrub.com',96,0,1342530807,1347714807,0,0,0,'a:3:{s:7:\"subject\";s:34:\"junglesbee has sent you an invite!\";s:7:\"message\";s:613:\"Hey, get in the game!\r\n\r\nYour friends are launching change for girls and women. And they want you to, too!\r\n \r\nThey’ve invited you to join http://dev.deliver-platform.gotpantheon.com/team/its-small-world on Catapult, a crowdfunding platform for projects improving the lives of girls and women around the world. \r\n\r\nJoin the team now > http://dev.deliver-platform.gotpantheon.com/invite/accept/35BFGBQf\r\n\r\nAnd see http://dev.deliver-platform.gotpantheon.com/team/its-small-world’s projects here > [deliver:projects]\r\n\r\njunglesbee also sent you this message:\n\n\r\n\r\nSee you there,\r\njunglesbee\r\n\r\n[Catapult logo]\r\n\";s:14:\"organic_groups\";a:1:{i:0;s:8:\"node|226\";}}'),(32,'wbRFqFRw','junglesbee+thisisatest1@mindgrub.com',96,0,1342533062,1347717062,0,0,0,'a:3:{s:7:\"subject\";s:34:\"junglesbee has sent you an invite!\";s:7:\"message\";s:732:\"Hey, get in the game!\r\n\r\nYour friends are launching change for girls and women. And they want you to, too!\r\n \r\nThey’ve invited you to join http://dev.deliver-platform.gotpantheon.com/team/its-small-world on Catapult, a crowdfunding platform for projects improving the lives of girls and women around the world. \r\n\r\nJoin the team now > http://dev.deliver-platform.gotpantheon.com/invite/accept/wbRFqFRw\r\n\r\nAnd see http://dev.deliver-platform.gotpantheon.com/team/its-small-world’s projects here > junglesbee suggests you check out these current projects\n\nhttp://dev.deliver-platform.gotpantheon.com/project/computer-skills-training \n\n\r\n\r\njunglesbee also sent you this message:\n\n\r\n\r\nSee you there,\r\njunglesbee\r\n\r\n[Catapult logo]\r\n\";s:14:\"organic_groups\";a:1:{i:0;s:8:\"node|226\";}}'),(33,'Q55hChKh','junglesbee@mindgrup.com',105,0,1342536096,1347720096,0,0,0,'a:3:{s:7:\"subject\";s:40:\"WD_QA_teamstest1 has sent you an invite!\";s:7:\"message\";s:782:\"Hey, get in the game!\r\n\r\nYour friends are launching change for girls and women. And they want you to, too!\r\n \r\nThey’ve invited you to join http://dev.deliver-platform.gotpantheon.com/team/test-team-c3 on Catapult, a crowdfunding platform for projects improving the lives of girls and women around the world. \r\n\r\nJoin the team now > http://dev.deliver-platform.gotpantheon.com/invite/accept/Q55hChKh\r\n\r\nAnd see http://dev.deliver-platform.gotpantheon.com/team/test-team-c3’s projects here > WD_QA_teamstest1 suggests you check out these current projects\n\nhttp://dev.deliver-platform.gotpantheon.com/project/child-friendly-temporary-tent-schools \n\n\r\n\r\nWD_QA_teamstest1 also sent you this message:\n\nJust testing invitations.\r\n\r\nSee you there,\r\nWD_QA_teamstest1\r\n\r\n[Catapult logo]\r\n\";s:14:\"organic_groups\";a:1:{i:0;s:8:\"node|225\";}}'),(34,'FQFsUF9L','junglesbee@mindgrub.com',105,0,1342537151,1347721151,0,0,0,'a:3:{s:7:\"subject\";s:40:\"WD_QA_teamstest1 has sent you an invite!\";s:7:\"message\";s:815:\"Hey, get in the game!\r\n\r\nYour friends are launching change for girls and women. And they want you to, too!\r\n \r\nThey’ve invited you to join http://dev.deliver-platform.gotpantheon.com/team/test-team-d4 on Catapult, a crowdfunding platform for projects improving the lives of girls and women around the world. \r\n\r\nJoin the team now > http://dev.deliver-platform.gotpantheon.com/invite/accept/FQFsUF9L\r\n\r\nAnd see http://dev.deliver-platform.gotpantheon.com/team/test-team-d4’s projects here > WD_QA_teamstest1 suggests you check out these current projects\n\nhttp://dev.deliver-platform.gotpantheon.com/project/child-friendly-temporary-tent-schools \n\n\r\n\r\nWD_QA_teamstest1 also sent you this message:\n\nDisregard.  Testing invitations sent out at team creation.\r\n\r\nSee you there,\r\nWD_QA_teamstest1\r\n\r\n[Catapult logo]\r\n\";s:14:\"organic_groups\";a:1:{i:0;s:8:\"node|229\";}}'),(35,'xkAfQhvi','wcooper+july17b@mindgrub.com',105,0,1342548745,1347732745,0,0,0,'a:3:{s:7:\"subject\";s:40:\"WD_QA_teamstest1 has sent you an invite!\";s:7:\"message\";s:767:\"Hey, get in the game!\r\n\r\nYour friends are launching change for girls and women. And they want you to, too!\r\n \r\nThey’ve invited you to join http://dev.deliver-platform.gotpantheon.com/team/test-team-a1 on Catapult, a crowdfunding platform for projects improving the lives of girls and women around the world. \r\n\r\nJoin the team now > http://dev.deliver-platform.gotpantheon.com/invite/accept/xkAfQhvi\r\n\r\nAnd see http://dev.deliver-platform.gotpantheon.com/team/test-team-a1’s projects here > WD_QA_teamstest1 suggests you check out these current projects\n\nhttp://dev.deliver-platform.gotpantheon.com/project/child-friendly-temporary-tent-schools \n\n\r\n\r\nWD_QA_teamstest1 also sent you this message:\n\nDisregard.\r\n\r\nSee you there,\r\nWD_QA_teamstest1\r\n\r\n[Catapult logo]\r\n\";s:14:\"organic_groups\";a:1:{i:0;s:8:\"node|217\";}}'),(36,'NGVsStLK','wcooper+july17a@mindgrub.com',105,0,1342555137,1347739137,0,0,0,'a:3:{s:7:\"subject\";s:40:\"WD_QA_teamstest1 has sent you an invite!\";s:7:\"message\";s:757:\"Hey, get in the game!\r\n\r\nYour friends are launching change for girls and women. And they want you to, too!\r\n \r\nThey’ve invited you to join http://dev.deliver-platform.gotpantheon.com/team/test-team-b2 on Catapult, a crowdfunding platform for projects improving the lives of girls and women around the world. \r\n\r\nJoin the team now > http://dev.deliver-platform.gotpantheon.com/invite/accept/NGVsStLK\r\n\r\nAnd see http://dev.deliver-platform.gotpantheon.com/team/test-team-b2’s projects here > WD_QA_teamstest1 suggests you check out these current projects\n\nhttp://dev.deliver-platform.gotpantheon.com/project/child-friendly-temporary-tent-schools \n\n\r\n\r\nWD_QA_teamstest1 also sent you this message:\n\n\r\n\r\nSee you there,\r\nWD_QA_teamstest1\r\n\r\n[Catapult logo]\r\n\";s:14:\"organic_groups\";a:1:{i:0;s:8:\"node|221\";}}'),(37,'mVL8w5vL',' wcooper+july17b@mindgrub.com',105,0,1342555137,1347739137,0,0,0,'a:3:{s:7:\"subject\";s:40:\"WD_QA_teamstest1 has sent you an invite!\";s:7:\"message\";s:757:\"Hey, get in the game!\r\n\r\nYour friends are launching change for girls and women. And they want you to, too!\r\n \r\nThey’ve invited you to join http://dev.deliver-platform.gotpantheon.com/team/test-team-b2 on Catapult, a crowdfunding platform for projects improving the lives of girls and women around the world. \r\n\r\nJoin the team now > http://dev.deliver-platform.gotpantheon.com/invite/accept/mVL8w5vL\r\n\r\nAnd see http://dev.deliver-platform.gotpantheon.com/team/test-team-b2’s projects here > WD_QA_teamstest1 suggests you check out these current projects\n\nhttp://dev.deliver-platform.gotpantheon.com/project/child-friendly-temporary-tent-schools \n\n\r\n\r\nWD_QA_teamstest1 also sent you this message:\n\n\r\n\r\nSee you there,\r\nWD_QA_teamstest1\r\n\r\n[Catapult logo]\r\n\";s:14:\"organic_groups\";a:1:{i:0;s:8:\"node|221\";}}'),(38,'D56Tpkb2','\r\nwcooper+july17a@mindgrub.com',105,0,1342556820,1347740820,0,0,0,'a:3:{s:7:\"subject\";s:40:\"WD_QA_teamstest1 has sent you an invite!\";s:7:\"message\";s:619:\"Hey, get in the game!\r\n\r\nYour friends are launching change for girls and women. And they want you to, too!\r\n \r\nThey’ve invited you to join http://dev.deliver-platform.gotpantheon.com/team/test-team-b2 on Catapult, a crowdfunding platform for projects improving the lives of girls and women around the world. \r\n\r\nJoin the team now > http://dev.deliver-platform.gotpantheon.com/invite/accept/D56Tpkb2\r\n\r\nAnd see http://dev.deliver-platform.gotpantheon.com/team/test-team-b2’s projects here > [deliver:projects]\r\n\r\nWD_QA_teamstest1 also sent you this message:\n\n\r\n\r\nSee you there,\r\nWD_QA_teamstest1\r\n\r\n[Catapult logo]\r\n\";s:14:\"organic_groups\";a:1:{i:0;s:8:\"node|221\";}}'),(39,'9o6NBsA4','devvy@lgcarmona.com',1,0,1342560337,1347744337,0,0,0,'a:3:{s:7:\"subject\";s:29:\"admin has sent you an invite!\";s:7:\"message\";s:749:\"Hey, get in the game!\r\n\r\nYour friends are launching change for girls and women. And they want you to, too!\r\n \r\nThey’ve invited you to join http://dev.deliver-platform.gotpantheon.com/team/b-team-new-private-only on Catapult, a crowdfunding platform for projects improving the lives of girls and women around the world. \r\n\r\nJoin the team now > http://dev.deliver-platform.gotpantheon.com/invite/accept/9o6NBsA4\r\n\r\nAnd see http://dev.deliver-platform.gotpantheon.com/team/b-team-new-private-only’s projects here > admin suggests you check out these current projects\n\nhttp://dev.deliver-platform.gotpantheon.com/project/building-school-library \n\n\r\n\r\nadmin also sent you this message:\n\noptional message \r\n\r\nSee you there,\r\nadmin\r\n\r\n[Catapult logo]\r\n\";s:14:\"organic_groups\";a:1:{i:0;s:8:\"node|118\";}}'),(40,'9sBU9eeg','Jmerritt@mindgrub.com',16,0,1342573116,1347757116,0,0,0,'a:3:{s:7:\"subject\";s:33:\"MG_Tester has sent you an invite!\";s:7:\"message\";s:982:\"Hey, get in the game!\r\n\r\nYour friends are launching change for girls and women. And they want you to, too!\r\n \r\nThey’ve invited you to join http://dev.deliver-platform.gotpantheon.com/team/volunteer-change-0 on Catapult, a crowdfunding platform for projects improving the lives of girls and women around the world. \r\n\r\nJoin the team now > http://dev.deliver-platform.gotpantheon.com/invite/accept/9sBU9eeg\r\n\r\nAnd see http://dev.deliver-platform.gotpantheon.com/team/volunteer-change-0’s projects here > MG_Tester suggests you check out these current projects\n\nhttp://dev.deliver-platform.gotpantheon.com/project/mg-tester-active-project-7 \n\nhttp://dev.deliver-platform.gotpantheon.com/project/motorcycles-moms \n\nhttp://dev.deliver-platform.gotpantheon.com/project/un-proyecto-para-los-ninos \n\n\r\n\r\nMG_Tester also sent you this message:\n\nJannette, you are invited to VOLUNTEER for a change. Please enrich your day by giving back...\r\n\r\nSee you there,\r\nMG_Tester\r\n\r\n[Catapult logo]\r\n\";s:14:\"organic_groups\";a:1:{i:0;s:8:\"node|240\";}}'),(41,'UtoPerrN','2235@lgcarmona.com',1,0,1342578986,1347762986,0,0,0,'a:3:{s:7:\"subject\";s:29:\"admin has sent you an invite!\";s:7:\"message\";s:716:\"Hey, get in the game!\r\n\r\nYour friends are launching change for girls and women. And they want you to, too!\r\n \r\nThey’ve invited you to join http://dev.deliver-platform.gotpantheon.com/team/matts-team on Catapult, a crowdfunding platform for projects improving the lives of girls and women around the world. \r\n\r\nJoin the team now > http://dev.deliver-platform.gotpantheon.com/invite/accept/UtoPerrN\r\n\r\nAnd see http://dev.deliver-platform.gotpantheon.com/team/matts-team’s projects here > admin suggests you check out these current projects\n\nhttp://dev.deliver-platform.gotpantheon.com/project/building-school-library \n\n\r\n\r\nadmin also sent you this message:\n\ntest 10:35\r\n\r\nSee you there,\r\nadmin\r\n\r\n[Catapult logo]\r\n\";s:14:\"organic_groups\";a:1:{i:0;s:8:\"node|137\";}}'),(42,'La3V5tTP','187.gcarmona@mindgrub.com',1,0,1342615801,1347799801,0,0,0,'a:3:{s:7:\"subject\";s:29:\"admin has sent you an invite!\";s:7:\"message\";s:726:\"Hey, get in the game!\r\n\r\nYour friends are launching change for girls and women. And they want you to, too!\r\n \r\nThey’ve invited you to join http://dev.deliver-platform.gotpantheon.com/team/mgqa-invites on Catapult, a crowdfunding platform for projects improving the lives of girls and women around the world. \r\n\r\nJoin the team now > http://dev.deliver-platform.gotpantheon.com/invite/accept/La3V5tTP\r\n\r\nAnd see http://dev.deliver-platform.gotpantheon.com/team/mgqa-invites’s projects here > admin suggests you check out these current projects\n\nhttp://dev.deliver-platform.gotpantheon.com/project/building-school-library \n\n\r\n\r\nadmin also sent you this message:\n\nmessage optional\r\n\r\nSee you there,\r\nadmin\r\n\r\n[Catapult logo]\r\n\";s:14:\"organic_groups\";a:1:{i:0;s:8:\"node|187\";}}'),(44,'Jbb8yxK5',' wcooper+july17c@mindgrub.com',105,0,1342617684,1347801684,0,0,0,'a:3:{s:7:\"subject\";s:40:\"WD_QA_teamstest1 has sent you an invite!\";s:7:\"message\";s:765:\"Hey, get in the game!\r\n\r\nYour friends are launching change for girls and women. And they want you to, too!\r\n \r\nThey’ve invited you to join http://dev.deliver-platform.gotpantheon.com/team/july-18-test-run on Catapult, a crowdfunding platform for projects improving the lives of girls and women around the world. \r\n\r\nJoin the team now > http://dev.deliver-platform.gotpantheon.com/invite/accept/Jbb8yxK5\r\n\r\nAnd see http://dev.deliver-platform.gotpantheon.com/team/july-18-test-run’s projects here > WD_QA_teamstest1 suggests you check out these current projects\n\nhttp://dev.deliver-platform.gotpantheon.com/project/child-friendly-temporary-tent-schools \n\n\r\n\r\nWD_QA_teamstest1 also sent you this message:\n\n\r\n\r\nSee you there,\r\nWD_QA_teamstest1\r\n\r\n[Catapult logo]\r\n\";s:14:\"organic_groups\";a:1:{i:0;s:8:\"node|244\";}}'),(46,'qZmhUKE2','btibbils@mindgrub.com',1,0,1343678080,1348862080,0,0,0,'a:3:{s:7:\"subject\";s:29:\"admin has sent you an invite!\";s:7:\"message\";s:796:\"Hey, get in the game!\r\n\r\nYour friends are launching change for girls and women. And they want you to, too!\r\n \r\nThey’ve invited you to join http://dev.deliver-platform.gotpantheon.com/team/team-new on Catapult, a crowdfunding platform for projects improving the lives of girls and women around the world. \r\n\r\nJoin the team now > http://dev.deliver-platform.gotpantheon.com/invite/accept/qZmhUKE2\r\n\r\nAnd see http://dev.deliver-platform.gotpantheon.com/team/team-new’s projects here > admin suggests you check out these current projects\n\nhttp://dev.deliver-platform.gotpantheon.com/project/computer-skills-training \n\nhttp://dev.deliver-platform.gotpantheon.com/project/solar-suitcase-hospitals-0 \n\n\r\n\r\nadmin also sent you this message:\n\nTest invite.\r\n\r\nSee you there,\r\nadmin\r\n\r\n[Catapult logo]\r\n\";s:14:\"organic_groups\";a:1:{i:0;s:8:\"node|413\";}}'),(47,'8z3XTHqZ','wcooper+teamsteset801@mindgrub.com',96,0,1343931239,1349115239,0,0,0,'a:3:{s:7:\"subject\";s:34:\"junglesbee has sent you an invite!\";s:7:\"message\";s:763:\"Hey, get in the game!\r\n\r\nYour friends are launching change for girls and women. And they want you to, too!\r\n \r\nThey’ve invited you to join http://dev.deliver-platform.gotpantheon.com/team/mg-qa-test on Catapult, a crowdfunding platform for projects improving the lives of girls and women around the world. \r\n\r\nJoin the team now > http://dev.deliver-platform.gotpantheon.com/invite/accept/8z3XTHqZ\r\n\r\nAnd see http://dev.deliver-platform.gotpantheon.com/team/mg-qa-test’s projects here > junglesbee suggests you check out these current projects\n\nhttp://dev.deliver-platform.gotpantheon.com/project/child-friendly-temporary-tent-schools-0 \n\n\r\n\r\njunglesbee also sent you this message:\n\nHey join the team already!\r\n\r\nSee you there,\r\njunglesbee\r\n\r\n[Catapult logo]\r\n\";s:14:\"organic_groups\";a:1:{i:0;s:8:\"node|415\";}}'),(48,'tXXSerxW','wcooper+invitetest801@mindgrub.com',96,0,1343931786,1349115786,0,0,0,'a:3:{s:7:\"subject\";s:34:\"junglesbee has sent you an invite!\";s:7:\"message\";s:619:\"Hey, get in the game!\r\n\r\nYour friends are launching change for girls and women. And they want you to, too!\r\n \r\nThey’ve invited you to join http://dev.deliver-platform.gotpantheon.com/team/mg-qa-test on Catapult, a crowdfunding platform for projects improving the lives of girls and women around the world. \r\n\r\nJoin the team now > http://dev.deliver-platform.gotpantheon.com/invite/accept/tXXSerxW\r\n\r\nAnd see http://dev.deliver-platform.gotpantheon.com/team/mg-qa-test’s projects here > [deliver:projects]\r\n\r\njunglesbee also sent you this message:\n\nWill it display?\r\n\r\nSee you there,\r\njunglesbee\r\n\r\n[Catapult logo]\r\n\";s:14:\"organic_groups\";a:1:{i:0;s:8:\"node|415\";}}'),(49,'THD4VDht','wcooper+invitetest8012@mindgrub.com',153,0,1343931936,1349115936,0,0,0,'a:3:{s:7:\"subject\";s:39:\"MG_Teamstest801 has sent you an invite!\";s:7:\"message\";s:629:\"Hey, get in the game!\r\n\r\nYour friends are launching change for girls and women. And they want you to, too!\r\n \r\nThey’ve invited you to join http://dev.deliver-platform.gotpantheon.com/team/mg-qa-test on Catapult, a crowdfunding platform for projects improving the lives of girls and women around the world. \r\n\r\nJoin the team now > http://dev.deliver-platform.gotpantheon.com/invite/accept/THD4VDht\r\n\r\nAnd see http://dev.deliver-platform.gotpantheon.com/team/mg-qa-test’s projects here > [deliver:projects]\r\n\r\nMG_Teamstest801 also sent you this message:\n\ntest ipsum lorem\r\n\r\nSee you there,\r\nMG_Teamstest801\r\n\r\n[Catapult logo]\r\n\";s:14:\"organic_groups\";a:1:{i:0;s:8:\"node|415\";}}'),(50,'tJuMGFSW','wcooper+801a@mindgrub.com',22,0,1343932063,1349116063,0,0,0,'a:3:{s:7:\"subject\";s:31:\"wdadmin has sent you an invite!\";s:7:\"message\";s:606:\"Hey, get in the game!\r\n\r\nYour friends are launching change for girls and women. And they want you to, too!\r\n \r\nThey’ve invited you to join http://dev.deliver-platform.gotpantheon.com/team/july-test on Catapult, a crowdfunding platform for projects improving the lives of girls and women around the world. \r\n\r\nJoin the team now > http://dev.deliver-platform.gotpantheon.com/invite/accept/tJuMGFSW\r\n\r\nAnd see http://dev.deliver-platform.gotpantheon.com/team/july-test’s projects here > [deliver:projects]\r\n\r\nwdadmin also sent you this message:\n\nipsum lorem\r\n\r\nSee you there,\r\nwdadmin\r\n\r\n[Catapult logo]\r\n\";s:14:\"organic_groups\";a:1:{i:0;s:8:\"node|154\";}}'),(51,'JV4XX7UP','Aug2@lgcarmona.com',137,0,1343946484,1349130484,0,0,0,'a:3:{s:7:\"subject\";s:29:\"blarg has sent you an invite!\";s:7:\"message\";s:825:\"Hey, get in the game!\r\n\r\nYour friends are launching change for girls and women. And they want you to, too!\r\n \r\nThey’ve invited you to join http://dev.deliver-platform.gotpantheon.com/team/b-team-new-private-only on Catapult, a crowdfunding platform for projects improving the lives of girls and women around the world. \r\n\r\nJoin the team now > http://dev.deliver-platform.gotpantheon.com/invite/accept/JV4XX7UP\r\n\r\nAnd see http://dev.deliver-platform.gotpantheon.com/team/b-team-new-private-only’s projects here > blarg suggests you check out these current projects\n\nhttp://dev.deliver-platform.gotpantheon.com/project/building-school-library \n\nhttp://dev.deliver-platform.gotpantheon.com/project/mobile-phones-health \n\n\r\n\r\nblarg also sent you this message:\n\nthis is a message \r\n\r\nSee you there,\r\nblarg\r\n\r\n[Catapult logo]\r\n\";s:14:\"organic_groups\";a:1:{i:0;s:8:\"node|118\";}}'),(52,'P6n7kkAc','augsecond@lgcarmona.com',137,0,1343946977,1349130977,0,0,0,'a:3:{s:7:\"subject\";s:29:\"blarg has sent you an invite!\";s:7:\"message\";s:850:\"Hey, get in the game!\r\n\r\nYour friends are launching change for girls and women. And they want you to, too!\r\n \r\nThey’ve invited you to join http://dev.deliver-platform.gotpantheon.com/team/henry-jung on Catapult, a crowdfunding platform for projects improving the lives of girls and women around the world. \r\n\r\nJoin the team now > http://dev.deliver-platform.gotpantheon.com/invite/accept/P6n7kkAc\r\n\r\nAnd see http://dev.deliver-platform.gotpantheon.com/team/henry-jung’s projects here > blarg suggests you check out these current projects\n\nhttp://dev.deliver-platform.gotpantheon.com/project/building-school-library \n\nhttp://dev.deliver-platform.gotpantheon.com/project/moms-space \n\nhttp://dev.deliver-platform.gotpantheon.com/project/poppy-project \n\n\r\n\r\nblarg also sent you this message:\n\ntesting 123\r\n\r\nSee you there,\r\nblarg\r\n\r\n[Catapult logo]\r\n\";s:14:\"organic_groups\";a:1:{i:0;s:8:\"node|116\";}}'),(53,'YzpTto3w','aug2c@lgcarmona.com',1,0,1343947844,1349131844,0,0,0,'a:3:{s:7:\"subject\";s:29:\"admin has sent you an invite!\";s:7:\"message\";s:794:\"Hey, get in the game!\r\n\r\nYour friends are launching change for girls and women. And they want you to, too!\r\n \r\nThey’ve invited you to join http://dev.deliver-platform.gotpantheon.com/team/henry-jung on Catapult, a crowdfunding platform for projects improving the lives of girls and women around the world. \r\n\r\nJoin the team now > http://dev.deliver-platform.gotpantheon.com/invite/accept/YzpTto3w\r\n\r\nAnd see http://dev.deliver-platform.gotpantheon.com/team/henry-jung’s projects here > admin suggests you check out these current projects\n\nhttp://dev.deliver-platform.gotpantheon.com/project/building-school-library \n\nhttp://dev.deliver-platform.gotpantheon.com/project/robot-maids-moms \n\n\r\n\r\nadmin also sent you this message:\n\nthis is a message\r\n\r\nSee you there,\r\nadmin\r\n\r\n[Catapult logo]\r\n\";s:14:\"organic_groups\";a:1:{i:0;s:8:\"node|116\";}}'),(54,'5P5hvDMB','gcarmona+3@mindgrub.com',161,0,1344020236,1349204236,0,0,0,'a:3:{s:7:\"subject\";s:34:\"Gracetest2 has sent you an invite!\";s:7:\"message\";s:1493:\"Hey, get in the game!\r\n\r\nYour friends are launching change for girls and women. And they want you to, too!\r\n \r\nThey’ve invited you to join http://dev.deliver-platform.gotpantheon.com/team/july-3-drop-test-team on Catapult, a crowdfunding platform for projects improving the lives of girls and women around the world. \r\n\r\nJoin the team now >  <a href=\"http://dev.deliver-platform.gotpantheon.com/invite/accept/5P5hvDMB\">http://dev.deliver-platform.gotpantheon.com/team/july-3-drop-test-team </a>\r\n\r\nAnd see http://dev.deliver-platform.gotpantheon.com/team/july-3-drop-test-team’s projects here > Gracetest2 suggests you check out these current projects\n\nhttp://dev.deliver-platform.gotpantheon.com/project/building-school-library \n\nhttp://dev.deliver-platform.gotpantheon.com/project/june-29-test-project \n\nhttp://dev.deliver-platform.gotpantheon.com/project/robot-maids-moms \n\n  <a href=\"Gracetest2 suggests you check out these current projects\n\nhttp://dev.deliver-platform.gotpantheon.com/project/building-school-library \n\nhttp://dev.deliver-platform.gotpantheon.com/project/june-29-test-project \n\nhttp://dev.deliver-platform.gotpantheon.com/project/robot-maids-moms \n\n\">http://dev.deliver-platform.gotpantheon.com/team/july-3-drop-test-team\'s projects </a>\r\n\r\nGracetest2 also sent you this message:\n\noptional message right heah!\r\n\r\nSee you there,\r\nGracetest2\r\n\r\n<div>\r\n	<img alt=\"Catapult.org\" src=\"/sites/default/files/images/medlogo.png\" style=\"width: 244px; height: 75px; \" /></div>\r\n\";s:14:\"organic_groups\";a:1:{i:0;s:8:\"node|166\";}}'),(55,'NtpmxFD7','gcarmona+4@mindgrub.com',161,0,1344020701,1349204701,0,0,0,'a:3:{s:7:\"subject\";s:34:\"Gracetest2 has sent you an invite!\";s:7:\"message\";s:882:\"Hey, get in the game!\r\n\r\nYour friends are launching change for girls and women. And they want you to, too!\r\n \r\nThey’ve invited you to join \'[group:title]\' on Catapult, a crowdfunding platform for projects improving the lives of girls and women around the world. \r\n\r\nJoin the team now >  <a href=\"http://dev.deliver-platform.gotpantheon.com/invite/accept/NtpmxFD7\">[group:title]</a>\r\n\r\nAnd see [group:title]’s projects here > Gracetest2 suggests you check out these current projects\n\nhttp://dev.deliver-platform.gotpantheon.com/project/computer-skills-training \n\nhttp://dev.deliver-platform.gotpantheon.com/project/solar-water-pump-school-and-village-0 \n\n  \r\n\r\nGracetest2 also sent you this message:\n\ndefinitely optional\r\n\r\nSee you there,\r\nGracetest2\r\n\r\n<div>\r\n	<img alt=\"Catapult.org\" src=\"/sites/default/files/images/medlogo.png\" style=\"width: 244px; height: 75px; \" /></div>\r\n\";s:14:\"organic_groups\";a:1:{i:0;s:8:\"node|166\";}}'),(56,'ZzQ2h3LP','gcarmona+5@mindgrub.com',161,0,1344021076,1349205076,0,0,0,'a:3:{s:7:\"subject\";s:49:\"Gracetest2 has sent you an invite! (test version)\";s:7:\"message\";s:902:\"Hey, get in the game!\r\n\r\nYour friends are launching change for girls and women. And they want you to, too!\r\n \r\nThey’ve invited you to join \'[site:og-context--node]\' on Catapult, a crowdfunding platform for projects improving the lives of girls and women around the world. \r\n\r\nJoin the team now >  <a href=\"http://dev.deliver-platform.gotpantheon.com/invite/accept/ZzQ2h3LP\">A Team New, July Test, Facebook Team, July 3 Drop Test Team</a>\r\n\r\nAnd see [group:title]’s projects here > Gracetest2 suggests you check out these current projects\n\nhttp://dev.deliver-platform.gotpantheon.com/project/computer-skills-training \n\nhttp://dev.deliver-platform.gotpantheon.com/project/status-tags-test \n\n  \r\n\r\nGracetest2 also sent you this message:\n\nblah\r\n\r\nSee you there,\r\nGracetest2\r\n\r\n<div>\r\n	<img alt=\"Catapult.org\" src=\"/sites/default/files/images/medlogo.png\" style=\"width: 244px; height: 75px; \" /></div>\r\n\";s:14:\"organic_groups\";a:1:{i:0;s:8:\"node|166\";}}'),(57,'BSGeHsHd','wcooper+teaminvite806@mindgrub.com',155,0,1344273232,1349457232,0,0,0,'a:3:{s:7:\"subject\";s:54:\"MG_teamstest802 has sent you an invite! (test version)\";s:7:\"message\";s:887:\"Hey, get in the game!\r\n\r\nYour friends are launching change for girls and women. And they want you to, too!\r\n \r\nThey’ve invited you to join \'[site:og-context--node]\' on Catapult, a crowdfunding platform for projects improving the lives of girls and women around the world. \r\n\r\nJoin the team now >  <a href=\"http://dev.deliver-platform.gotpantheon.com/invite/accept/BSGeHsHd\">MG QA Test Aug, Test Team 6, MG QA Test Aug06a, MG QA Test Aug06b</a>\r\n\r\nAnd see [group:title]’s projects here > MG_teamstest802 suggests you check out these current projects\n\nhttp://dev.deliver-platform.gotpantheon.com/project/solar-suitcase-hospitals \n\n  \r\n\r\nMG_teamstest802 also sent you this message:\n\nWould you like to join my team, friend?\r\n\r\nSee you there,\r\nMG_teamstest802\r\n\r\n<div>\r\n	<img alt=\"Catapult.org\" src=\"/sites/default/files/images/medlogo.png\" style=\"width: 244px; height: 75px; \" /></div>\r\n\";s:14:\"organic_groups\";a:1:{i:0;s:8:\"node|443\";}}'),(58,'nWzDK7JJ','wcooper+randominvite@mindgrub.com',155,0,1344275386,1349459386,0,0,0,'a:3:{s:7:\"subject\";s:54:\"MG_teamstest802 has sent you an invite! (test version)\";s:7:\"message\";s:746:\"Hey, get in the game!\r\n\r\nYour friends are launching change for girls and women. And they want you to, too!\r\n \r\nThey’ve invited you to join \'[site:og-context--node]\' on Catapult, a crowdfunding platform for projects improving the lives of girls and women around the world. \r\n\r\nJoin the team now >  <a href=\"http://dev.deliver-platform.gotpantheon.com/invite/accept/nWzDK7JJ\">MG QA Test Aug, Test Team 6, MG QA Test Aug06a, MG QA Test Aug06b</a>\r\n\r\nAnd see [group:title]’s projects here > [deliver:projects]  \r\n\r\nMG_teamstest802 also sent you this message:\n\nThis is an invitation.\r\n\r\nSee you there,\r\nMG_teamstest802\r\n\r\n<div>\r\n	<img alt=\"Catapult.org\" src=\"/sites/default/files/images/medlogo.png\" style=\"width: 244px; height: 75px; \" /></div>\r\n\";s:14:\"organic_groups\";a:1:{i:0;s:8:\"node|427\";}}'),(60,'YmZgynHd','gcarmona+1852@mindgrub.com',137,0,1344293583,1349477583,0,0,0,'a:3:{s:7:\"subject\";s:47:\"blarg has sent you an invite! (testing version)\";s:7:\"message\";s:1123:\"(this module is undergoing modifications - please excuse the mess)\r\n\r\nHey, get in the game!\r\n\r\nYour friends are launching change for girls and women. And they want you to, too!\r\n \r\nThey’ve invited you to join <a href=\"http://dev.deliver-platform.gotpantheon.com/team/july-test\">[site:og-context--node:title]</a>  on Catapult, a crowdfunding platform for projects improving the lives of girls and women around the world. \r\n\r\nJoin the team now >  <a href=\"http://dev.deliver-platform.gotpantheon.com/invite/accept/YmZgynHd\"> Join July 3 Drop Test Team, Henry Jung, July Test, B team new private only, Friends of Henry, Test Team 7 Seven, Facebook Team</a>\r\n\r\nAnd see [site:og-context--node:title]’s projects here > blarg suggests you check out these current projects\n\nhttp://dev.deliver-platform.gotpantheon.com/project/building-school-library \n\nhttp://dev.deliver-platform.gotpantheon.com/project/mobile-phones-health \n\n  \r\n\r\nblarg also sent you this message:\n\nhello\r\n\r\nSee you there,\r\nblarg\r\n\r\n<div>\r\n	<img alt=\"Catapult.org\" src=\"/sites/default/files/images/medlogo.png\" style=\"width: 244px; height: 75px; \" /></div>\r\n\";s:14:\"organic_groups\";a:1:{i:0;s:8:\"node|154\";}}'),(61,'uQKpS3DZ','gcarmona+1909@mindgrub.com',137,0,1344294603,1349478603,0,0,0,'a:3:{s:7:\"subject\";s:47:\"blarg has sent you an invite! (testing version)\";s:7:\"message\";s:1336:\"(this module is undergoing modifications - please excuse the mess)\r\n\r\nHey, get in the game!\r\n\r\nYour friends are launching change for girls and women. And they want you to, too!\r\n \r\nThey’ve invited you to join <a href=\"http://dev.deliver-platform.gotpantheon.com/team/july-test\">[site:og-context--node:title]</a>  on Catapult, a crowdfunding platform for projects improving the lives of girls and women around the world. \r\n\r\nJoin the team now >  <a href=\"http://dev.deliver-platform.gotpantheon.com/invite/accept/uQKpS3DZ\"> Join July 3 Drop Test Team, Henry Jung, July Test, B team new private only, Friends of Henry, Test Team 7 Seven, Facebook Team</a>\r\n\r\nAnd see [site:og-context--node:title]’s projects here > blarg suggests you check out these current projects\n\nhttp://dev.deliver-platform.gotpantheon.com/project/building-school-library \n\nhttp://dev.deliver-platform.gotpantheon.com/project/motorcycles-moms \n\n  \r\n\r\nblarg also sent you this message:\n\ntest message\r\n\r\nSee you there,\r\nblarg\r\n\r\nsite:og-context--node =  [site:og-context--node]\r\n\r\nsite:og-context--node:group-group = [site:og-context--node:group-group]\r\n\r\nsite:og-context--node:og-group-ref = [site:og-context--node:og-group-ref]\r\n\r\n\r\n\r\n\r\n<div>\r\n	<img alt=\"Catapult.org\" src=\"/sites/default/files/images/medlogo.png\" style=\"width: 244px; height: 75px; \" /></div>\r\n\";s:14:\"organic_groups\";a:1:{i:0;s:8:\"node|154\";}}'),(62,'jddj8SbQ','wcooper+testinvite807@mindgrub.com',155,0,1344346526,1349530733,0,0,1,'a:3:{s:7:\"subject\";s:57:\"MG_teamstest802 has sent you an invite! (testing version)\";s:7:\"message\";s:1287:\"(this module is undergoing modifications - please excuse the mess)\r\n\r\nHey, get in the game!\r\n\r\nYour friends are launching change for girls and women. And they want you to, too!\r\n \r\nThey’ve invited you to join <a href=\"http://dev.deliver-platform.gotpantheon.com/team/mg-qa-test-aug07a\">[site:og-context--node:title]</a>  on Catapult, a crowdfunding platform for projects improving the lives of girls and women around the world. \r\n\r\nJoin the team now >  <a href=\"http://dev.deliver-platform.gotpantheon.com/invite/accept/jddj8SbQ\"> Join MG QA Test Aug, Test Team 6, MG QA Test Aug07, MG QA Test Aug07a</a>\r\n\r\nAnd see [site:og-context--node:title]’s projects here > MG_teamstest802 suggests you check out these current projects\n\nhttp://dev.deliver-platform.gotpantheon.com/project/robot-maids-moms \n\n  \r\n\r\nMG_teamstest802 also sent you this message:\n\nJoin join join join join join join join join join join JOIN!\r\n\r\nSee you there,\r\nMG_teamstest802\r\n\r\nsite:og-context--node =  [site:og-context--node]\r\n\r\nsite:og-context--node:group-group = [site:og-context--node:group-group]\r\n\r\nsite:og-context--node:og-group-ref = [site:og-context--node:og-group-ref]\r\n\r\n\r\n\r\n\r\n<div>\r\n	<img alt=\"Catapult.org\" src=\"/sites/default/files/images/medlogo.png\" style=\"width: 244px; height: 75px; \" /></div>\r\n\";s:14:\"organic_groups\";a:1:{i:0;s:8:\"node|446\";}}'),(63,'QUUM3nfU','wcooper+testinvite807a@mindgrub.com',155,0,1344353039,1349537039,0,1,0,'a:3:{s:7:\"subject\";s:39:\"MG_teamstest802 has sent you an invite!\";s:7:\"message\";s:958:\"Hey, get in the game!\r\n\r\nYour friends are launching change for girls and women. And they want you to, too!\r\n \r\nThey’ve invited you to join <a href=\"http://dev.deliver-platform.gotpantheon.com/team/mg-qa-test-aug07a\">[group:title]</a>  on Catapult, a crowdfunding platform for projects improving the lives of girls and women around the world. \r\n\r\nJoin the team now >  <a href=\"http://dev.deliver-platform.gotpantheon.com/invite/accept/QUUM3nfU\"> Join [group:title]</a>\r\n\r\nAnd see [group:title]’s projects here > MG_teamstest802 suggests you check out these current projects\n\nhttp://dev.deliver-platform.gotpantheon.com/project/moms-space \n\nhttp://dev.deliver-platform.gotpantheon.com/project/robot-maids-moms \n\n  \r\n\r\nMG_teamstest802 also sent you this message:\n\njoin join join join join join\r\n\r\nSee you there,\r\nMG_teamstest802\r\n\r\n<div>\r\n	<img alt=\"Catapult.org\" src=\"/sites/default/files/images/medlogo.png\" style=\"width: 244px; height: 75px; \" /></div>\r\n\";s:14:\"organic_groups\";a:1:{i:0;s:8:\"node|446\";}}'),(64,'EkyGSALF',' wcooper+testinvite807b@mindgrub.com',155,0,1344353039,1349537039,0,0,0,'a:3:{s:7:\"subject\";s:39:\"MG_teamstest802 has sent you an invite!\";s:7:\"message\";s:958:\"Hey, get in the game!\r\n\r\nYour friends are launching change for girls and women. And they want you to, too!\r\n \r\nThey’ve invited you to join <a href=\"http://dev.deliver-platform.gotpantheon.com/team/mg-qa-test-aug07a\">[group:title]</a>  on Catapult, a crowdfunding platform for projects improving the lives of girls and women around the world. \r\n\r\nJoin the team now >  <a href=\"http://dev.deliver-platform.gotpantheon.com/invite/accept/EkyGSALF\"> Join [group:title]</a>\r\n\r\nAnd see [group:title]’s projects here > MG_teamstest802 suggests you check out these current projects\n\nhttp://dev.deliver-platform.gotpantheon.com/project/moms-space \n\nhttp://dev.deliver-platform.gotpantheon.com/project/robot-maids-moms \n\n  \r\n\r\nMG_teamstest802 also sent you this message:\n\njoin join join join join join\r\n\r\nSee you there,\r\nMG_teamstest802\r\n\r\n<div>\r\n	<img alt=\"Catapult.org\" src=\"/sites/default/files/images/medlogo.png\" style=\"width: 244px; height: 75px; \" /></div>\r\n\";s:14:\"organic_groups\";a:1:{i:0;s:8:\"node|446\";}}'),(65,'v7ZYfXuF','gcarmona+1151@mindgrub.com',163,0,1344354555,1349538555,0,0,0,'a:3:{s:7:\"subject\";s:38:\"AustinScarlett has sent you an invite!\";s:7:\"message\";s:964:\"Hey, get in the game!\r\n\r\nYour friends are launching change for girls and women. And they want you to, too!\r\n \r\nThey’ve invited you to join <a href=\"http://dev.deliver-platform.gotpantheon.com/team/last-team-test\">[group:title]</a>  on Catapult, a crowdfunding platform for projects improving the lives of girls and women around the world. \r\n\r\nJoin the team now >  <a href=\"http://dev.deliver-platform.gotpantheon.com/invite/accept/v7ZYfXuF\"> Join [group:title]</a>\r\n\r\nAnd see [group:title]’s projects here > AustinScarlett suggests you check out these current projects\n\nhttp://dev.deliver-platform.gotpantheon.com/project/building-school-library \n\nhttp://dev.deliver-platform.gotpantheon.com/project/mobile-phones-health \n\n  \r\n\r\nAustinScarlett also sent you this message:\n\noptional message is here\r\n\r\nSee you there,\r\nAustinScarlett\r\n\r\n<div>\r\n	<img alt=\"Catapult.org\" src=\"/sites/default/files/images/medlogo.png\" style=\"width: 244px; height: 75px; \" /></div>\r\n\";s:14:\"organic_groups\";a:1:{i:0;s:8:\"node|449\";}}'),(71,'yBu3fv8D','gcarmona+1602@mindgrub.com',161,0,1344369746,1349553746,0,0,0,'a:3:{s:7:\"subject\";s:34:\"Gracetest2 has sent you an invite!\";s:7:\"message\";s:836:\"Hey, get in the game!\r\n\r\nYour friends are launching change for girls and women. And they want you to, too!\r\n \r\nThey’ve invited you to join <a href=\"http://dev.deliver-platform.gotpantheon.com/team/team-new\">A Team New</a>  on Catapult, a crowdfunding platform for projects improving the lives of girls and women around the world. \r\n\r\nJoin the team now >  <a href=\"http://dev.deliver-platform.gotpantheon.com/invite/accept/yBu3fv8D\"> Join A Team New</a>\r\n\r\nAnd see A Team New’s projects here > \n\n<a href=\"http://dev.deliver-platform.gotpantheon.com/project/building-school-library\">Building a School Library</a> \n\n  \r\n\r\nGracetest2 also sent you this message:\n\nthis is a test\r\n\r\nSee you there,\r\nGracetest2\r\n\r\n<div>\r\n	<img alt=\"Catapult.org\" src=\"/sites/default/files/images/medlogo.png\" style=\"width: 244px; height: 75px; \" /></div>\r\n\";s:14:\"organic_groups\";a:1:{i:0;s:8:\"node|413\";}}'),(72,'gghQjLSv','jmerritt+August7th@gmail.com',22,0,1344371374,1349555374,0,0,0,'a:3:{s:7:\"subject\";s:31:\"wdadmin has sent you an invite!\";s:7:\"message\";s:990:\"Hey, get in the game!\r\n\r\nYour friends are launching change for girls and women. And they want you to, too!\r\n \r\nThey’ve invited you to join <a href=\"http://dev.deliver-platform.gotpantheon.com/team/jannette-ms-team\">Jannette M\'s Team</a>  on Catapult, a crowdfunding platform for projects improving the lives of girls and women around the world. \r\n\r\nJoin the team now >  <a href=\"http://dev.deliver-platform.gotpantheon.com/invite/accept/gghQjLSv\"> Join Jannette M\'s Team</a>\r\n\r\nAnd see Jannette M\'s Team’s projects here > \n\n<a href=\"http://dev.deliver-platform.gotpantheon.com/project/child-friendly-temporary-tent-schools\">Child-Friendly Temporary Tent schools</a> \n\n<a href=\"http://dev.deliver-platform.gotpantheon.com/project/motorcycles-moms\">Motorcycles for Moms</a> \n\n  \r\n\r\nwdadmin also sent you this message:\n\nQue locura!!!\r\n\r\nSee you there,\r\nwdadmin\r\n\r\n<div>\r\n	<img alt=\"Catapult.org\" src=\"/sites/default/files/images/medlogo.png\" style=\"width: 244px; height: 75px; \" /></div>\r\n\";s:14:\"organic_groups\";a:1:{i:0;s:8:\"node|462\";}}'),(73,'uTTqnQrP','gcarmona+1720@mindgrub.com',163,0,1344374435,1349558435,0,0,0,'a:3:{s:7:\"subject\";s:38:\"AustinScarlett has sent you an invite!\";s:7:\"message\";s:750:\"Hey, get in the game!\r\n\r\nYour friends are launching change for girls and women. And they want you to, too!\r\n \r\nThey’ve invited you to join <a href=\"http://dev.deliver-platform.gotpantheon.com/team/last-team-test\">Last team test</a>  on Catapult, a crowdfunding platform for projects improving the lives of girls and women around the world. \r\n\r\nJoin the team now >  <a href=\"http://dev.deliver-platform.gotpantheon.com/invite/accept/uTTqnQrP\"> Join Last team test</a>\r\n\r\nAnd see Last team test’s projects here > [deliver:projects]  \r\n\r\nAustinScarlett also sent you this message:\n\nbleh\r\n\r\nSee you there,\r\nAustinScarlett\r\n\r\n<div>\r\n	<img alt=\"Catapult.org\" src=\"/sites/default/files/images/medlogo.png\" style=\"width: 244px; height: 75px; \" /></div>\r\n\";s:14:\"organic_groups\";a:1:{i:0;s:8:\"node|449\";}}'),(74,'Ds53kUJK','gcarmona+1031@mindgrub.com',163,0,1344436310,1349620310,0,0,0,'a:3:{s:7:\"subject\";s:38:\"AustinScarlett has sent you an invite!\";s:7:\"message\";s:882:\"Hey, get in the game!\r\n\r\nYour friends are launching change for girls and women. And they want you to, too!\r\n \r\nThey’ve invited you to join <a href=\"http://dev.deliver-platform.gotpantheon.com/team/facebook-team\">[deliver:group_name]</a>  on Catapult, a crowdfunding platform for projects improving the lives of girls and women around the world. \r\n\r\nJoin the team now >  <a href=\"http://dev.deliver-platform.gotpantheon.com/invite/accept/Ds53kUJK\"> Join [deliver:group_name]</a>\r\n\r\nAnd see [deliver:group_name]’s projects here > \n\n<a href=\"http://dev.deliver-platform.gotpantheon.com/project/building-school-library\">Building a School Library</a> \n\n  \r\n\r\nAustinScarlett also sent you this message:\n\nmessage, smessage\r\n\r\nSee you there,\r\nAustinScarlett\r\n\r\n<div>\r\n	<img alt=\"Catapult.org\" src=\"/sites/default/files/images/medlogo.png\" style=\"width: 244px; height: 75px; \" /></div>\r\n\";s:14:\"organic_groups\";a:1:{i:0;s:8:\"node|433\";}}'),(75,'2N9jpi4K','gcarmona+1047@mindgrub.com',163,0,1344437296,1349621296,0,0,0,'a:3:{s:7:\"subject\";s:38:\"AustinScarlett has sent you an invite!\";s:7:\"message\";s:1003:\"Hey, get in the game!\r\n\r\nYour friends are launching change for girls and women. And they want you to, too!\r\n \r\nThey’ve invited you to join <a href=\"http://dev.deliver-platform.gotpantheon.com/team/last-team-test\">[deliver:group_name]</a>  on Catapult, a crowdfunding platform for projects improving the lives of girls and women around the world. \r\n\r\nJoin the team now >  <a href=\"http://dev.deliver-platform.gotpantheon.com/invite/accept/2N9jpi4K\"> Join [deliver:group_name]</a>\r\n\r\nAnd see [deliver:group_name]’s projects here > \n\n<a href=\"http://dev.deliver-platform.gotpantheon.com/project/building-school-library\">Building a School Library</a> \n\n<a href=\"http://dev.deliver-platform.gotpantheon.com/project/mobile-phones-health\">Mobile Phones for Health</a> \n\n  \r\n\r\nAustinScarlett also sent you this message:\n\ntesting...\r\n\r\nHi Brian!\r\n\r\nSee you there,\r\nAustinScarlett\r\n\r\n<div>\r\n	<img alt=\"Catapult.org\" src=\"/sites/default/files/images/medlogo.png\" style=\"width: 244px; height: 75px; \" /></div>\r\n\";s:14:\"organic_groups\";a:1:{i:0;s:8:\"node|449\";}}'),(76,'MY67Gbp5','bwalker@mindgrub.com',1,0,1344437744,1349621744,0,0,0,'a:3:{s:7:\"subject\";s:29:\"admin has sent you an invite!\";s:7:\"message\";s:1104:\"Hey, get in the game!\r\n\r\nYour friends are launching change for girls and women. And they want you to, too!\r\n \r\nThey’ve invited you to join <a href=\"http://dev.deliver-platform.gotpantheon.com/team/team-new\">A Team New</a>  on Catapult, a crowdfunding platform for projects improving the lives of girls and women around the world. \r\n\r\nJoin the team now >  <a href=\"http://dev.deliver-platform.gotpantheon.com/invite/accept/MY67Gbp5\"> Join A Team New</a>\r\n\r\nAnd see A Team New’s projects here > \n\n<a href=\"http://dev.deliver-platform.gotpantheon.com/project/solar-suitcase-hospitals\">Solar Suitcase for Hospitals</a> \n\n<a href=\"http://dev.deliver-platform.gotpantheon.com/project/solar-powered-school-computer-lab\">Solar-Powered School Computer Lab </a> \n\n<a href=\"http://dev.deliver-platform.gotpantheon.com/project/poppy-project\">The Poppy Project</a> \n\n  \r\n\r\nadmin also sent you this message:\n\nThis is my test test test fir group/team_name token\r\n\r\nSee you there,\r\nadmin\r\n\r\n<div>\r\n	<img alt=\"Catapult.org\" src=\"/sites/default/files/images/medlogo.png\" style=\"width: 244px; height: 75px; \" /></div>\r\n\";s:14:\"organic_groups\";a:1:{i:0;s:8:\"node|413\";}}'),(77,'ihTXAZRz','lgcarmona@gmail.com',1,0,1344437744,1349621744,0,0,0,'a:3:{s:7:\"subject\";s:29:\"admin has sent you an invite!\";s:7:\"message\";s:1104:\"Hey, get in the game!\r\n\r\nYour friends are launching change for girls and women. And they want you to, too!\r\n \r\nThey’ve invited you to join <a href=\"http://dev.deliver-platform.gotpantheon.com/team/team-new\">A Team New</a>  on Catapult, a crowdfunding platform for projects improving the lives of girls and women around the world. \r\n\r\nJoin the team now >  <a href=\"http://dev.deliver-platform.gotpantheon.com/invite/accept/ihTXAZRz\"> Join A Team New</a>\r\n\r\nAnd see A Team New’s projects here > \n\n<a href=\"http://dev.deliver-platform.gotpantheon.com/project/solar-suitcase-hospitals\">Solar Suitcase for Hospitals</a> \n\n<a href=\"http://dev.deliver-platform.gotpantheon.com/project/solar-powered-school-computer-lab\">Solar-Powered School Computer Lab </a> \n\n<a href=\"http://dev.deliver-platform.gotpantheon.com/project/poppy-project\">The Poppy Project</a> \n\n  \r\n\r\nadmin also sent you this message:\n\nThis is my test test test fir group/team_name token\r\n\r\nSee you there,\r\nadmin\r\n\r\n<div>\r\n	<img alt=\"Catapult.org\" src=\"/sites/default/files/images/medlogo.png\" style=\"width: 244px; height: 75px; \" /></div>\r\n\";s:14:\"organic_groups\";a:1:{i:0;s:8:\"node|413\";}}'),(78,'uNyTiykk','brad.tee@gmail.com',1,0,1344445040,1349629040,0,0,0,'a:3:{s:7:\"subject\";s:29:\"admin has sent you an invite!\";s:7:\"message\";s:960:\"Hey, get in the game!\r\n\r\nYour friends are launching change for girls and women. And they want you to, too!\r\n \r\nThey’ve invited you to join <a href=\"http://dev.deliver-platform.gotpantheon.com/team/curated-test-team\">Curated Test Team</a>  on Catapult, a crowdfunding platform for projects improving the lives of girls and women around the world. \r\n\r\nJoin the team now >  <a href=\"http://dev.deliver-platform.gotpantheon.com/invite/accept/uNyTiykk\"> Join Curated Test Team</a>\r\n\r\nAnd see Curated Test Team’s projects here > \n\n<a href=\"http://dev.deliver-platform.gotpantheon.com/project/poppy-project\">The Poppy Project</a> \n\n<a href=\"http://dev.deliver-platform.gotpantheon.com/project/training-and-leadership-coaching-0\">Training and Leadership Coaching</a> \n\n  \r\n\r\nadmin also sent you this message:\n\n\r\n\r\nSee you there,\r\nadmin\r\n\r\n<div>\r\n	<img alt=\"Catapult.org\" src=\"/sites/default/files/images/medlogo.png\" style=\"width: 244px; height: 75px; \" /></div>\r\n\";s:14:\"organic_groups\";a:1:{i:0;s:8:\"node|465\";}}'),(79,'MDqgmsCP','mforr@mindgrub.com',174,0,1344629502,1349814527,0,0,1,'a:3:{s:7:\"subject\";s:29:\"mforr has sent you an invite!\";s:7:\"message\";s:1065:\"Hey, get in the game!\r\n\r\nYour friends are launching change for girls and women. And they want you to, too!\r\n \r\nThey’ve invited you to join <a href=\"http://dev.deliver-platform.gotpantheon.com/team/another-test-team\">Another Test Team</a>  on Catapult, a crowdfunding platform for projects improving the lives of girls and women around the world. \r\n\r\nJoin the team now >  <a href=\"http://dev.deliver-platform.gotpantheon.com/invite/accept/MDqgmsCP\"> Join Another Test Team</a>\r\n\r\nAnd see Another Test Team’s projects here > \n\n<a href=\"http://dev.deliver-platform.gotpantheon.com/project/building-school-library\">Building a School Library</a> \n\n<a href=\"http://dev.deliver-platform.gotpantheon.com/project/robot-maids-moms\">Robot Maids for Moms</a> \n\n<a href=\"http://dev.deliver-platform.gotpantheon.com/project/status-tags-test\">Status Tags Test</a> \n\n  \r\n\r\nmforr also sent you this message:\n\nSomething thing\r\n\r\nSee you there,\r\nmforr\r\n\r\n<div>\r\n	<img alt=\"Catapult.org\" src=\"/sites/default/files/images/medlogo.png\" style=\"width: 244px; height: 75px; \" /></div>\r\n\";s:14:\"organic_groups\";a:1:{i:0;s:8:\"node|504\";}}'),(80,'28RydzhF','wcooper+invite813a@mindgrub.com',16,0,1344862843,1350046843,0,0,0,'a:3:{s:7:\"subject\";s:33:\"MG_Tester has sent you an invite!\";s:7:\"message\";s:724:\"Hey, get in the game!\r\n\r\nYour friends are launching change for girls and women. And they want you to, too!\r\n \r\nThey’ve invited you to join <a href=\"http://dev.deliver-platform.gotpantheon.com/team/test-team-2\">Test Team 2</a>  on Catapult, a crowdfunding platform for projects improving the lives of girls and women around the world. \r\n\r\nJoin the team now >  <a href=\"http://dev.deliver-platform.gotpantheon.com/invite/accept/28RydzhF\"> Join Test Team 2</a>\r\n\r\nAnd see Test Team 2’s projects here > [deliver:projects]  \r\n\r\nMG_Tester also sent you this message:\n\n\r\n\r\nSee you there,\r\nMG_Tester\r\n\r\n<div>\r\n	<img alt=\"Catapult.org\" src=\"/sites/default/files/images/medlogo.png\" style=\"width: 244px; height: 75px; \" /></div>\r\n\";s:14:\"organic_groups\";a:1:{i:0;s:8:\"node|142\";}}'),(81,'fgvcwuTE','gcarmona+1441@mindgrub.com',1,180,1344883302,1350067302,1344883413,0,0,'a:3:{s:7:\"subject\";s:29:\"admin has sent you an invite!\";s:7:\"message\";s:968:\"Hey, get in the game!\r\n\r\nYour friends are launching change for girls and women. And they want you to, too!\r\n \r\nThey’ve invited you to join <a href=\"http://dev.deliver-platform.gotpantheon.com/team/curated-test-team\">Curated Test Team</a>  on Catapult, a crowdfunding platform for projects improving the lives of girls and women around the world. \r\n\r\nJoin the team now >  <a href=\"http://dev.deliver-platform.gotpantheon.com/invite/accept/fgvcwuTE\"> Join Curated Test Team</a>\r\n\r\nAnd see Curated Test Team’s projects here > \n\n<a href=\"http://dev.deliver-platform.gotpantheon.com/project/building-school-library\">Building a School Library</a> \n\n<a href=\"http://dev.deliver-platform.gotpantheon.com/project/mobile-phones-health\">Mobile Phones for Health</a> \n\n  \r\n\r\nadmin also sent you this message:\n\nmessage text\r\n\r\nSee you there,\r\nadmin\r\n\r\n<div>\r\n	<img alt=\"Catapult.org\" src=\"/sites/default/files/images/medlogo.png\" style=\"width: 244px; height: 75px; \" /></div>\r\n\";s:14:\"organic_groups\";a:1:{i:0;s:8:\"node|465\";}}'),(82,'cChxXKLB','agarcia@ecorexperience.com',96,0,1344973885,1350157885,0,0,0,'a:3:{s:7:\"subject\";s:34:\"junglesbee has sent you an invite!\";s:7:\"message\";s:722:\"Hey, get in the game!\r\n\r\nYour friends are launching change for girls and women. And they want you to, too!\r\n \r\nThey’ve invited you to join <a href=\"http://dev.deliver-platform.gotpantheon.com/team/mg-qa-test\">MG QA Test</a>  on Catapult, a crowdfunding platform for projects improving the lives of girls and women around the world. \r\n\r\nJoin the team now >  <a href=\"http://dev.deliver-platform.gotpantheon.com/invite/accept/cChxXKLB\"> Join MG QA Test</a>\r\n\r\nAnd see MG QA Test’s projects here > [deliver:projects]  \r\n\r\njunglesbee also sent you this message:\n\n\r\n\r\nSee you there,\r\njunglesbee\r\n\r\n<div>\r\n	<img alt=\"Catapult.org\" src=\"/sites/default/files/images/medlogo.png\" style=\"width: 244px; height: 75px; \" /></div>\r\n\";s:14:\"organic_groups\";a:1:{i:0;s:8:\"node|415\";}}'),(83,'pVFFzmpq','gcarmona+1320@mindgrub.com',183,0,1345137718,1350321718,0,0,0,'a:3:{s:7:\"subject\";s:35:\"testprofile has sent you an invite!\";s:7:\"message\";s:841:\"Hey, get in the game!\r\n\r\nYour friends are launching change for girls and women. And they want you to, too!\r\n \r\nThey’ve invited you to join <a href=\"http://dev.deliver-platform.gotpantheon.com/team/tiny-test-team\">tiny test team</a>  on Catapult, a crowdfunding platform for projects improving the lives of girls and women around the world. \r\n\r\nJoin the team now >  <a href=\"http://dev.deliver-platform.gotpantheon.com/invite/accept/pVFFzmpq\"> Join tiny test team</a>\r\n\r\nAnd see tiny test team’s projects here > \n\n<a href=\"http://dev.deliver-platform.gotpantheon.com/project/june-29-test-project\">June 29 Test Project</a> \n\n  \r\n\r\ntestprofile also sent you this message:\n\njoining\r\n\r\nSee you there,\r\ntestprofile\r\n\r\n<div>\r\n	<img alt=\"Catapult.org\" src=\"/sites/default/files/images/medlogo.png\" style=\"width: 244px; height: 75px; \" /></div>\r\n\";s:14:\"organic_groups\";a:1:{i:0;s:8:\"node|534\";}}'),(84,'mjp5XKWs',' Jmerritt+teammember2@mindgrub.com',185,0,1345163179,1350347179,0,0,0,'a:3:{s:7:\"subject\";s:37:\"Team Member 2 has sent you an invite!\";s:7:\"message\";s:1102:\"Hey, get in the game!\r\n\r\nYour friends are launching change for girls and women. And they want you to, too!\r\n \r\nThey’ve invited you to join <a href=\"http://dev.deliver-platform.gotpantheon.com/team/helping-my-hobby\">Helping is my Hobby</a>  on Catapult, a crowdfunding platform for projects improving the lives of girls and women around the world. \r\n\r\nJoin the team now >  <a href=\"http://dev.deliver-platform.gotpantheon.com/invite/accept/mjp5XKWs\"> Join Helping is my Hobby</a>\r\n\r\nAnd see Helping is my Hobby’s projects here > \n\n<a href=\"http://dev.deliver-platform.gotpantheon.com/project/building-school-library\">Building a School Library</a> \n\n<a href=\"http://dev.deliver-platform.gotpantheon.com/project/solar-water-pump-school-and-village-0\">Solar Water Pump for School and Village</a> \n\n  \r\n\r\nTeam Member 2 also sent you this message:\n\nHey this is just a simple message to see if you want to join my team:\r\n\r\nHelping is My Hobby.\r\n\r\nSee you there,\r\nTeam Member 2\r\n\r\n<div>\r\n	<img alt=\"Catapult.org\" src=\"/sites/default/files/images/medlogo.png\" style=\"width: 244px; height: 75px; \" /></div>\r\n\";s:14:\"organic_groups\";a:1:{i:0;s:8:\"node|536\";}}'),(85,'n2N4L3Qs',' Jmerritt+charlietester@mindgrub.com',185,0,1345163179,1350347179,0,0,0,'a:3:{s:7:\"subject\";s:37:\"Team Member 2 has sent you an invite!\";s:7:\"message\";s:1102:\"Hey, get in the game!\r\n\r\nYour friends are launching change for girls and women. And they want you to, too!\r\n \r\nThey’ve invited you to join <a href=\"http://dev.deliver-platform.gotpantheon.com/team/helping-my-hobby\">Helping is my Hobby</a>  on Catapult, a crowdfunding platform for projects improving the lives of girls and women around the world. \r\n\r\nJoin the team now >  <a href=\"http://dev.deliver-platform.gotpantheon.com/invite/accept/n2N4L3Qs\"> Join Helping is my Hobby</a>\r\n\r\nAnd see Helping is my Hobby’s projects here > \n\n<a href=\"http://dev.deliver-platform.gotpantheon.com/project/building-school-library\">Building a School Library</a> \n\n<a href=\"http://dev.deliver-platform.gotpantheon.com/project/solar-water-pump-school-and-village-0\">Solar Water Pump for School and Village</a> \n\n  \r\n\r\nTeam Member 2 also sent you this message:\n\nHey this is just a simple message to see if you want to join my team:\r\n\r\nHelping is My Hobby.\r\n\r\nSee you there,\r\nTeam Member 2\r\n\r\n<div>\r\n	<img alt=\"Catapult.org\" src=\"/sites/default/files/images/medlogo.png\" style=\"width: 244px; height: 75px; \" /></div>\r\n\";s:14:\"organic_groups\";a:1:{i:0;s:8:\"node|536\";}}'),(86,'msPZyyXY','robbykilgore@gmail.com',186,0,1345483817,1354220248,0,1,1,'a:3:{s:7:\"subject\";s:36:\"robbykilgore has sent you an invite!\";s:7:\"message\";s:850:\"Hey, get in the game!\r\n\r\nYour friends are launching change for girls and women. And they want you to, too!\r\n \r\nThey’ve invited you to join <a href=\"http://dev.deliver-platform.gotpantheon.com/team/rave-dragons\">Rave Dragons</a>  on Catapult, a crowdfunding platform for projects improving the lives of girls and women around the world. \r\n\r\nJoin the team now >  <a href=\"http://dev.deliver-platform.gotpantheon.com/invite/accept/msPZyyXY\"> Join Rave Dragons</a>\r\n\r\nAnd see Rave Dragons’s projects here > [deliver:projects]  \r\n\r\nrobbykilgore also sent you this message:\n\nHi there! I\'ve created a Team. \r\nAnd I added a video to the team page.\r\nNothing special, just wanted to test it.\r\nXO\r\n\r\nSee you there,\r\nrobbykilgore\r\n\r\n<div>\r\n	<img alt=\"Catapult.org\" src=\"/sites/default/files/images/medlogo.png\" style=\"width: 244px; height: 75px; \" /></div>\r\n\";s:14:\"organic_groups\";a:1:{i:0;s:8:\"node|548\";}}'),(87,'mmZByfyV',' wcooper@mindgrub.com',1,0,1345661471,1350845471,0,0,0,'a:3:{s:7:\"subject\";s:29:\"admin has sent you an invite!\";s:7:\"message\";s:1156:\"Hey, get in the game!\r\n\r\nYour friends are launching change for girls and women. And they want you to, too!\r\n \r\nThey’ve invited you to join <a href=\"http://dev.deliver-platform.gotpantheon.com/team/team-curated-wonderful-web-designers\">Team (Curated): Wonderful Web Designers</a>  on Catapult, a crowdfunding platform for projects improving the lives of girls and women around the world. \r\n\r\nJoin the team now >  <a href=\"http://dev.deliver-platform.gotpantheon.com/invite/accept/mmZByfyV\"> Join Team (Curated): Wonderful Web Designers</a>\r\n\r\nAnd see Team (Curated): Wonderful Web Designers’s projects here > \n\n<a href=\"http://dev.deliver-platform.gotpantheon.com/project/computer-skills-training\">Computer Skills Training  </a> \n\n<a href=\"http://dev.deliver-platform.gotpantheon.com/project/solar-powered-school-computer-lab\">Solar-Powered School Computer Lab </a> \n\n  \r\n\r\nadmin also sent you this message:\n\nHi All,\r\n\r\nJust testing out the creation of a curated team for Christie\'s skinning efforts\r\n\r\nSee you there,\r\nadmin\r\n\r\n<div>\r\n	<img alt=\"Catapult.org\" src=\"/sites/default/files/images/medlogo.png\" style=\"width: 244px; height: 75px; \" /></div>\r\n\";s:14:\"organic_groups\";a:1:{i:0;s:8:\"node|566\";}}'),(88,'PUUwnZzH',' cwood+curatedteam@mindgrub.com',1,0,1345661471,1350845471,0,0,0,'a:3:{s:7:\"subject\";s:29:\"admin has sent you an invite!\";s:7:\"message\";s:1156:\"Hey, get in the game!\r\n\r\nYour friends are launching change for girls and women. And they want you to, too!\r\n \r\nThey’ve invited you to join <a href=\"http://dev.deliver-platform.gotpantheon.com/team/team-curated-wonderful-web-designers\">Team (Curated): Wonderful Web Designers</a>  on Catapult, a crowdfunding platform for projects improving the lives of girls and women around the world. \r\n\r\nJoin the team now >  <a href=\"http://dev.deliver-platform.gotpantheon.com/invite/accept/PUUwnZzH\"> Join Team (Curated): Wonderful Web Designers</a>\r\n\r\nAnd see Team (Curated): Wonderful Web Designers’s projects here > \n\n<a href=\"http://dev.deliver-platform.gotpantheon.com/project/computer-skills-training\">Computer Skills Training  </a> \n\n<a href=\"http://dev.deliver-platform.gotpantheon.com/project/solar-powered-school-computer-lab\">Solar-Powered School Computer Lab </a> \n\n  \r\n\r\nadmin also sent you this message:\n\nHi All,\r\n\r\nJust testing out the creation of a curated team for Christie\'s skinning efforts\r\n\r\nSee you there,\r\nadmin\r\n\r\n<div>\r\n	<img alt=\"Catapult.org\" src=\"/sites/default/files/images/medlogo.png\" style=\"width: 244px; height: 75px; \" /></div>\r\n\";s:14:\"organic_groups\";a:1:{i:0;s:8:\"node|566\";}}'),(89,'NbNvRNwX','Merrij81@gmail.com',22,0,1345662961,1350846961,0,0,0,'a:3:{s:7:\"subject\";s:31:\"wdadmin has sent you an invite!\";s:7:\"message\";s:1108:\"Hey, get in the game!\r\n\r\nYour friends are launching change for girls and women. And they want you to, too!\r\n \r\nThey’ve invited you to join <a href=\"http://dev.deliver-platform.gotpantheon.com/team/team-curated-wonderful-web-designers\">Team (Curated): Wonderful Web Designers</a>  on Catapult, a crowdfunding platform for projects improving the lives of girls and women around the world. \r\n\r\nJoin the team now >  <a href=\"http://dev.deliver-platform.gotpantheon.com/invite/accept/NbNvRNwX\"> Join Team (Curated): Wonderful Web Designers</a>\r\n\r\nAnd see Team (Curated): Wonderful Web Designers’s projects here > \n\n<a href=\"http://dev.deliver-platform.gotpantheon.com/project/computer-skills-training\">Computer Skills Training  </a> \n\n<a href=\"http://dev.deliver-platform.gotpantheon.com/project/training-financial-independence-0\">Training for Financial Independence</a> \n\n  \r\n\r\nwdadmin also sent you this message:\n\nHey Jannette,\r\n\r\nCheck out this team.\r\n\r\nSee you there,\r\nwdadmin\r\n\r\n<div>\r\n	<img alt=\"Catapult.org\" src=\"/sites/default/files/images/medlogo.png\" style=\"width: 244px; height: 75px; \" /></div>\r\n\";s:14:\"organic_groups\";a:1:{i:0;s:8:\"node|567\";}}'),(90,'yDUJx92M','Jmerritt+SystemAdminTraining@mindgrub.com',22,0,1345735103,1350919103,0,0,0,'a:3:{s:7:\"subject\";s:31:\"wdadmin has sent you an invite!\";s:7:\"message\";s:1479:\"Hey, get in the game!\r\n\r\nYour friends are launching change for girls and women. And they want you to, too!\r\n \r\nThey’ve invited you to join <a href=\"http://dev.deliver-platform.gotpantheon.com/team/system-admin-training-team2\">System Admin Training: Team2</a>  on Catapult, a crowdfunding platform for projects improving the lives of girls and women around the world. \r\n\r\nJoin the team now >  <a href=\"http://dev.deliver-platform.gotpantheon.com/invite/accept/yDUJx92M\"> Join System Admin Training: Team2</a>\r\n\r\nAnd see System Admin Training: Team2’s projects here > \n\n<a href=\"http://dev.deliver-platform.gotpantheon.com/project/computer-skills-training\">Computer Skills Training  </a> \n\n<a href=\"http://dev.deliver-platform.gotpantheon.com/project/higher-education-everyone-3\">Higher Education for Everyone</a> \n\n<a href=\"http://dev.deliver-platform.gotpantheon.com/project/training-and-leadership-coaching-0\">Training and Leadership Coaching</a> \n\n<a href=\"http://dev.deliver-platform.gotpantheon.com/project/training-save-mothers-and-babies-0\">Training to Save Mothers and Babies </a> \n\n  \r\n\r\nwdadmin also sent you this message:\n\nJust testing out adding projects to System Admin Training: Team2 with video link of Queen Rania talking about the importance of women/girls and the use of social media to invest in them.\r\n\r\nSee you there,\r\nwdadmin\r\n\r\n<div>\r\n	<img alt=\"Catapult.org\" src=\"/sites/default/files/images/medlogo.png\" style=\"width: 244px; height: 75px; \" /></div>\r\n\";s:14:\"organic_groups\";a:1:{i:0;s:8:\"node|573\";}}'),(91,'JBRLUkMx','Jmerritt+Sept4TESTING@mindgrub.com',22,0,1346774854,1351958854,0,0,0,'a:3:{s:7:\"subject\";s:31:\"wdadmin has sent you an invite!\";s:7:\"message\";s:1196:\"Hey, get in the game!\r\n\r\nYour friends are launching change for girls and women. And they want you to, too!\r\n \r\nThey’ve invited you to join <a href=\"http://dev.deliver-platform.gotpantheon.com/team/september-4th-testing\">September 4th Testing</a>  on Catapult, a crowdfunding platform for projects improving the lives of girls and women around the world. \r\n\r\nJoin the team now >  <a href=\"http://dev.deliver-platform.gotpantheon.com/invite/accept/JBRLUkMx\"> Join September 4th Testing</a>\r\n\r\nAnd see September 4th Testing’s projects here > \n\n<a href=\"http://dev.deliver-platform.gotpantheon.com/project/building-school-library\">Building a School Library</a> \n\n<a href=\"http://dev.deliver-platform.gotpantheon.com/project/higher-education-everyone\">Higher Education for Everyone</a> \n\n<a href=\"http://dev.deliver-platform.gotpantheon.com/project/solar-powered-school-computer-lab\">Solar-Powered School Computer Lab </a> \n\n  \r\n\r\nwdadmin also sent you this message:\n\nhello, we are testing to see if projects show up under this curated team.\r\n\r\nSee you there,\r\nwdadmin\r\n\r\n<div>\r\n	<img alt=\"Catapult.org\" src=\"/sites/default/files/images/medlogo.png\" style=\"width: 244px; height: 75px; \" /></div>\r\n\";s:14:\"organic_groups\";a:1:{i:0;s:8:\"node|603\";}}'),(92,'YpTkjJVs','lcarmona@aol.com',219,0,1346786219,1351970219,0,0,0,'a:3:{s:7:\"subject\";s:37:\"gcarmonaagain has sent you an invite!\";s:7:\"message\";s:836:\"Hey, get in the game!\r\n\r\nYour friends are launching change for girls and women. And they want you to, too!\r\n \r\nThey’ve invited you to join <a href=\"http://dev.deliver-platform.gotpantheon.com/team/it-works\">it works</a>  on Catapult, a crowdfunding platform for projects improving the lives of girls and women around the world. \r\n\r\nJoin the team now >  <a href=\"http://dev.deliver-platform.gotpantheon.com/invite/accept/YpTkjJVs\"> Join it works</a>\r\n\r\nAnd see it works’s projects here > \n\n<a href=\"http://dev.deliver-platform.gotpantheon.com/project/building-school-library\">Building a School Library</a> \n\n  \r\n\r\ngcarmonaagain also sent you this message:\n\nthis is a test\r\n\r\nSee you there,\r\ngcarmonaagain\r\n\r\n<div>\r\n	<img alt=\"Catapult.org\" src=\"/sites/default/files/images/medlogo.png\" style=\"width: 244px; height: 75px; \" /></div>\r\n\";s:14:\"organic_groups\";a:1:{i:0;s:8:\"node|606\";}}'),(93,'9pU8mrvm','austin@lgcarmona.com',1,0,1346976693,1352160693,0,0,0,'a:3:{s:7:\"subject\";s:29:\"admin has sent you an invite!\";s:7:\"message\";s:829:\"Hey, get in the game!\r\n\r\nYour friends are launching change for girls and women. And they want you to, too!\r\n \r\nThey’ve invited you to join <a href=\"http://dev.deliver-platform.gotpantheon.com/team/team-curated-wonderful-web-designers\">Team (Curated): Wonderful Web Designers</a>  on Catapult, a crowdfunding platform for projects improving the lives of girls and women around the world. \r\n\r\nJoin the team now >  <a href=\"http://dev.deliver-platform.gotpantheon.com/invite/accept/9pU8mrvm\"> Join Team (Curated): Wonderful Web Designers</a>\r\n\r\nAnd see Team (Curated): Wonderful Web Designers’s projects here > [deliver:projects]  \r\n\r\nadmin also sent you this message:\n\ntest\r\n\r\nSee you there,\r\nadmin\r\n\r\n<div>\r\n	<img alt=\"Catapult.org\" src=\"/sites/default/files/images/medlogo.png\" style=\"width: 244px; height: 75px; \" /></div>\r\n\";s:14:\"organic_groups\";a:1:{i:0;s:8:\"node|567\";}}'),(94,'XU43R2ek','gcarmona+1141@mindgrub.com',1,0,1347464288,1352648288,0,0,0,'a:3:{s:7:\"subject\";s:29:\"admin has sent you an invite!\";s:7:\"message\";s:848:\"Hey, get in the game!\r\n\r\nYour friends are launching change for girls and women. And they want you to, too!\r\n \r\nThey’ve invited you to join <a href=\"http://dev.deliver-platform.gotpantheon.com/team/steve\">Steve</a>  on Catapult, a crowdfunding platform for projects improving the lives of girls and women around the world. \r\n\r\nJoin the team now >  <a href=\"http://dev.deliver-platform.gotpantheon.com/invite/accept/XU43R2ek\"> Join Steve</a>\r\n\r\nAnd see Steve’s projects here > \n\n<a href=\"http://dev.deliver-platform.gotpantheon.com/project/building-school-library\">Building a School Library</a> \n\n  \r\n\r\nadmin also sent you this message:\n\ntesting invites\r\n\r\nSee you there,\r\nadmin\r\n[user:field_full_name]\r\nWomen Deliver\r\n\r\n<div>\r\n	<img alt=\"Catapult.org\" src=\"/sites/default/files/images/medlogo.png\" style=\"width: 244px; height: 75px; \" /></div>\r\n\";s:14:\"organic_groups\";a:1:{i:0;s:8:\"node|661\";}}'),(95,'qKGRKKFR','gcarmona+1142@mindgrub.com',1,0,1347464390,1352648390,0,0,0,'a:3:{s:7:\"subject\";s:29:\"admin has sent you an invite!\";s:7:\"message\";s:839:\"Hey, get in the game!\r\n\r\nYour friends are launching change for girls and women. And they want you to, too!\r\n \r\nThey’ve invited you to join <a href=\"http://dev.deliver-platform.gotpantheon.com/team/steve\">Steve</a>  on Catapult, a crowdfunding platform for projects improving the lives of girls and women around the world. \r\n\r\nJoin the team now >  <a href=\"http://dev.deliver-platform.gotpantheon.com/invite/accept/qKGRKKFR\"> Join Steve</a>\r\n\r\nAnd see Steve’s projects here > \n\n<a href=\"http://dev.deliver-platform.gotpantheon.com/project/child-friendly-temporary-tent-schools\">Child-Friendly Temporary Tent schools</a> \n\n  \r\n\r\nadmin also sent you this message:\n\ntesting 123\r\n\r\nSee you there,\r\nWomen Deliver\r\n\r\n<div>\r\n	<img alt=\"Catapult.org\" src=\"/sites/default/files/images/medlogo.png\" style=\"width: 244px; height: 75px; \" /></div>\r\n\";s:14:\"organic_groups\";a:1:{i:0;s:8:\"node|661\";}}'),(96,'GZLiCr3S','wcooper+invite912@mindgrub.com',155,0,1347464958,1352654266,0,0,1,'a:3:{s:7:\"subject\";s:39:\"MG_teamstest802 has sent you an invite!\";s:7:\"message\";s:939:\"Hey, get in the game!\r\n\r\nYour friends are launching change for girls and women. And they want you to, too!\r\n \r\nThey’ve invited you to join <a href=\"http://dev.deliver-platform.gotpantheon.com/team/test-team-912\">Test Team 912</a>  on Catapult, a crowdfunding platform for projects improving the lives of girls and women around the world. \r\n\r\nJoin the team now >  <a href=\"http://dev.deliver-platform.gotpantheon.com/invite/accept/GZLiCr3S\"> Join Test Team 912</a>\r\n\r\nAnd see Test Team 912’s projects here > \n\n<a href=\"http://dev.deliver-platform.gotpantheon.com/project/field-vehicle-needed-urgently-reach-remote-women-farmers\">Field vehicle needed urgently to reach remote women farmers!</a> \n\n  \r\n\r\nMG_teamstest802 also sent you this message:\n\ninvite message blah blah\r\n\r\nSee you there,\r\nLiam O&#039;Hare\r\n\r\n<div>\r\n	<img alt=\"Catapult.org\" src=\"/sites/default/files/images/medlogo.png\" style=\"width: 244px; height: 75px; \" /></div>\r\n\";s:14:\"organic_groups\";a:1:{i:0;s:8:\"node|663\";}}'),(97,'v9XdUT72','gcarmona+1312@mindgrub.com',1,0,1347469898,1352653898,0,0,0,'a:3:{s:7:\"subject\";s:37:\"Women Deliver has sent you an invite!\";s:7:\"message\";s:848:\"Hey, get in the game!\r\n\r\nYour friends are launching change for girls and women. And they want you to, too!\r\n \r\nThey’ve invited you to join <a href=\"http://dev.deliver-platform.gotpantheon.com/team/team-new\">A Team New</a>  on Catapult, a crowdfunding platform for projects improving the lives of girls and women around the world. \r\n\r\nJoin the team now >  <a href=\"http://dev.deliver-platform.gotpantheon.com/invite/accept/v9XdUT72\"> Join A Team New</a>\r\n\r\nAnd see A Team New’s projects here > \n\n<a href=\"http://dev.deliver-platform.gotpantheon.com/project/building-school-library\">Building a School Library</a> \n\n  \r\n\r\nWomen Deliver also sent you this message:\n\ntest this part, too!\r\n\r\nSee you there,\r\nWomen Deliver\r\n\r\n<div>\r\n	<img alt=\"Catapult.org\" src=\"/sites/default/files/images/medlogo.png\" style=\"width: 244px; height: 75px; \" /></div>\r\n\";s:14:\"organic_groups\";a:1:{i:0;s:8:\"node|413\";}}'),(98,'xubP9Hs4','wcooper+invite912a@mindgrub.com',155,0,1347470314,1352654314,0,0,0,'a:3:{s:7:\"subject\";s:40:\"Liam O&#039;Hare has sent you an invite!\";s:7:\"message\";s:864:\"Hey, get in the game!\r\n\r\nYour friends are launching change for girls and women. And they want you to, too!\r\n \r\nThey’ve invited you to join <a href=\"http://dev.deliver-platform.gotpantheon.com/team/test-team-912\">Test Team 912</a>  on Catapult, a crowdfunding platform for projects improving the lives of girls and women around the world. \r\n\r\nJoin the team now >  <a href=\"http://dev.deliver-platform.gotpantheon.com/invite/accept/xubP9Hs4\"> Join Test Team 912</a>\r\n\r\nAnd see Test Team 912’s projects here > \n\n<a href=\"http://dev.deliver-platform.gotpantheon.com/project/building-school-library\">Building a School Library</a> \n\n  \r\n\r\nLiam O&#039;Hare also sent you this message:\n\ninvite text here\r\n\r\nSee you there,\r\nLiam O&#039;Hare\r\n\r\n<div>\r\n	<img alt=\"Catapult.org\" src=\"/sites/default/files/images/medlogo.png\" style=\"width: 244px; height: 75px; \" /></div>\r\n\";s:14:\"organic_groups\";a:1:{i:0;s:8:\"node|663\";}}'),(99,'C8dwBe4A','Jmerritt+Tester@mindgrub.com',40,0,1347506893,1352690893,0,1,0,'a:3:{s:7:\"subject\";s:36:\"Delta Tester has sent you an invite!\";s:7:\"message\";s:778:\"Hey, get in the game!\r\n\r\nYour friends are launching change for girls and women. And they want you to, too!\r\n \r\nThey’ve invited you to join <a href=\"http://dev.deliver-platform.gotpantheon.com/team/feel-free-delete\">Feel free to delete</a>  on Catapult, a crowdfunding platform for projects improving the lives of girls and women around the world. \r\n\r\nJoin the team now >  <a href=\"http://dev.deliver-platform.gotpantheon.com/invite/accept/C8dwBe4A\"> Join Feel free to delete</a>\r\n\r\nAnd see Feel free to delete’s projects here > [deliver:projects]  \r\n\r\nDelta Tester also sent you this message:\n\nTesting testing 123\r\n\r\nSee you there,\r\nDelta Tester\r\n\r\n<div>\r\n	<img alt=\"Catapult.org\" src=\"/sites/default/files/images/medlogo.png\" style=\"width: 244px; height: 75px; \" /></div>\r\n\";s:14:\"organic_groups\";a:1:{i:0;s:8:\"node|670\";}}'),(100,'wwkUUo7W',' Jmerritt+Testingagain@mindgrub.com',40,0,1347506893,1352690911,0,0,1,'a:3:{s:7:\"subject\";s:36:\"Delta Tester has sent you an invite!\";s:7:\"message\";s:778:\"Hey, get in the game!\r\n\r\nYour friends are launching change for girls and women. And they want you to, too!\r\n \r\nThey’ve invited you to join <a href=\"http://dev.deliver-platform.gotpantheon.com/team/feel-free-delete\">Feel free to delete</a>  on Catapult, a crowdfunding platform for projects improving the lives of girls and women around the world. \r\n\r\nJoin the team now >  <a href=\"http://dev.deliver-platform.gotpantheon.com/invite/accept/wwkUUo7W\"> Join Feel free to delete</a>\r\n\r\nAnd see Feel free to delete’s projects here > [deliver:projects]  \r\n\r\nDelta Tester also sent you this message:\n\nTesting testing 123\r\n\r\nSee you there,\r\nDelta Tester\r\n\r\n<div>\r\n	<img alt=\"Catapult.org\" src=\"/sites/default/files/images/medlogo.png\" style=\"width: 244px; height: 75px; \" /></div>\r\n\";s:14:\"organic_groups\";a:1:{i:0;s:8:\"node|670\";}}'),(101,'EvVZoprj',' charlie.kilgore@gmail.com',10,0,1348020478,1353204478,0,0,0,'a:3:{s:7:\"subject\";s:35:\"maz kessler has sent you an invite!\";s:7:\"message\";s:1139:\"Hey, get in the game!\r\n\r\nYour friends are launching change for girls and women. And they want you to, too!\r\n \r\nThey’ve invited you to join <a href=\"http://dev.deliver-platform.gotpantheon.com/team/cant-rush-genius\">Can\'t Rush Genius</a>  on Catapult, a crowdfunding platform for projects improving the lives of girls and women around the world. \r\n\r\nJoin the team now >  <a href=\"http://dev.deliver-platform.gotpantheon.com/invite/accept/EvVZoprj\"> Join Can\'t Rush Genius</a>\r\n\r\nAnd see Can\'t Rush Genius’s projects here > \n\n<a href=\"http://dev.deliver-platform.gotpantheon.com/project/field-vehicle-needed-urgently-reach-remote-women-farmers\">Field vehicle needed urgently to reach remote women farmers!</a> \n\n<a href=\"http://dev.deliver-platform.gotpantheon.com/project/generous-goggle-giveaway-granted-women-working-underwater\">Generous Goggle Giveaway Granted to Women Working Underwater</a> \n\n  \r\n\r\nmaz kessler also sent you this message:\n\nyou\'re well suited to this team\r\n\r\nSee you there,\r\nmaz kessler\r\n\r\n<div>\r\n	<img alt=\"Catapult.org\" src=\"/sites/default/files/images/medlogo.png\" style=\"width: 244px; height: 75px; \" /></div>\r\n\";s:14:\"organic_groups\";a:1:{i:0;s:8:\"node|737\";}}'),(102,'q56zC2Q9','wcooper+invite919@mindgrub.com',153,0,1348060724,1353244724,0,0,0,'a:3:{s:7:\"subject\";s:28:\"Will has sent you an invite!\";s:7:\"message\";s:860:\"Hey, get in the game!\r\n\r\nYour friends are launching change for girls and women. And they want you to, too!\r\n \r\nThey’ve invited you to join <a href=\"http://dev.deliver-platform.gotpantheon.com/team/team-test-919\">Team Test 919</a>  on Catapult, a crowdfunding platform for projects improving the lives of girls and women around the world. \r\n\r\nJoin the team now >  <a href=\"http://dev.deliver-platform.gotpantheon.com/invite/accept/q56zC2Q9\"> Join Team Test 919</a>\r\n\r\nAnd see Team Test 919’s projects here > \n\n<a href=\"http://dev.deliver-platform.gotpantheon.com/project/solar-suitcase-hospitals\">Solar Suitcase for Hospitals</a> \n\n  \r\n\r\nWill also sent you this message:\n\nasdfasdfasdfasdfasdfasdfasdfasdf\r\n\r\nSee you there,\r\nWill\r\n\r\n<div>\r\n	<img alt=\"Catapult.org\" src=\"/sites/default/files/images/medlogo.png\" style=\"width: 244px; height: 75px; \" /></div>\r\n\";s:14:\"organic_groups\";a:1:{i:0;s:8:\"node|745\";}}'),(103,'WqMED3dY','wcooper+invite920@mindgrub.com',155,0,1348154567,1353338567,0,0,0,'a:3:{s:7:\"subject\";s:40:\"Liam O&#039;Hare has sent you an invite!\";s:7:\"message\";s:868:\"Hey, get in the game!\r\n\r\nYour friends are launching change for girls and women. And they want you to, too!\r\n \r\nThey’ve invited you to join <a href=\"http://dev.deliver-platform.gotpantheon.com/team/test-team-920\">Test Team 920</a>  on Catapult, a crowdfunding platform for projects improving the lives of girls and women around the world. \r\n\r\nJoin the team now >  <a href=\"http://dev.deliver-platform.gotpantheon.com/invite/accept/WqMED3dY\"> Join Test Team 920</a>\r\n\r\nAnd see Test Team 920’s projects here > \n\n<a href=\"http://dev.deliver-platform.gotpantheon.com/project/solar-suitcase-hospitals\">Solar Suitcase for Hospitals</a> \n\n  \r\n\r\nLiam O&#039;Hare also sent you this message:\n\nasdfasdfasdfadsf\r\n\r\nSee you there,\r\nLiam O&#039;Hare\r\n\r\n<div>\r\n	<img alt=\"Catapult.org\" src=\"/sites/default/files/images/medlogo.png\" style=\"width: 244px; height: 75px; \" /></div>\r\n\";s:14:\"organic_groups\";a:1:{i:0;s:8:\"node|790\";}}'),(104,'ci3KDLzD','wcooper+invite920a@mindgrub.com',238,0,1348155040,1353339040,0,0,0,'a:3:{s:7:\"subject\";s:35:\"Will Cooper has sent you an invite!\";s:7:\"message\";s:870:\"Hey, get in the game!\r\n\r\nYour friends are launching change for girls and women. And they want you to, too!\r\n \r\nThey’ve invited you to join <a href=\"http://dev.deliver-platform.gotpantheon.com/team/test-curated-team-920\">Test Curated Team 920</a>  on Catapult, a crowdfunding platform for projects improving the lives of girls and women around the world. \r\n\r\nJoin the team now >  <a href=\"http://dev.deliver-platform.gotpantheon.com/invite/accept/ci3KDLzD\"> Join Test Curated Team 920</a>\r\n\r\nAnd see Test Curated Team 920’s projects here > \n\n<a href=\"http://dev.deliver-platform.gotpantheon.com/project/motorcycles-moms\">Motorcycles for Moms</a> \n\n  \r\n\r\nWill Cooper also sent you this message:\n\nasdfasdfasdf\r\n\r\nSee you there,\r\nWill Cooper\r\n\r\n<div>\r\n	<img alt=\"Catapult.org\" src=\"/sites/default/files/images/medlogo.png\" style=\"width: 244px; height: 75px; \" /></div>\r\n\";s:14:\"organic_groups\";a:1:{i:0;s:8:\"node|792\";}}'),(105,'Wof5tQg5','wcooper+invite920c@mindgrub.com',244,0,1348166464,1353350464,0,0,0,'a:3:{s:7:\"subject\";s:36:\"Bruce Tester has sent you an invite!\";s:7:\"message\";s:853:\"Hey, get in the game!\r\n\r\nYour friends are launching change for girls and women. And they want you to, too!\r\n \r\nThey’ve invited you to join <a href=\"http://dev.deliver-platform.gotpantheon.com/team/test-team-920c\">Test Team 920c</a>  on Catapult, a crowdfunding platform for projects improving the lives of girls and women around the world. \r\n\r\nJoin the team now >  <a href=\"http://dev.deliver-platform.gotpantheon.com/invite/accept/Wof5tQg5\"> Join Test Team 920c</a>\r\n\r\nAnd see Test Team 920c’s projects here > \n\n<a href=\"http://dev.deliver-platform.gotpantheon.com/project/building-school-library\">Building a School Library</a> \n\n  \r\n\r\nBruce Tester also sent you this message:\n\nblah blah\r\n\r\nSee you there,\r\nBruce Tester\r\n\r\n<div>\r\n	<img alt=\"Catapult.org\" src=\"/sites/default/files/images/medlogo.png\" style=\"width: 244px; height: 75px; \" /></div>\r\n\";s:14:\"organic_groups\";a:1:{i:0;s:8:\"node|819\";}}'),(106,'xqPNVq5L','mazkessler@gmail.com',186,0,1348449105,1353633105,0,0,0,'a:3:{s:7:\"subject\";s:37:\"Robby Kilgore has sent you an invite!\";s:7:\"message\";s:782:\"Hey, get in the game!\r\n\r\nYour friends are launching change for girls and women. And they want you to, too!\r\n \r\nThey’ve invited you to join <a href=\"http://dev.deliver-platform.gotpantheon.com/team/blah-blah-blahs\">the blah blah blahs</a>  on Catapult, a crowdfunding platform for projects improving the lives of girls and women around the world. \r\n\r\nJoin the team now >  <a href=\"http://dev.deliver-platform.gotpantheon.com/invite/accept/xqPNVq5L\"> Join the blah blah blahs</a>\r\n\r\nAnd see the blah blah blahs’s projects here > [deliver:projects]  \r\n\r\nRobby Kilgore also sent you this message:\n\njoin this team or die!\r\n\r\nSee you there,\r\nRobby Kilgore\r\n\r\n<div>\r\n	<img alt=\"Catapult.org\" src=\"/sites/default/files/images/medlogo.png\" style=\"width: 244px; height: 75px; \" /></div>\r\n\";s:14:\"organic_groups\";a:1:{i:0;s:8:\"node|889\";}}'),(107,'tdKe3Jqm','wcooper+invite926z@mindgrub.com',155,268,1348695241,1353879241,1348695643,0,0,'a:3:{s:7:\"subject\";s:40:\"Liam O&#039;Hare has sent you an invite!\";s:7:\"message\";s:752:\"Hey, get in the game!\r\n\r\nYour friends are launching change for girls and women. And they want you to, too!\r\n \r\nThey’ve invited you to join <a href=\"http://dev.deliver-platform.gotpantheon.com/team/test-team-920\">Test Team 920</a>  on Catapult, a crowdfunding platform for projects improving the lives of girls and women around the world. \r\n\r\nJoin the team now >  <a href=\"http://dev.deliver-platform.gotpantheon.com/invite/accept/tdKe3Jqm\"> Join Test Team 920</a>\r\n\r\nAnd see Test Team 920’s projects here > [deliver:projects]  \r\n\r\nLiam O&#039;Hare also sent you this message:\n\nTester\r\n\r\nSee you there,\r\nLiam O&#039;Hare\r\n\r\n<div>\r\n	<img alt=\"Catapult.org\" src=\"/sites/default/files/images/medlogo.png\" style=\"width: 244px; height: 75px; \" /></div>\r\n\";s:14:\"organic_groups\";a:1:{i:0;s:8:\"node|790\";}}'),(108,'YG8dJPBa','wcooper+invite926y@mindgrub.com',155,0,1348696225,1353880225,0,0,0,'a:3:{s:7:\"subject\";s:40:\"Liam O&#039;Hare has sent you an invite!\";s:7:\"message\";s:752:\"Hey, get in the game!\r\n\r\nYour friends are launching change for girls and women. And they want you to, too!\r\n \r\nThey’ve invited you to join <a href=\"http://dev.deliver-platform.gotpantheon.com/team/test-team-920\">Test Team 920</a>  on Catapult, a crowdfunding platform for projects improving the lives of girls and women around the world. \r\n\r\nJoin the team now >  <a href=\"http://dev.deliver-platform.gotpantheon.com/invite/accept/YG8dJPBa\"> Join Test Team 920</a>\r\n\r\nAnd see Test Team 920’s projects here > [deliver:projects]  \r\n\r\nLiam O&#039;Hare also sent you this message:\n\nTester\r\n\r\nSee you there,\r\nLiam O&#039;Hare\r\n\r\n<div>\r\n	<img alt=\"Catapult.org\" src=\"/sites/default/files/images/medlogo.png\" style=\"width: 244px; height: 75px; \" /></div>\r\n\";s:14:\"organic_groups\";a:1:{i:0;s:8:\"node|790\";}}'),(109,'jaerhBNt','wcooper+invite926x@mindgrub.com',238,270,1348696378,1353880378,1348696418,0,0,'a:3:{s:7:\"subject\";s:35:\"Will Cooper has sent you an invite!\";s:7:\"message\";s:740:\"Hey, get in the game!\r\n\r\nYour friends are launching change for girls and women. And they want you to, too!\r\n \r\nThey’ve invited you to join <a href=\"http://dev.deliver-platform.gotpantheon.com/team/test-team-920\">Test Team 920</a>  on Catapult, a crowdfunding platform for projects improving the lives of girls and women around the world. \r\n\r\nJoin the team now >  <a href=\"http://dev.deliver-platform.gotpantheon.com/invite/accept/jaerhBNt\"> Join Test Team 920</a>\r\n\r\nAnd see Test Team 920’s projects here > [deliver:projects]  \r\n\r\nWill Cooper also sent you this message:\n\ntest\r\n\r\nSee you there,\r\nWill Cooper\r\n\r\n<div>\r\n	<img alt=\"Catapult.org\" src=\"/sites/default/files/images/medlogo.png\" style=\"width: 244px; height: 75px; \" /></div>\r\n\";s:14:\"organic_groups\";a:1:{i:0;s:8:\"node|790\";}}'),(110,'qhSP2eiS','Jmerritt+TestingThisOutToday@mindgrub.com',22,0,1348764540,1353948540,0,0,0,'a:3:{s:7:\"subject\";s:32:\"WD Admin has sent you an invite!\";s:7:\"message\";s:1360:\"Hey, get in the game!\r\n\r\nYour friends are launching change for girls and women. And they want you to, too!\r\n \r\nThey’ve invited you to join <a href=\"http://dev.deliver-platform.gotpantheon.com/team/september-27th-test-curated-team2-will-be-deleted\">September 27th Test CURATED Team2 (Will be deleted)</a>  on Catapult, a crowdfunding platform for projects improving the lives of girls and women around the world. \r\n\r\nJoin the team now >  <a href=\"http://dev.deliver-platform.gotpantheon.com/invite/accept/qhSP2eiS\"> Join September 27th Test CURATED Team2 (Will be deleted)</a>\r\n\r\nAnd see September 27th Test CURATED Team2 (Will be deleted)’s projects here > \n\n<a href=\"http://dev.deliver-platform.gotpantheon.com/project/building-school-library\">Building a School Library</a> \n\n<a href=\"http://dev.deliver-platform.gotpantheon.com/project/generous-goggle-giveaway-granted-women-working-underwater\">Generous Goggle Giveaway Granted to Women Working Underwater</a> \n\n<a href=\"http://dev.deliver-platform.gotpantheon.com/project/marching-dignity\">Marching for Dignity</a> \n\n  \r\n\r\nWD Admin also sent you this message:\n\nHello, this message is to ensure that the projects added here can be edited later on.\r\n\r\nSee you there,\r\nWD Admin\r\n\r\n<div>\r\n	<img alt=\"Catapult.org\" src=\"/sites/default/files/images/medlogo.png\" style=\"width: 244px; height: 75px; \" /></div>\r\n\";s:14:\"organic_groups\";a:1:{i:0;s:9:\"node|1104\";}}'),(111,'kLFarHZT','wcooper+mgteamstest801@mindgrub.com',155,0,1348765533,1353949533,0,0,0,'a:3:{s:7:\"subject\";s:40:\"Liam O&#039;Hare has sent you an invite!\";s:7:\"message\";s:765:\"Hey, get in the game!\r\n\r\nYour friends are launching change for girls and women. And they want you to, too!\r\n \r\nThey’ve invited you to join <a href=\"http://dev.deliver-platform.gotpantheon.com/team/private-team-927\">Private Team 927</a>  on Catapult, a crowdfunding platform for projects improving the lives of girls and women around the world. \r\n\r\nJoin the team now >  <a href=\"http://dev.deliver-platform.gotpantheon.com/invite/accept/kLFarHZT\"> Join Private Team 927</a>\r\n\r\nAnd see Private Team 927’s projects here > [deliver:projects]  \r\n\r\nLiam O&#039;Hare also sent you this message:\n\nTesting\r\n\r\nSee you there,\r\nLiam O&#039;Hare\r\n\r\n<div>\r\n	<img alt=\"Catapult.org\" src=\"/sites/default/files/images/medlogo.png\" style=\"width: 244px; height: 75px; \" /></div>\r\n\";s:14:\"organic_groups\";a:1:{i:0;s:9:\"node|1109\";}}'),(112,'yqcpnFoL','r.obbykilgore@gmail.com',186,0,1349033721,1354219207,0,1,6,'a:3:{s:7:\"subject\";s:37:\"Robby Kilgore has sent you an invite!\";s:7:\"message\";s:865:\"Hey, get in the game!\r\n\r\nYour friends are launching change for girls and women. And they want you to, too!\r\n \r\nThey’ve invited you to join <a href=\"http://dev.deliver-platform.gotpantheon.com/team/rave-dragons\">Rave Dragons</a>  on Catapult, \r\na crowdfunding platform for projects improving the lives of girls and women around the world. \r\n\r\nJoin the team now: <b><a href=\"http://dev.deliver-platform.gotpantheon.com/invite/accept/yqcpnFoL\"> Join Rave Dragons</a></b>\r\n\r\nAnd see Rave Dragons’s projects here > \n\n<a href=\"http://dev.deliver-platform.gotpantheon.com/project/building-school-library\">Building a School Library</a> \n\n  \r\n\r\nRobby Kilgore also sent you this message:\n\n\r\n\r\nSee you there,\r\nRobby Kilgore\r\n\r\n<div>\r\n	<img src=\"/sites/all/themes/delivertheme/images/yellow_logo_extra_small_100_pixels.png\" style=\"width: 100px; height: 37px; \" />\r\n</div>\r\n\";s:14:\"organic_groups\";a:1:{i:0;s:8:\"node|548\";}}'),(113,'diAWdcsL','btibbils+emailtest@gmail.com',155,0,1349037879,1354221879,0,0,0,'a:3:{s:7:\"subject\";s:40:\"Liam O&#039;Hare has sent you an invite!\";s:7:\"message\";s:820:\"Hey, get in the game!\r\n\r\nYour friends are launching change for girls and women. \r\nAnd they want you to help them!\r\n \r\nThey’ve invited you to join <a href=\"http://dev.deliver-platform.gotpantheon.com/team/email-test\">Email Test</a>  on Catapult, \r\na crowdfunding platform for projects improving the lives of girls and women around the world. \r\n\r\n<b><a href=\"http://dev.deliver-platform.gotpantheon.com/invite/accept/diAWdcsL\">Join Email Test now!</a></b>\r\nSee Email Test’s projects here > [deliver:projects]  \r\n<ul>\r\n<li>Liam O&#039;Hare also sent you this message:\n\n</li>\r\n</ul>\r\n\r\nSee you there, Liam O&#039;Hare\r\n<br clear=\\\"all\\\">\r\n<div>\r\n	<img alt=\"Catapult.org\" src=\"/sites/default/files/images/yellow_logo_extra_small_100_pixels.png\" style=\"width: 100px; height: 37px;\" />\r\n        Do good. Have fun.\r\n</div>\r\n\";s:14:\"organic_groups\";a:1:{i:0;s:9:\"node|1402\";}}'),(114,'fa5RpLN2','btibbils+emailtest@mindgrub.com',155,0,1349038135,1354222135,0,0,0,'a:3:{s:7:\"subject\";s:40:\"Liam O&#039;Hare has sent you an invite!\";s:7:\"message\";s:820:\"Hey, get in the game!\r\n\r\nYour friends are launching change for girls and women. \r\nAnd they want you to help them!\r\n \r\nThey’ve invited you to join <a href=\"http://dev.deliver-platform.gotpantheon.com/team/email-test\">Email Test</a>  on Catapult, \r\na crowdfunding platform for projects improving the lives of girls and women around the world. \r\n\r\n<b><a href=\"http://dev.deliver-platform.gotpantheon.com/invite/accept/fa5RpLN2\">Join Email Test now!</a></b>\r\nSee Email Test’s projects here > [deliver:projects]  \r\n<ul>\r\n<li>Liam O&#039;Hare also sent you this message:\n\n</li>\r\n</ul>\r\n\r\nSee you there, Liam O&#039;Hare\r\n<br clear=\\\"all\\\">\r\n<div>\r\n	<img alt=\"Catapult.org\" src=\"/sites/default/files/images/yellow_logo_extra_small_100_pixels.png\" style=\"width: 100px; height: 37px;\" />\r\n        Do good. Have fun.\r\n</div>\r\n\";s:14:\"organic_groups\";a:1:{i:0;s:9:\"node|1402\";}}'),(115,'6or2yZnE','btibbils+emailtesting@mindgrub.com',1,0,1349038420,1354222420,0,0,0,'a:3:{s:7:\"subject\";s:37:\"Women Deliver has sent you an invite!\";s:7:\"message\";s:817:\"Hey, get in the game! __\r\n\r\nYour friends are launching change for girls and women. \r\nAnd they want you to help them!\r\n \r\nThey’ve invited you to join <a href=\"http://dev.deliver-platform.gotpantheon.com/team/empty-team\">empty team</a>  on Catapult, \r\na crowdfunding platform for projects improving the lives of girls and women around the world. \r\n\r\n<b><a href=\"http://dev.deliver-platform.gotpantheon.com/invite/accept/6or2yZnE\">Join empty team now!</a></b>\r\nSee empty team’s projects here > [deliver:projects]  \r\n<ul>\r\n<li>Women Deliver also sent you this message:\n\n</li>\r\n</ul>\r\n\r\nSee you there, Women Deliver\r\n<br clear=\\\"all\\\">\r\n<div>\r\n	<img alt=\"Catapult.org\" src=\"/sites/default/files/images/yellow_logo_extra_small_100_pixels.png\" style=\"width: 100px; height: 37px;\" />\r\n        Do good. Have fun.\r\n</div>\r\n\";s:14:\"organic_groups\";a:1:{i:0;s:8:\"node|621\";}}'),(116,'6vkYgGCB','rob.bykilgore@gmail.com',186,0,1349038700,1354222917,0,1,1,'a:3:{s:7:\"subject\";s:37:\"Robby Kilgore has sent you an invite!\";s:7:\"message\";s:838:\"Hey, get in the game! __\r\n\r\nYour friends are launching change for girls and women. \r\nAnd they want you to help them!\r\n \r\nThey’ve invited you to join <a href=\"http://dev.deliver-platform.gotpantheon.com/team/rave-dragons\">Rave Dragons</a>  on Catapult, \r\na crowdfunding platform for projects improving the lives of girls and women around the world. \r\n\r\n<b><a href=\"http://dev.deliver-platform.gotpantheon.com/invite/accept/6vkYgGCB\">Join Rave Dragons now!</a></b>\r\nSee Rave Dragons’s projects here > [deliver:projects]  \r\n<ul>\r\n<li>Robby Kilgore also sent you this message:\n\nCome on down!</li>\r\n</ul>\r\n\r\nSee you there, Robby Kilgore\r\n<br clear=\\\"all\\\">\r\n<div>\r\n	<img alt=\"Catapult.org\" src=\"/sites/default/files/images/yellow_logo_extra_small_100_pixels.png\" style=\"width: 100px; height: 37px;\" />\r\n        Do good. Have fun.\r\n</div>\r\n\";s:14:\"organic_groups\";a:1:{i:0;s:8:\"node|548\";}}'),(117,'qxh85SaD','robb.ykilgore@gmail.com',186,0,1349040821,1354224821,0,1,0,'a:3:{s:7:\"subject\";s:37:\"Robby Kilgore has sent you an invite!\";s:7:\"message\";s:874:\"Hey, get in the game!\r\n\r\nYour friends are launching change for girls and women. \r\nAnd they want you to help them!\r\n \r\nThey’ve invited you to join <b><a href=\"http://dev.deliver-platform.gotpantheon.com/team/rave-dragons\">Rave Dragons</a></b>  on Catapult, \r\na crowdfunding platform for projects improving the lives of girls and women around the world. \r\n\r\n<b><a href=\"http://dev.deliver-platform.gotpantheon.com/invite/accept/qxh85SaD\">Join Rave Dragons now!</a></b>\r\nCheck out <b><a href=\"http://dev.deliver-platform.gotpantheon.com/team/rave-dragons\">Rave Dragons’s projects</a></b> \r\n\r\nRobby Kilgore also sent you this message:\n\n</li>\r\nSee you there, Robby Kilgore\r\n<br clear=\\\"all\\\">\r\n<div>\r\n	<img alt=\"Catapult.org\" src=\"/sites/default/files/images/yellow_logo_extra_small_100_pixels.png\" style=\"width: 100px; height: 37px;\" />\r\n        Do good. Have fun.\r\n</div>\r\n\";s:14:\"organic_groups\";a:1:{i:0;s:8:\"node|548\";}}'),(118,'3r5ycGgb','robby.kilgore@gmail.com',186,0,1349041126,1354225126,0,1,0,'a:3:{s:7:\"subject\";s:37:\"Robby Kilgore has sent you an invite!\";s:7:\"message\";s:870:\"Hey Robby Kilgore -\r\n\r\n<b>Get in the game!</b>\r\nYour friends are launching change for girls and women on <b>Catapult</b> and they need your help!\r\nThey’ve invited you to join <b><a href=\"http://dev.deliver-platform.gotpantheon.com/team/rave-dragons\">Rave Dragons</a></b>, \r\nthe crowdfunding platform for projects improving the lives of girls and women around the world. \r\n<ul>\r\n    <b><a href=\"http://dev.deliver-platform.gotpantheon.com/invite/accept/3r5ycGgb\">Join Rave Dragons now!</a></b>\r\n</ul>\r\nCheck out <b><a href=\"http://dev.deliver-platform.gotpantheon.com/team/rave-dragons\">Rave Dragons’s projects</a></b> \r\nRobby Kilgore also sent you this message:\n\n\r\n<br clear=\\\"all\\\">\r\n<div>\r\n	<img alt=\"Catapult.org\" src=\"/sites/default/files/images/yellow_logo_extra_small_100_pixels.png\" style=\"width: 100px; height: 37px;\" />\r\n        Do good. Have fun.\r\n</div>\r\n\";s:14:\"organic_groups\";a:1:{i:0;s:8:\"node|548\";}}'),(119,'dRBoeydF','dstelljes@mindgrub.com',22,305,1349041242,1354225242,1349041418,0,0,'a:3:{s:7:\"subject\";s:32:\"WD Admin has sent you an invite!\";s:7:\"message\";s:870:\"Hey WD Admin -\r\n\r\n<b>Get in the game!</b>\r\nYour friends are launching change for girls and women on <b>Catapult</b> and they need your help!\r\nThey’ve invited you to join <b><a href=\"http://dev.deliver-platform.gotpantheon.com/team/empty-team\">empty team</a></b>, \r\nthe crowdfunding platform for projects improving the lives of girls and women around the world. \r\n<ul>\r\n    <b><a href=\"http://dev.deliver-platform.gotpantheon.com/invite/accept/dRBoeydF\">Join empty team now!</a></b>\r\n</ul>\r\nCheck out <b><a href=\"http://dev.deliver-platform.gotpantheon.com/team/empty-team\">empty team’s projects</a></b> \r\nWD Admin also sent you this message:\n\nJoin this team, Dan!\r\n<br clear=\\\"all\\\">\r\n<div>\r\n	<img alt=\"Catapult.org\" src=\"/sites/default/files/images/yellow_logo_extra_small_100_pixels.png\" style=\"width: 100px; height: 37px;\" />\r\n        Do good. Have fun.\r\n</div>\r\n\";s:14:\"organic_groups\";a:1:{i:0;s:8:\"node|621\";}}'),(120,'d4NM6gVs','robbyki.lgore@gmail.com',186,0,1349041343,1354225343,0,1,0,'a:3:{s:7:\"subject\";s:37:\"Robby Kilgore has sent you an invite!\";s:7:\"message\";s:864:\"Hey Robby Kilgore -\r\n\r\n<b>Get in the game!</b>\r\nYour friends are launching change for girls and women and they need your help!\r\nThey’ve invited you to join <b><a href=\"http://dev.deliver-platform.gotpantheon.com/team/rave-dragons\">Rave Dragons</a></b>, on <b>Catapult</b>,\r\nthe crowdfunding platform for projects that improve the lives of girls and women around the world.\r\n<ul><b><a href=\"http://dev.deliver-platform.gotpantheon.com/invite/accept/d4NM6gVs\">Join Rave Dragons now!</a></b></ul>\r\nCheck out <b><a href=\"http://dev.deliver-platform.gotpantheon.com/team/rave-dragons\">Rave Dragons’s projects</a></b> \r\nRobby Kilgore also sent you this message:\n\n\r\n<br clear=\\\"all\\\">\r\n<div>\r\n	<img alt=\"Catapult.org\" src=\"/sites/default/files/images/yellow_logo_extra_small_100_pixels.png\" style=\"width: 100px; height: 37px;\" />\r\n        Do good. Have fun.\r\n</div>\r\n\";s:14:\"organic_groups\";a:1:{i:0;s:8:\"node|548\";}}'),(121,'KmGMhRCK','robbykilg.ore@gmail.com',186,0,1349041491,1354225491,0,1,0,'a:3:{s:7:\"subject\";s:37:\"Robby Kilgore has sent you an invite!\";s:7:\"message\";s:852:\"Hey Robby Kilgore -\r\n\r\n<b>Get in the game!</b>\r\nYour friends are launching change for girls and women and they need your help! They’ve invited you to join <b><a href=\"http://dev.deliver-platform.gotpantheon.com/team/rave-dragons\">Rave Dragons</a></b>, on <b>Catapult</b>, the crowdfunding platform for projects that improve the lives of girls and women around the world. <b><a href=\"http://dev.deliver-platform.gotpantheon.com/invite/accept/KmGMhRCK\">Join Rave Dragons now!</a></b>\r\nCheck out <b><a href=\"http://dev.deliver-platform.gotpantheon.com/team/rave-dragons\">Rave Dragons’s projects</a></b> \r\nRobby Kilgore also sent you this message:\n\n\r\n<br clear=\\\"all\\\">\r\n<div>\r\n	<img alt=\"Catapult.org\" src=\"/sites/default/files/images/yellow_logo_extra_small_100_pixels.png\" style=\"width: 100px; height: 37px;\" />\r\n        Do good. Have fun.\r\n</div>\r\n\";s:14:\"organic_groups\";a:1:{i:0;s:8:\"node|548\";}}'),(122,'3aMKiRec','robbykilgo.re@gmail.com',186,0,1349041693,1354225693,0,1,0,'a:3:{s:7:\"subject\";s:37:\"Robby Kilgore has sent you an invite!\";s:7:\"message\";s:813:\"Hey Robby Kilgore -\r\n\r\n<b>Get in the game!</b>\r\nYour friends are launching change for girls and women and they need your help! \r\nThey’ve invited you to join <b><a href=\"http://dev.deliver-platform.gotpantheon.com/team/rave-dragons\">Rave Dragons</a></b>, on <b>Catapult</b>, the crowdfunding platform for projects that improve the lives of girls and women around the world. \r\n\r\n<b><a href=\"http://dev.deliver-platform.gotpantheon.com/invite/accept/3aMKiRec\">Join Rave Dragons now!</a></b>\r\nCheck out <b><a href=\"http://dev.deliver-platform.gotpantheon.com/team/rave-dragons\">Rave Dragons’s projects</a></b> \r\n<br clear=\\\"all\\\">\r\n<div>\r\n	<img alt=\"Catapult.org\" src=\"/sites/default/files/images/yellow_logo_extra_small_100_pixels.png\" style=\"width: 100px; height: 37px;\" />\r\n        Do good. Have fun.\r\n</div>\r\n\";s:14:\"organic_groups\";a:1:{i:0;s:8:\"node|548\";}}'),(123,'kMM5CEBP','robbykilgore@gmail.com',186,0,1349041852,1354225852,0,0,0,'a:3:{s:7:\"subject\";s:37:\"Robby Kilgore has sent you an invite!\";s:7:\"message\";s:816:\"Hey Robby Kilgore -\r\n\r\n<b>Get in the game!</b>\r\nYour friends are launching change for girls and women and they need your help! \r\nThey’ve invited you to join <b><a href=\"http://dev.deliver-platform.gotpantheon.com/team/rave-dragons\">Rave Dragons</a></b>, on <b>Catapult</b>, the crowdfunding platform for projects that improve the lives of girls and women around the world. \r\n<ul>\r\n<li><b><a href=\"http://dev.deliver-platform.gotpantheon.com/invite/accept/kMM5CEBP\">Join Rave Dragons now!</a></b></li>\r\n<li><b><a href=\"http://dev.deliver-platform.gotpantheon.com/team/rave-dragons\">View Rave Dragons’s projects</a></b></li>\r\n</ul>\r\n<div>\r\n	<img alt=\"Catapult.org\" src=\"/sites/default/files/images/yellow_logo_extra_small_100_pixels.png\" style=\"width: 100px; height: 37px;\" />\r\n        Do good. Have fun.\r\n</div>\r\n\";s:14:\"organic_groups\";a:1:{i:0;s:8:\"node|548\";}}'),(124,'7CdAzURg','robbykilg.ore@gmail.com',186,0,1349044856,1354228856,0,0,0,'a:3:{s:7:\"subject\";s:37:\"Robby Kilgore has sent you an invite!\";s:7:\"message\";s:811:\"Hey Robby Kilgore -\r\n\r\n<b>Get in the game!</b>\r\nYour friends are launching change for girls and women and they need your help! \r\nThey’ve invited you to join <b><a href=\"http://dev.deliver-platform.gotpantheon.com/team/rave-dragons\">Rave Dragons</a></b>, on <b>Catapult</b>, the crowdfunding platform for projects that improve the lives of girls and women around the world. \r\n<ul>\r\n<li><b><a href=\"http://dev.deliver-platform.gotpantheon.com/team/rave-dragons\">Join Rave Dragons now!</a></b></li>\r\n<li><b><a href=\"http://dev.deliver-platform.gotpantheon.com/team/rave-dragons\">View Rave Dragons’s projects</a></b></li>\r\n</ul>\r\n<div>\r\n	<img alt=\"Catapult.org\" src=\"/sites/default/files/images/yellow_logo_extra_small_100_pixels.png\" style=\"width: 100px; height: 37px;\" />\r\n        Do good. Have fun.\r\n</div>\r\n\";s:14:\"organic_groups\";a:1:{i:0;s:8:\"node|548\";}}'),(125,'rE78eokP','robbykilgor.e@gmail.com',186,0,1349045342,1354229342,0,0,0,'a:3:{s:7:\"subject\";s:37:\"Robby Kilgore has sent you an invite!\";s:7:\"message\";s:923:\"Hey Robby Kilgore -\r\n\r\n<b>Get in the game!</b>\r\nYour friends are launching change for girls and women and they need your help! \r\nThey’ve invited you to join <b><a href=\"http://dev.deliver-platform.gotpantheon.com/team/rave-dragons\">Rave Dragons</a></b>, on <b>Catapult</b>, the crowdfunding platform for projects that improve the lives of girls and women around the world. \r\n<ul>\r\n<li><b><a href=\"http://dev.deliver-platform.gotpantheon.com/team/rave-dragons\">Join Rave Dragons now!</a></b></li>\r\n<li><b><a href=\"http://dev.deliver-platform.gotpantheon.com/team/rave-dragons\">View Rave Dragons’s projects</a></b></li>\r\n</ul>\r\n<?php if([invite:invite-message] != \'[invite:invite-message]\'): ?>\r\n  [invite:invite-message]\r\n<?php endif; ?>\r\n<div>\r\n	<img alt=\"Catapult.org\" src=\"/sites/default/files/images/yellow_logo_extra_small_100_pixels.png\" style=\"width: 100px; height: 37px;\" />\r\n        Do good. Have fun.\r\n</div>\r\n\";s:14:\"organic_groups\";a:1:{i:0;s:8:\"node|548\";}}'),(126,'KrTXUMdf','r.obbykilgore@gmail.com',186,0,1349045888,1354229888,0,0,0,'a:3:{s:7:\"subject\";s:37:\"Robby Kilgore has sent you an invite!\";s:7:\"message\";s:975:\"Hey Robby Kilgore -\r\n\r\n<b>Get in the game!</b>\r\nYour friends are launching change for girls and women and they need your help! \r\nThey’ve invited you to join <b><a href=\"http://dev.deliver-platform.gotpantheon.com/team/rave-dragons\">Rave Dragons</a></b>, on <b>Catapult</b>, the crowdfunding platform for projects that improve the lives of girls and women around the world. \r\n<ul>\r\n<li><b><a href=\"http://dev.deliver-platform.gotpantheon.com/team/rave-dragons\">Join Rave Dragons now!</a></b></li>\r\n<li><b><a href=\"http://dev.deliver-platform.gotpantheon.com/team/rave-dragons\">View Rave Dragons’s projects</a></b></li>\r\n</ul>\r\n\r\n<?php\r\nif($invite->invite-message[\'und\'][0][\'value\'] == 1)\r\n  return $invite->invite-message[\'und\'][0][\'value\'];\r\nelse\r\n  return \"[invite:invite-message]\"\r\n?>\r\n\r\n<div>\r\n	<img alt=\"Catapult.org\" src=\"/sites/default/files/images/yellow_logo_extra_small_100_pixels.png\" style=\"width: 100px; height: 37px;\" />\r\n        Do good. Have fun.\r\n</div>\r\n\";s:14:\"organic_groups\";a:1:{i:0;s:8:\"node|548\";}}'),(127,'JfRoZhf4','ro.bbykilgore@gmail.com',186,0,1349046626,1354230626,0,0,0,'a:3:{s:7:\"subject\";s:37:\"Robby Kilgore has sent you an invite!\";s:7:\"message\";s:811:\"Hey Robby Kilgore -\r\n\r\n<b>Get in the game!</b>\r\nYour friends are launching change for girls and women and they need your help! \r\nThey’ve invited you to join <b><a href=\"http://dev.deliver-platform.gotpantheon.com/team/rave-dragons\">Rave Dragons</a></b>, on <b>Catapult</b>, the crowdfunding platform for projects that improve the lives of girls and women around the world. \r\n<ul>\r\n<li><b><a href=\"http://dev.deliver-platform.gotpantheon.com/team/rave-dragons\">Join Rave Dragons now!</a></b></li>\r\n<li><b><a href=\"http://dev.deliver-platform.gotpantheon.com/team/rave-dragons\">View Rave Dragons’s projects</a></b></li>\r\n</ul>\r\n<div>\r\n	<img alt=\"Catapult.org\" src=\"/sites/default/files/images/yellow_logo_extra_small_100_pixels.png\" style=\"width: 100px; height: 37px;\" />\r\n        Do good. Have fun.\r\n</div>\r\n\";s:14:\"organic_groups\";a:1:{i:0;s:8:\"node|548\";}}'),(128,'n4wx4hTv','wcooper+invite930@mindgrub.com',155,0,1349047373,1354231373,0,0,0,'a:3:{s:7:\"subject\";s:40:\"Liam O&#039;Hare has sent you an invite!\";s:7:\"message\";s:876:\"Hey Liam O&#039;Hare -\r\n\r\n<b>Get in the game!</b>\r\nYour friends are launching change for girls and women and they need your help! \r\nThey’ve invited you to join <b><a href=\"http://dev.deliver-platform.gotpantheon.com/team/test-team-930-bug-3250\">Test Team 930 bug 3250</a></b>, on <b>Catapult</b>, the crowdfunding platform for projects that improve the lives of girls and women around the world. \r\n<ul>\r\n<li><b><a href=\"http://dev.deliver-platform.gotpantheon.com/team/test-team-930-bug-3250\">Join Test Team 930 bug 3250 now!</a></b></li>\r\n<li><b><a href=\"http://dev.deliver-platform.gotpantheon.com/team/test-team-930-bug-3250\">View Test Team 930 bug 3250’s projects</a></b></li>\r\n</ul>\r\n\r\n<div>\r\n	<img alt=\"Catapult.org\" src=\"/sites/default/files/images/yellow_logo_extra_small_100_pixels.png\" style=\"width: 100px; height: 37px;\" />\r\n        Do good. Have fun.\r\n</div>\r\n\";s:14:\"organic_groups\";a:1:{i:0;s:9:\"node|1419\";}}');
commit;

--
-- Table structure for table `invite_notifications`
--

CREATE TABLE `invite_notifications` (
  `uid` int(11) NOT NULL DEFAULT '0' COMMENT 'Stores the user id to be notified (inviter).',
  `invitee` int(11) NOT NULL DEFAULT '0' COMMENT 'Stores the user id of the invitee.',
  UNIQUE KEY `uid_invitee` (`uid`,`invitee`)
) ENGINE=InnoDB DEFAULT CHARSET=utf8 COMMENT='Stores notifications of inviters.';

--
-- Dumping data for table `invite_notifications`
--

set autocommit=0;
INSERT INTO `invite_notifications` VALUES (96,208),(96,210),(96,211),(96,212);
commit;

--
-- Table structure for table `location`
--

CREATE TABLE `location` (
  `lid` int(10) unsigned NOT NULL AUTO_INCREMENT COMMENT 'Primary Key: Unique location ID.',
  `name` varchar(255) NOT NULL DEFAULT '' COMMENT 'Place Name.',
  `street` varchar(255) NOT NULL DEFAULT '' COMMENT 'Street address, line 1.',
  `additional` varchar(255) NOT NULL DEFAULT '' COMMENT 'Street address, line 2.',
  `city` varchar(255) NOT NULL DEFAULT '' COMMENT 'City.',
  `province` varchar(16) NOT NULL DEFAULT '' COMMENT 'State / Province code.',
  `postal_code` varchar(16) NOT NULL DEFAULT '' COMMENT 'Postal / ZIP code.',
  `country` char(2) NOT NULL DEFAULT '' COMMENT 'Two letter ISO country code.',
  `latitude` decimal(10,6) NOT NULL DEFAULT '0.000000' COMMENT 'Location latitude (decimal degrees).',
  `longitude` decimal(10,6) NOT NULL DEFAULT '0.000000' COMMENT 'Location longitude (decimal degrees).',
  `source` tinyint(4) NOT NULL DEFAULT '0' COMMENT 'Source of the latitude and longitude data (Geocoder, user entered, invalid, etc.)',
  `is_primary` tinyint(4) NOT NULL DEFAULT '0' COMMENT 'Is this the primary location of an object? (unused, civicrm legacy field?).',
  PRIMARY KEY (`lid`)
) ENGINE=InnoDB AUTO_INCREMENT=394 DEFAULT CHARSET=utf8 COMMENT='Locational data managed by location.module.';

--
-- Dumping data for table `location`
--

set autocommit=0;
INSERT INTO `location` VALUES (3,'','','','Columbia','MD','','us',0.000000,0.000000,0,0),(4,'Bangkok','','','','','','cn',0.000000,0.000000,0,0),(5,'Whatever','','','','','','za',0.000000,0.000000,0,0),(6,'Lima','','','','','','pe',0.000000,0.000000,0,0),(7,'Umbridge','','','','','','gb',0.000000,0.000000,0,0),(8,'Kabul','','','','','','af',0.000000,0.000000,0,0),(9,'Kabul','','','','','','af',0.000000,0.000000,0,0),(42,'Baltimore, MD','','','','','','uy',0.000000,0.000000,0,0),(48,'','','','','','','ug',0.000000,0.000000,0,0),(50,'','','','','','','in',0.000000,0.000000,0,0),(52,'','','','','','','ht',0.000000,0.000000,0,0),(54,'','','','','','','ss',0.000000,0.000000,0,0),(56,'','','','','','','bd',0.000000,0.000000,0,0),(58,'','','','','','','ht',0.000000,0.000000,0,0),(60,'','','','','','','ug',0.000000,0.000000,0,0),(62,'','','','','','','np',0.000000,0.000000,0,0),(64,'','','','','','','ht',0.000000,0.000000,0,0),(66,'','','','','','','ss',0.000000,0.000000,0,0),(68,'','','','','','','in',0.000000,0.000000,0,0),(70,'','','','','','','ht',0.000000,0.000000,0,0),(80,'','','','','','','cl',0.000000,0.000000,0,0),(81,'','','','','','','sd',0.000000,0.000000,0,0),(82,'','','','','','','cn',0.000000,0.000000,0,0),(83,'','Kampala','','','','','ug',0.000000,0.000000,0,0),(84,'','Lui','','','','','ss',0.000000,0.000000,0,0),(85,'','','','','','','ug',0.307616,32.541504,1,0),(86,'640 Frederick Road, MD','','','','','','zw',-20.179724,28.542480,1,0),(87,'','','','','','','ph',10.768556,122.398682,1,0),(88,'','','','','','','hu',47.495864,19.036560,1,0),(89,'','','','','','','mx',19.394068,-99.228516,1,0),(115,'','','','','','','mx',20.534053,-100.810547,1,0),(117,'','','','','','','mx',19.464521,-99.140625,1,0),(138,'','','','','','','uz',0.000000,0.000000,0,0),(176,'','','','','','','li',0.000000,0.000000,0,0),(177,'','','','','','','mx',0.000000,0.000000,0,0),(192,'','Mexico City, MX','','','','','mx',0.000000,0.000000,0,0),(199,'','Mexico City, MX','','','','','us',0.000000,0.000000,0,0),(239,'','Mexico City','','','','','mx',0.000000,0.000000,0,0),(241,'','Baltimore, MD','','','','','us',0.000000,0.000000,0,0),(243,'','Annapolis, MD','','','','','us',0.000000,0.000000,0,0),(298,'','','','','','','ca',51.369952,-109.160156,1,0),(299,'','','','','','','ec',-1.956650,-77.958984,1,0),(300,'','','','','','','cu',21.921305,-78.837891,1,0),(302,'','1901-2399 Locust Bluff Rd','','','','','us',35.584661,-89.560547,1,0),(304,'','802 State Highway 36','','','','','us',35.154648,-92.197266,1,0),(362,'','Mexico City','','','','','mx',0.000000,0.000000,0,0),(364,'','','','','','','af',0.000000,0.000000,0,0),(366,'','','','','','','li',0.000000,0.000000,0,0),(371,'','London','','','','','gb',0.000000,0.000000,0,0),(372,'','Mexico City','','','','','mx',0.000000,0.000000,0,0),(393,'Mexico City','New York City','','','','','us',17.308688,-88.945313,1,0);
commit;

--
-- Table structure for table `location_fax`
--

CREATE TABLE `location_fax` (
  `lid` int(10) unsigned NOT NULL DEFAULT '0',
  `fax` varchar(31) NOT NULL,
  PRIMARY KEY (`lid`)
) ENGINE=InnoDB DEFAULT CHARSET=utf8 ROW_FORMAT=COMPACT COMMENT='location_fax.module location supplementary table.';

--
-- Dumping data for table `location_fax`
--

set autocommit=0;
commit;

--
-- Table structure for table `location_instance`
--

CREATE TABLE `location_instance` (
  `nid` int(10) unsigned NOT NULL DEFAULT '0' COMMENT 'Reference to node.nid.',
  `vid` int(10) unsigned NOT NULL DEFAULT '0' COMMENT 'Reference to node_revision.vid.',
  `uid` int(10) unsigned NOT NULL DEFAULT '0' COMMENT 'Reference to users.uid.',
  `genid` varchar(255) NOT NULL DEFAULT '' COMMENT 'Generic reference key.',
  `lid` int(10) unsigned NOT NULL DEFAULT '0' COMMENT 'Reference to location.lid.',
  KEY `nid` (`nid`),
  KEY `vid` (`vid`),
  KEY `uid` (`uid`),
  KEY `genid` (`genid`),
  KEY `lid` (`lid`)
) ENGINE=InnoDB DEFAULT CHARSET=utf8 COMMENT='N:M join table to join locations to other tables.';

--
-- Dumping data for table `location_instance`
--

set autocommit=0;
INSERT INTO `location_instance` VALUES (258,258,0,'',62),(253,253,0,'',52),(262,262,0,'',68),(261,261,0,'',66),(905,905,0,'',239),(909,909,0,'',241),(910,910,0,'',243),(263,263,0,'',70),(1147,1147,0,'',298),(1161,1161,0,'',300),(1165,1165,0,'',302),(1173,1173,0,'',304),(1529,1529,0,'',372),(76,76,0,'',42),(251,251,0,'',48),(252,252,0,'',50),(254,254,0,'',54),(255,255,0,'',56),(256,256,0,'',58),(257,257,0,'',60),(259,259,0,'',64),(577,577,0,'',80),(586,586,0,'',81),(592,592,0,'',82),(609,609,0,'',83),(610,610,0,'',84),(657,657,0,'',85),(679,679,0,'',86),(686,686,0,'',87),(687,687,0,'',48),(688,688,0,'',88),(689,689,0,'',89),(705,705,0,'',108),(706,706,0,'',393),(707,707,0,'',115),(711,711,0,'',117),(718,718,0,'',138),(843,843,0,'',176),(846,846,0,'',177),(863,863,0,'',192),(877,877,0,'',199),(1153,1153,0,'',299),(1464,1464,0,'',362),(1469,1469,0,'',364),(1485,1485,0,'',366),(1528,1528,0,'',371);
commit;

--
-- Table structure for table `location_phone`
--

CREATE TABLE `location_phone` (
  `lid` int(10) unsigned NOT NULL DEFAULT '0',
  `phone` varchar(31) NOT NULL,
  PRIMARY KEY (`lid`)
) ENGINE=InnoDB DEFAULT CHARSET=utf8 ROW_FORMAT=COMPACT COMMENT='location_phone.module location supplementary table.';

--
-- Dumping data for table `location_phone`
--

set autocommit=0;
commit;

--
-- Table structure for table `location_search_work`
--

CREATE TABLE `location_search_work` (
  `lid` int(10) unsigned NOT NULL DEFAULT '0',
  PRIMARY KEY (`lid`)
) ENGINE=InnoDB DEFAULT CHARSET=utf8 ROW_FORMAT=COMPACT COMMENT='List of lids to index.';

--
-- Dumping data for table `location_search_work`
--

set autocommit=0;
INSERT INTO `location_search_work` VALUES (3),(4),(5),(6),(7),(8),(9),(42),(46),(48),(50),(52),(53),(54),(56),(58),(59),(60),(62),(63),(64),(65),(66),(68),(69),(70),(72),(74),(75),(77),(78),(79),(80),(81),(82),(83),(84),(85),(86),(87),(88),(89),(90),(91),(105),(106),(107),(108),(109),(110),(111),(112),(113),(114),(115),(116),(117),(118),(119),(120),(121),(122),(123),(124),(125),(126),(127),(128),(129),(130),(131),(132),(133),(134),(135),(136),(137),(138),(139),(140),(141),(142),(143),(144),(145),(146),(147),(148),(149),(150),(151),(152),(153),(154),(155),(156),(157),(158),(159),(160),(161),(162),(163),(164),(165),(166),(167),(168),(169),(170),(171),(172),(173),(174),(175),(176),(177),(178),(179),(180),(181),(182),(183),(184),(185),(186),(187),(188),(189),(190),(191),(192),(193),(194),(195),(196),(197),(198),(199),(200),(201),(202),(203),(204),(205),(206),(207),(208),(209),(210),(211),(212),(213),(214),(215),(216),(217),(218),(219),(220),(221),(222),(223),(224),(225),(226),(227),(228),(229),(230),(231),(232),(233),(234),(235),(236),(237),(238),(239),(240),(241),(242),(243),(244),(245),(246),(247),(248),(249),(250),(251),(252),(253),(254),(255),(256),(257),(258),(259),(260),(261),(262),(263),(264),(265),(266),(267),(268),(269),(270),(271),(272),(273),(274),(275),(276),(277),(278),(279),(280),(281),(282),(283),(284),(285),(286),(287),(288),(289),(290),(291),(292),(293),(294),(295),(296),(297),(298),(299),(300),(301),(302),(303),(304),(305),(306),(307),(308),(309),(310),(311),(312),(313),(314),(315),(316),(317),(318),(319),(320),(321),(322),(323),(324),(325),(326),(327),(328),(329),(330),(331),(332),(333),(334),(335),(336),(337),(338),(339),(340),(341),(342),(343),(344),(345),(346),(347),(348),(349),(350),(351),(352),(353),(354),(355),(356),(357),(358),(359),(360),(361),(362),(363),(364),(365),(366),(367),(368),(369),(370),(371),(372),(373),(374),(375),(376),(377),(378),(379),(380),(381),(382),(383),(384),(385),(386),(387),(388),(389),(390),(391),(392),(393);
commit;

--
-- Table structure for table `menu_custom`
--

CREATE TABLE `menu_custom` (
  `menu_name` varchar(32) NOT NULL DEFAULT '' COMMENT 'Primary Key: Unique key for menu. This is used as a block delta so length is 32.',
  `title` varchar(255) NOT NULL DEFAULT '' COMMENT 'Menu title; displayed at top of block.',
  `description` text COMMENT 'Menu description.',
  PRIMARY KEY (`menu_name`)
) ENGINE=InnoDB DEFAULT CHARSET=utf8 COMMENT='Holds definitions for top-level custom menus (for example...';

--
-- Dumping data for table `menu_custom`
--

set autocommit=0;
INSERT INTO `menu_custom` VALUES ('devel','Development','Development link'),('main-menu','Main menu','The <em>Main</em> menu is used on many sites to show the major sections of the site, often in a top navigation bar.'),('management','Management','The <em>Management</em> menu contains links for administrative tasks.'),('menu-about','About us','About menu for footer'),('menu-about-us','About menu for pages','About menu for pages'),('menu-administration','Administration','menu for WD Admins only'),('menu-how-to-give','How to give menu for pages','How to give menu for pages'),('menu-how-to-give-footer','How to give','How to give menu for footer'),('menu-partners','Partners','Partners menu for pages'),('menu-partners-footer','Partners','Partners menu for footer'),('menu-women-deliver','Women Deliver',''),('navigation','Navigation','The <em>Navigation</em> menu contains links intended for site visitors. Links are added to the <em>Navigation</em> menu automatically by some modules.'),('user-menu','User menu','The <em>User</em> menu contains links related to the user\'s account, as well as the \'Log out\' link.');
commit;

--
-- Table structure for table `menu_links`
--

CREATE TABLE `menu_links` (
  `menu_name` varchar(32) NOT NULL DEFAULT '' COMMENT 'The menu name. All links with the same menu name (such as ’navigation’) are part of the same menu.',
  `mlid` int(10) unsigned NOT NULL AUTO_INCREMENT COMMENT 'The menu link ID (mlid) is the integer primary key.',
  `plid` int(10) unsigned NOT NULL DEFAULT '0' COMMENT 'The parent link ID (plid) is the mlid of the link above in the hierarchy, or zero if the link is at the top level in its menu.',
  `link_path` varchar(255) NOT NULL DEFAULT '' COMMENT 'The Drupal path or external path this link points to.',
  `router_path` varchar(255) NOT NULL DEFAULT '' COMMENT 'For links corresponding to a Drupal path (external = 0), this connects the link to a menu_router.path for joins.',
  `link_title` varchar(255) NOT NULL DEFAULT '' COMMENT 'The text displayed for the link, which may be modified by a title callback stored in menu_router.',
  `options` blob COMMENT 'A serialized array of options to be passed to the url() or l() function, such as a query string or HTML attributes.',
  `module` varchar(255) NOT NULL DEFAULT 'system' COMMENT 'The name of the module that generated this link.',
  `hidden` smallint(6) NOT NULL DEFAULT '0' COMMENT 'A flag for whether the link should be rendered in menus. (1 = a disabled menu item that may be shown on admin screens, -1 = a menu callback, 0 = a normal, visible link)',
  `external` smallint(6) NOT NULL DEFAULT '0' COMMENT 'A flag to indicate if the link points to a full URL starting with a protocol, like http:// (1 = external, 0 = internal).',
  `has_children` smallint(6) NOT NULL DEFAULT '0' COMMENT 'Flag indicating whether any links have this link as a parent (1 = children exist, 0 = no children).',
  `expanded` smallint(6) NOT NULL DEFAULT '0' COMMENT 'Flag for whether this link should be rendered as expanded in menus - expanded links always have their child links displayed, instead of only when the link is in the active trail (1 = expanded, 0 = not expanded)',
  `weight` int(11) NOT NULL DEFAULT '0' COMMENT 'Link weight among links in the same menu at the same depth.',
  `depth` smallint(6) NOT NULL DEFAULT '0' COMMENT 'The depth relative to the top level. A link with plid == 0 will have depth == 1.',
  `customized` smallint(6) NOT NULL DEFAULT '0' COMMENT 'A flag to indicate that the user has manually created or edited the link (1 = customized, 0 = not customized).',
  `p1` int(10) unsigned NOT NULL DEFAULT '0' COMMENT 'The first mlid in the materialized path. If N = depth, then pN must equal the mlid. If depth > 1 then p(N-1) must equal the plid. All pX where X > depth must equal zero. The columns p1 .. p9 are also called the parents.',
  `p2` int(10) unsigned NOT NULL DEFAULT '0' COMMENT 'The second mlid in the materialized path. See p1.',
  `p3` int(10) unsigned NOT NULL DEFAULT '0' COMMENT 'The third mlid in the materialized path. See p1.',
  `p4` int(10) unsigned NOT NULL DEFAULT '0' COMMENT 'The fourth mlid in the materialized path. See p1.',
  `p5` int(10) unsigned NOT NULL DEFAULT '0' COMMENT 'The fifth mlid in the materialized path. See p1.',
  `p6` int(10) unsigned NOT NULL DEFAULT '0' COMMENT 'The sixth mlid in the materialized path. See p1.',
  `p7` int(10) unsigned NOT NULL DEFAULT '0' COMMENT 'The seventh mlid in the materialized path. See p1.',
  `p8` int(10) unsigned NOT NULL DEFAULT '0' COMMENT 'The eighth mlid in the materialized path. See p1.',
  `p9` int(10) unsigned NOT NULL DEFAULT '0' COMMENT 'The ninth mlid in the materialized path. See p1.',
  `updated` smallint(6) NOT NULL DEFAULT '0' COMMENT 'Flag that indicates that this link was generated during the update from Drupal 5.',
  PRIMARY KEY (`mlid`),
  KEY `path_menu` (`link_path`(128),`menu_name`),
  KEY `menu_plid_expand_child` (`menu_name`,`plid`,`expanded`,`has_children`),
  KEY `menu_parents` (`menu_name`,`p1`,`p2`,`p3`,`p4`,`p5`,`p6`,`p7`,`p8`,`p9`),
  KEY `router_path` (`router_path`(128))
) ENGINE=InnoDB AUTO_INCREMENT=2890 DEFAULT CHARSET=utf8 COMMENT='Contains the individual links within a menu.';

--
-- Dumping data for table `menu_links`
--

set autocommit=0;
INSERT INTO `menu_links` VALUES ('management',1,0,'admin','admin','Administration','a:0:{}','system',0,0,1,0,9,1,0,1,0,0,0,0,0,0,0,0,0),('user-menu',2,0,'user','user','User account','a:1:{s:5:\"alter\";b:1;}','system',0,0,0,0,-48,1,1,2,0,0,0,0,0,0,0,0,0),('navigation',3,0,'filter/tips','filter/tips','Compose tips','a:0:{}','system',1,0,0,0,0,1,0,3,0,0,0,0,0,0,0,0,0),('navigation',4,0,'node/%','node/%','','a:0:{}','system',0,0,0,0,0,1,0,4,0,0,0,0,0,0,0,0,0),('navigation',5,0,'node/add','node/add','Add content','a:0:{}','system',0,0,1,0,0,1,0,5,0,0,0,0,0,0,0,0,0),('management',6,1,'admin/appearance','admin/appearance','Appearance','a:1:{s:10:\"attributes\";a:1:{s:5:\"title\";s:33:\"Select and configure your themes.\";}}','system',0,0,0,0,-6,2,0,1,6,0,0,0,0,0,0,0,0),('management',7,1,'admin/config','admin/config','Configuration','a:1:{s:10:\"attributes\";a:1:{s:5:\"title\";s:20:\"Administer settings.\";}}','system',0,0,1,0,0,2,0,1,7,0,0,0,0,0,0,0,0),('management',8,1,'admin/content','admin/content','Content','a:1:{s:10:\"attributes\";a:1:{s:5:\"title\";s:32:\"Administer content and comments.\";}}','system',0,0,1,0,-10,2,0,1,8,0,0,0,0,0,0,0,0),('user-menu',9,2,'user/register','user/register','Create new account','a:0:{}','system',-1,0,0,0,0,2,0,2,9,0,0,0,0,0,0,0,0),('management',10,1,'admin/index','admin/index','Index','a:0:{}','system',-1,0,0,0,-18,2,0,1,10,0,0,0,0,0,0,0,0),('user-menu',11,2,'user/login','user/login','Log in','a:0:{}','system',-1,0,0,0,0,2,0,2,11,0,0,0,0,0,0,0,0),('user-menu',12,0,'user/logout','user/logout','Log out','a:0:{}','system',0,0,0,0,-50,1,1,12,0,0,0,0,0,0,0,0,0),('management',13,1,'admin/modules','admin/modules','Modules','a:1:{s:10:\"attributes\";a:1:{s:5:\"title\";s:26:\"Extend site functionality.\";}}','system',0,0,0,0,-2,2,0,1,13,0,0,0,0,0,0,0,0),('navigation',14,0,'user/%','user/%','My account','a:0:{}','system',0,0,1,0,0,1,0,14,0,0,0,0,0,0,0,0,0),('management',15,1,'admin/people','admin/people','People','a:1:{s:10:\"attributes\";a:1:{s:5:\"title\";s:45:\"Manage user accounts, roles, and permissions.\";}}','system',0,0,0,0,-4,2,0,1,15,0,0,0,0,0,0,0,0),('management',16,1,'admin/reports','admin/reports','Reports','a:1:{s:10:\"attributes\";a:1:{s:5:\"title\";s:34:\"View reports, updates, and errors.\";}}','system',0,0,1,0,5,2,0,1,16,0,0,0,0,0,0,0,0),('user-menu',17,2,'user/password','user/password','Request new password','a:0:{}','system',-1,0,0,0,0,2,0,2,17,0,0,0,0,0,0,0,0),('management',18,1,'admin/structure','admin/structure','Structure','a:1:{s:10:\"attributes\";a:1:{s:5:\"title\";s:45:\"Administer blocks, content types, menus, etc.\";}}','system',0,0,1,0,-8,2,0,1,18,0,0,0,0,0,0,0,0),('management',19,1,'admin/tasks','admin/tasks','Tasks','a:0:{}','system',-1,0,0,0,-20,2,0,1,19,0,0,0,0,0,0,0,0),('management',20,15,'admin/people/create','admin/people/create','Add user','a:0:{}','system',-1,0,0,0,0,3,0,1,15,20,0,0,0,0,0,0,0),('management',21,18,'admin/structure/block','admin/structure/block','Blocks','a:1:{s:10:\"attributes\";a:1:{s:5:\"title\";s:79:\"Configure what block content appears in your site\'s sidebars and other regions.\";}}','system',0,0,1,0,0,3,0,1,18,21,0,0,0,0,0,0,0),('navigation',22,14,'user/%/cancel','user/%/cancel','Cancel account','a:0:{}','system',0,0,1,0,0,2,0,14,22,0,0,0,0,0,0,0,0),('management',23,8,'admin/content/node','admin/content/node','Content','a:0:{}','system',-1,0,0,0,-10,3,0,1,8,23,0,0,0,0,0,0,0),('management',24,7,'admin/config/content','admin/config/content','Content authoring','a:1:{s:10:\"attributes\";a:1:{s:5:\"title\";s:53:\"Settings related to formatting and authoring content.\";}}','system',0,0,1,0,-15,3,0,1,7,24,0,0,0,0,0,0,0),('management',25,18,'admin/structure/types','admin/structure/types','Content types','a:1:{s:10:\"attributes\";a:1:{s:5:\"title\";s:92:\"Manage content types, including default status, front page promotion, comment settings, etc.\";}}','system',0,0,1,0,0,3,0,1,18,25,0,0,0,0,0,0,0),('navigation',26,4,'node/%/delete','node/%/delete','Delete','a:0:{}','system',-1,0,0,0,1,2,0,4,26,0,0,0,0,0,0,0,0),('management',27,7,'admin/config/development','admin/config/development','Development','a:1:{s:10:\"attributes\";a:1:{s:5:\"title\";s:18:\"Development tools.\";}}','system',0,0,1,0,-10,3,0,1,7,27,0,0,0,0,0,0,0),('navigation',28,14,'user/%/edit','user/%/edit','Edit','a:0:{}','system',-1,0,0,0,0,2,0,14,28,0,0,0,0,0,0,0,0),('navigation',29,4,'node/%/edit','node/%/edit','Edit','a:0:{}','system',-1,0,0,0,0,2,0,4,29,0,0,0,0,0,0,0,0),('management',30,13,'admin/modules/list','admin/modules/list','List','a:0:{}','system',-1,0,0,0,0,3,0,1,13,30,0,0,0,0,0,0,0),('management',31,15,'admin/people/people','admin/people/people','List','a:1:{s:10:\"attributes\";a:1:{s:5:\"title\";s:50:\"Find and manage people interacting with your site.\";}}','system',-1,0,0,0,-10,3,0,1,15,31,0,0,0,0,0,0,0),('management',32,6,'admin/appearance/list','admin/appearance/list','List','a:1:{s:10:\"attributes\";a:1:{s:5:\"title\";s:31:\"Select and configure your theme\";}}','system',-1,0,0,0,-1,3,0,1,6,32,0,0,0,0,0,0,0),('management',33,7,'admin/config/media','admin/config/media','Media','a:1:{s:10:\"attributes\";a:1:{s:5:\"title\";s:12:\"Media tools.\";}}','system',0,0,1,0,-10,3,0,1,7,33,0,0,0,0,0,0,0),('management',34,7,'admin/config/people','admin/config/people','People','a:1:{s:10:\"attributes\";a:1:{s:5:\"title\";s:24:\"Configure user accounts.\";}}','system',0,0,1,0,-20,3,0,1,7,34,0,0,0,0,0,0,0),('management',35,15,'admin/people/permissions','admin/people/permissions','Permissions','a:1:{s:10:\"attributes\";a:1:{s:5:\"title\";s:64:\"Determine access to features by selecting permissions for roles.\";}}','system',-1,0,0,0,0,3,0,1,15,35,0,0,0,0,0,0,0),('management',36,16,'admin/reports/dblog','admin/reports/dblog','Recent log messages','a:1:{s:10:\"attributes\";a:1:{s:5:\"title\";s:43:\"View events that have recently been logged.\";}}','system',0,0,0,0,-1,3,0,1,16,36,0,0,0,0,0,0,0),('management',37,7,'admin/config/regional','admin/config/regional','Regional and language','a:1:{s:10:\"attributes\";a:1:{s:5:\"title\";s:48:\"Regional settings, localization and translation.\";}}','system',0,0,1,0,-5,3,0,1,7,37,0,0,0,0,0,0,0),('navigation',38,4,'node/%/revisions','node/%/revisions','Revisions','a:0:{}','system',-1,0,1,0,2,2,0,4,38,0,0,0,0,0,0,0,0),('management',39,7,'admin/config/search','admin/config/search','Search and metadata','a:1:{s:10:\"attributes\";a:1:{s:5:\"title\";s:36:\"Local site search, metadata and SEO.\";}}','system',0,0,1,0,-10,3,0,1,7,39,0,0,0,0,0,0,0),('management',40,6,'admin/appearance/settings','admin/appearance/settings','Settings','a:1:{s:10:\"attributes\";a:1:{s:5:\"title\";s:46:\"Configure default and theme specific settings.\";}}','system',-1,0,0,0,20,3,0,1,6,40,0,0,0,0,0,0,0),('management',41,16,'admin/reports/status','admin/reports/status','Status report','a:1:{s:10:\"attributes\";a:1:{s:5:\"title\";s:74:\"Get a status report about your site\'s operation and any detected problems.\";}}','system',0,0,0,0,-60,3,0,1,16,41,0,0,0,0,0,0,0),('management',42,7,'admin/config/system','admin/config/system','System','a:1:{s:10:\"attributes\";a:1:{s:5:\"title\";s:37:\"General system related configuration.\";}}','system',0,0,1,0,-20,3,0,1,7,42,0,0,0,0,0,0,0),('management',43,16,'admin/reports/access-denied','admin/reports/access-denied','Top \'access denied\' errors','a:1:{s:10:\"attributes\";a:1:{s:5:\"title\";s:35:\"View \'access denied\' errors (403s).\";}}','system',0,0,0,0,0,3,0,1,16,43,0,0,0,0,0,0,0),('management',44,16,'admin/reports/page-not-found','admin/reports/page-not-found','Top \'page not found\' errors','a:1:{s:10:\"attributes\";a:1:{s:5:\"title\";s:36:\"View \'page not found\' errors (404s).\";}}','system',0,0,0,0,0,3,0,1,16,44,0,0,0,0,0,0,0),('management',45,13,'admin/modules/uninstall','admin/modules/uninstall','Uninstall','a:0:{}','system',-1,0,0,0,20,3,0,1,13,45,0,0,0,0,0,0,0),('management',46,7,'admin/config/user-interface','admin/config/user-interface','User interface','a:1:{s:10:\"attributes\";a:1:{s:5:\"title\";s:38:\"Tools that enhance the user interface.\";}}','system',0,0,1,0,-15,3,0,1,7,46,0,0,0,0,0,0,0),('navigation',47,4,'node/%/view','node/%/view','View','a:0:{}','system',-1,0,0,0,-10,2,0,4,47,0,0,0,0,0,0,0,0),('navigation',48,14,'user/%/view','user/%/view','View','a:0:{}','system',-1,0,0,0,-10,2,0,14,48,0,0,0,0,0,0,0,0),('management',49,7,'admin/config/services','admin/config/services','Web services','a:1:{s:10:\"attributes\";a:1:{s:5:\"title\";s:30:\"Tools related to web services.\";}}','system',0,0,1,0,0,3,0,1,7,49,0,0,0,0,0,0,0),('management',50,7,'admin/config/workflow','admin/config/workflow','Workflow','a:1:{s:10:\"attributes\";a:1:{s:5:\"title\";s:43:\"Content workflow, editorial workflow tools.\";}}','system',0,0,1,0,5,3,0,1,7,50,0,0,0,0,0,0,0),('management',51,34,'admin/config/people/accounts','admin/config/people/accounts','Account settings','a:1:{s:10:\"attributes\";a:1:{s:5:\"title\";s:109:\"Configure default behavior of users, including registration requirements, e-mails, fields, and user pictures.\";}}','system',0,0,0,0,-10,4,0,1,7,34,51,0,0,0,0,0,0),('management',52,42,'admin/config/system/actions','admin/config/system/actions','Actions','a:1:{s:10:\"attributes\";a:1:{s:5:\"title\";s:41:\"Manage the actions defined for your site.\";}}','system',0,0,1,0,0,4,0,1,7,42,52,0,0,0,0,0,0),('management',53,21,'admin/structure/block/add','admin/structure/block/add','Add block','a:0:{}','system',-1,0,0,0,0,4,0,1,18,21,53,0,0,0,0,0,0),('management',54,25,'admin/structure/types/add','admin/structure/types/add','Add content type','a:0:{}','system',-1,0,0,0,0,4,0,1,18,25,54,0,0,0,0,0,0),('management',55,40,'admin/appearance/settings/bartik','admin/appearance/settings/bartik','Bartik','a:0:{}','system',-1,0,0,0,0,4,0,1,6,40,55,0,0,0,0,0,0),('management',56,39,'admin/config/search/clean-urls','admin/config/search/clean-urls','Clean URLs','a:1:{s:10:\"attributes\";a:1:{s:5:\"title\";s:43:\"Enable or disable clean URLs for your site.\";}}','system',0,0,0,0,5,4,0,1,7,39,56,0,0,0,0,0,0),('management',57,42,'admin/config/system/cron','admin/config/system/cron','Cron','a:1:{s:10:\"attributes\";a:1:{s:5:\"title\";s:40:\"Manage automatic site maintenance tasks.\";}}','system',0,0,0,0,20,4,0,1,7,42,57,0,0,0,0,0,0),('management',58,37,'admin/config/regional/date-time','admin/config/regional/date-time','Date and time','a:1:{s:10:\"attributes\";a:1:{s:5:\"title\";s:44:\"Configure display formats for date and time.\";}}','system',0,0,0,0,-15,4,0,1,7,37,58,0,0,0,0,0,0),('management',59,16,'admin/reports/event/%','admin/reports/event/%','Details','a:0:{}','system',0,0,0,0,0,3,0,1,16,59,0,0,0,0,0,0,0),('management',60,33,'admin/config/media/file-system','admin/config/media/file-system','File system','a:1:{s:10:\"attributes\";a:1:{s:5:\"title\";s:68:\"Tell Drupal where to store uploaded files and how they are accessed.\";}}','system',0,0,0,0,-10,4,0,1,7,33,60,0,0,0,0,0,0),('management',61,40,'admin/appearance/settings/garland','admin/appearance/settings/garland','Garland','a:0:{}','system',-1,0,0,0,0,4,0,1,6,40,61,0,0,0,0,0,0),('management',62,40,'admin/appearance/settings/global','admin/appearance/settings/global','Global settings','a:0:{}','system',-1,0,0,0,-1,4,0,1,6,40,62,0,0,0,0,0,0),('management',63,34,'admin/config/people/ip-blocking','admin/config/people/ip-blocking','IP address blocking','a:1:{s:10:\"attributes\";a:1:{s:5:\"title\";s:28:\"Manage blocked IP addresses.\";}}','system',0,0,1,0,10,4,0,1,7,34,63,0,0,0,0,0,0),('management',64,33,'admin/config/media/image-toolkit','admin/config/media/image-toolkit','Image toolkit','a:1:{s:10:\"attributes\";a:1:{s:5:\"title\";s:74:\"Choose which image toolkit to use if you have installed optional toolkits.\";}}','system',0,0,0,0,20,4,0,1,7,33,64,0,0,0,0,0,0),('management',65,30,'admin/modules/list/confirm','admin/modules/list/confirm','List','a:0:{}','system',-1,0,0,0,0,4,0,1,13,30,65,0,0,0,0,0,0),('management',66,25,'admin/structure/types/list','admin/structure/types/list','List','a:0:{}','system',-1,0,0,0,-10,4,0,1,18,25,66,0,0,0,0,0,0),('management',67,27,'admin/config/development/logging','admin/config/development/logging','Logging and errors','a:1:{s:10:\"attributes\";a:1:{s:5:\"title\";s:154:\"Settings for logging and alerts modules. Various modules can route Drupal\'s system events to different destinations, such as syslog, database, email, etc.\";}}','system',0,0,0,0,-15,4,0,1,7,27,67,0,0,0,0,0,0),('management',68,27,'admin/config/development/maintenance','admin/config/development/maintenance','Maintenance mode','a:1:{s:10:\"attributes\";a:1:{s:5:\"title\";s:62:\"Take the site offline for maintenance or bring it back online.\";}}','system',0,0,0,0,-10,4,0,1,7,27,68,0,0,0,0,0,0),('management',69,27,'admin/config/development/performance','admin/config/development/performance','Performance','a:1:{s:10:\"attributes\";a:1:{s:5:\"title\";s:101:\"Enable or disable page caching for anonymous users and set CSS and JS bandwidth optimization options.\";}}','system',0,0,0,0,-20,4,0,1,7,27,69,0,0,0,0,0,0),('management',70,35,'admin/people/permissions/list','admin/people/permissions/list','Permissions','a:1:{s:10:\"attributes\";a:1:{s:5:\"title\";s:64:\"Determine access to features by selecting permissions for roles.\";}}','system',-1,0,0,0,-8,4,0,1,15,35,70,0,0,0,0,0,0),('management',71,49,'admin/config/services/rss-publishing','admin/config/services/rss-publishing','RSS publishing','a:1:{s:10:\"attributes\";a:1:{s:5:\"title\";s:114:\"Configure the site description, the number of items per feed and whether feeds should be titles/teasers/full-text.\";}}','system',0,0,0,0,0,4,0,1,7,49,71,0,0,0,0,0,0),('management',72,37,'admin/config/regional/settings','admin/config/regional/settings','Regional settings','a:1:{s:10:\"attributes\";a:1:{s:5:\"title\";s:54:\"Settings for the site\'s default time zone and country.\";}}','system',0,0,0,0,-20,4,0,1,7,37,72,0,0,0,0,0,0),('management',73,35,'admin/people/permissions/roles','admin/people/permissions/roles','Roles','a:1:{s:10:\"attributes\";a:1:{s:5:\"title\";s:30:\"List, edit, or add user roles.\";}}','system',-1,0,1,0,-5,4,0,1,15,35,73,0,0,0,0,0,0),('management',74,40,'admin/appearance/settings/seven','admin/appearance/settings/seven','Seven','a:0:{}','system',-1,0,0,0,0,4,0,1,6,40,74,0,0,0,0,0,0),('management',75,42,'admin/config/system/site-information','admin/config/system/site-information','Site information','a:1:{s:10:\"attributes\";a:1:{s:5:\"title\";s:104:\"Change site name, e-mail address, slogan, default front page, and number of posts per page, error pages.\";}}','system',0,0,0,0,-20,4,0,1,7,42,75,0,0,0,0,0,0),('management',76,40,'admin/appearance/settings/stark','admin/appearance/settings/stark','Stark','a:0:{}','system',-1,0,0,0,0,4,0,1,6,40,76,0,0,0,0,0,0),('management',77,24,'admin/config/content/formats','admin/config/content/formats','Text formats','a:1:{s:10:\"attributes\";a:1:{s:5:\"title\";s:127:\"Configure how content input by users is filtered, including allowed HTML tags. Also allows enabling of module-provided filters.\";}}','system',0,0,1,0,0,4,0,1,7,24,77,0,0,0,0,0,0),('management',78,45,'admin/modules/uninstall/confirm','admin/modules/uninstall/confirm','Uninstall','a:0:{}','system',-1,0,0,0,0,4,0,1,13,45,78,0,0,0,0,0,0),('navigation',79,28,'user/%/edit/account','user/%/edit/account','Account','a:0:{}','system',-1,0,0,0,0,3,0,14,28,79,0,0,0,0,0,0,0),('management',80,77,'admin/config/content/formats/%','admin/config/content/formats/%','','a:0:{}','system',0,0,1,0,0,5,0,1,7,24,77,80,0,0,0,0,0),('management',81,77,'admin/config/content/formats/add','admin/config/content/formats/add','Add text format','a:0:{}','system',-1,0,0,0,1,5,0,1,7,24,77,81,0,0,0,0,0),('management',82,21,'admin/structure/block/list/bartik','admin/structure/block/list/bartik','Bartik','a:0:{}','system',-1,0,0,0,0,4,0,1,18,21,82,0,0,0,0,0,0),('management',83,52,'admin/config/system/actions/configure','admin/config/system/actions/configure','Configure an advanced action','a:0:{}','system',-1,0,0,0,0,5,0,1,7,42,52,83,0,0,0,0,0),('management',84,25,'admin/structure/types/manage/%','admin/structure/types/manage/%','Edit content type','a:0:{}','system',0,0,1,0,0,4,0,1,18,25,84,0,0,0,0,0,0),('management',85,58,'admin/config/regional/date-time/formats','admin/config/regional/date-time/formats','Formats','a:1:{s:10:\"attributes\";a:1:{s:5:\"title\";s:51:\"Configure display format strings for date and time.\";}}','system',-1,0,1,0,-9,5,0,1,7,37,58,85,0,0,0,0,0),('management',86,21,'admin/structure/block/list/garland','admin/structure/block/list/garland','Garland','a:0:{}','system',-1,0,0,0,0,4,0,1,18,21,86,0,0,0,0,0,0),('management',87,77,'admin/config/content/formats/list','admin/config/content/formats/list','List','a:0:{}','system',-1,0,0,0,0,5,0,1,7,24,77,87,0,0,0,0,0),('management',88,52,'admin/config/system/actions/manage','admin/config/system/actions/manage','Manage actions','a:1:{s:10:\"attributes\";a:1:{s:5:\"title\";s:41:\"Manage the actions defined for your site.\";}}','system',-1,0,0,0,-2,5,0,1,7,42,52,88,0,0,0,0,0),('management',89,51,'admin/config/people/accounts/settings','admin/config/people/accounts/settings','Settings','a:0:{}','system',-1,0,0,0,-10,5,0,1,7,34,51,89,0,0,0,0,0),('management',90,21,'admin/structure/block/list/seven','admin/structure/block/list/seven','Seven','a:0:{}','system',-1,0,0,0,0,4,0,1,18,21,90,0,0,0,0,0,0),('management',91,21,'admin/structure/block/list/stark','admin/structure/block/list/stark','Stark','a:0:{}','system',-1,0,0,0,0,4,0,1,18,21,91,0,0,0,0,0,0),('management',92,58,'admin/config/regional/date-time/types','admin/config/regional/date-time/types','Types','a:1:{s:10:\"attributes\";a:1:{s:5:\"title\";s:44:\"Configure display formats for date and time.\";}}','system',-1,0,1,0,-10,5,0,1,7,37,58,92,0,0,0,0,0),('navigation',93,38,'node/%/revisions/%/delete','node/%/revisions/%/delete','Delete earlier revision','a:0:{}','system',0,0,0,0,0,3,0,4,38,93,0,0,0,0,0,0,0),('navigation',94,38,'node/%/revisions/%/revert','node/%/revisions/%/revert','Revert to earlier revision','a:0:{}','system',0,0,0,0,0,3,0,4,38,94,0,0,0,0,0,0,0),('navigation',95,38,'node/%/revisions/%/view','node/%/revisions/%/view','Revisions','a:0:{}','system',0,0,0,0,0,3,0,4,38,95,0,0,0,0,0,0,0),('management',96,86,'admin/structure/block/list/garland/add','admin/structure/block/list/garland/add','Add block','a:0:{}','system',-1,0,0,0,0,5,0,1,18,21,86,96,0,0,0,0,0),('management',97,90,'admin/structure/block/list/seven/add','admin/structure/block/list/seven/add','Add block','a:0:{}','system',-1,0,0,0,0,5,0,1,18,21,90,97,0,0,0,0,0),('management',98,91,'admin/structure/block/list/stark/add','admin/structure/block/list/stark/add','Add block','a:0:{}','system',-1,0,0,0,0,5,0,1,18,21,91,98,0,0,0,0,0),('management',99,92,'admin/config/regional/date-time/types/add','admin/config/regional/date-time/types/add','Add date type','a:1:{s:10:\"attributes\";a:1:{s:5:\"title\";s:18:\"Add new date type.\";}}','system',-1,0,0,0,-10,6,0,1,7,37,58,92,99,0,0,0,0),('management',100,85,'admin/config/regional/date-time/formats/add','admin/config/regional/date-time/formats/add','Add format','a:1:{s:10:\"attributes\";a:1:{s:5:\"title\";s:43:\"Allow users to add additional date formats.\";}}','system',-1,0,0,0,-10,6,0,1,7,37,58,85,100,0,0,0,0),('management',101,21,'admin/structure/block/manage/%/%','admin/structure/block/manage/%/%','Configure block','a:0:{}','system',0,0,0,0,0,4,0,1,18,21,101,0,0,0,0,0,0),('navigation',102,22,'user/%/cancel/confirm/%/%','user/%/cancel/confirm/%/%','Confirm account cancellation','a:0:{}','system',0,0,0,0,0,3,0,14,22,102,0,0,0,0,0,0,0),('management',103,84,'admin/structure/types/manage/%/delete','admin/structure/types/manage/%/delete','Delete','a:0:{}','system',0,0,0,0,0,5,0,1,18,25,84,103,0,0,0,0,0),('management',104,63,'admin/config/people/ip-blocking/delete/%','admin/config/people/ip-blocking/delete/%','Delete IP address','a:0:{}','system',0,0,0,0,0,5,0,1,7,34,63,104,0,0,0,0,0),('management',105,52,'admin/config/system/actions/delete/%','admin/config/system/actions/delete/%','Delete action','a:1:{s:10:\"attributes\";a:1:{s:5:\"title\";s:17:\"Delete an action.\";}}','system',0,0,0,0,0,5,0,1,7,42,52,105,0,0,0,0,0),('management',106,73,'admin/people/permissions/roles/delete/%','admin/people/permissions/roles/delete/%','Delete role','a:0:{}','system',0,0,0,0,0,5,0,1,15,35,73,106,0,0,0,0,0),('management',107,80,'admin/config/content/formats/%/disable','admin/config/content/formats/%/disable','Disable text format','a:0:{}','system',0,0,0,0,0,6,0,1,7,24,77,80,107,0,0,0,0),('management',108,84,'admin/structure/types/manage/%/edit','admin/structure/types/manage/%/edit','Edit','a:0:{}','system',-1,0,0,0,0,5,0,1,18,25,84,108,0,0,0,0,0),('management',109,73,'admin/people/permissions/roles/edit/%','admin/people/permissions/roles/edit/%','Edit role','a:0:{}','system',0,0,0,0,0,5,0,1,15,35,73,109,0,0,0,0,0),('management',110,101,'admin/structure/block/manage/%/%/configure','admin/structure/block/manage/%/%/configure','Configure block','a:0:{}','system',-1,0,0,0,0,5,0,1,18,21,101,110,0,0,0,0,0),('management',111,101,'admin/structure/block/manage/%/%/delete','admin/structure/block/manage/%/%/delete','Delete block','a:0:{}','system',-1,0,0,0,0,5,0,1,18,21,101,111,0,0,0,0,0),('management',112,85,'admin/config/regional/date-time/formats/%/delete','admin/config/regional/date-time/formats/%/delete','Delete date format','a:1:{s:10:\"attributes\";a:1:{s:5:\"title\";s:47:\"Allow users to delete a configured date format.\";}}','system',0,0,0,0,0,6,0,1,7,37,58,85,112,0,0,0,0),('management',113,92,'admin/config/regional/date-time/types/%/delete','admin/config/regional/date-time/types/%/delete','Delete date type','a:1:{s:10:\"attributes\";a:1:{s:5:\"title\";s:45:\"Allow users to delete a configured date type.\";}}','system',0,0,0,0,0,6,0,1,7,37,58,92,113,0,0,0,0),('management',114,85,'admin/config/regional/date-time/formats/%/edit','admin/config/regional/date-time/formats/%/edit','Edit date format','a:1:{s:10:\"attributes\";a:1:{s:5:\"title\";s:45:\"Allow users to edit a configured date format.\";}}','system',0,0,0,0,0,6,0,1,7,37,58,85,114,0,0,0,0),('management',115,18,'admin/structure/menu','admin/structure/menu','Menus','a:1:{s:10:\"attributes\";a:1:{s:5:\"title\";s:86:\"Add new menus to your site, edit existing menus, and rename and reorganize menu links.\";}}','system',0,0,1,0,0,3,0,1,18,115,0,0,0,0,0,0,0),('management',116,115,'admin/structure/menu/add','admin/structure/menu/add','Add menu','a:0:{}','system',-1,0,0,0,0,4,0,1,18,115,116,0,0,0,0,0,0),('management',117,42,'admin/config/system/backup_migrate','admin/config/system/backup_migrate','Backup and Migrate','a:1:{s:10:\"attributes\";a:1:{s:5:\"title\";s:76:\"Backup/restore your database or migrate data to or from another Drupal site.\";}}','system',0,0,0,0,0,4,0,1,7,42,117,0,0,0,0,0,0),('management',118,42,'admin/config/system/globalredirect','admin/config/system/globalredirect','Global Redirect','a:1:{s:10:\"attributes\";a:1:{s:5:\"title\";s:63:\"Chose which features you would like enabled for Global Redirect\";}}','system',0,0,0,0,0,4,0,1,7,42,118,0,0,0,0,0,0),('management',119,115,'admin/structure/menu/list','admin/structure/menu/list','List menus','a:0:{}','system',-1,0,0,0,-10,4,0,1,18,115,119,0,0,0,0,0,0),('management',120,115,'admin/structure/menu/settings','admin/structure/menu/settings','Settings','a:0:{}','system',-1,0,0,0,5,4,0,1,18,115,120,0,0,0,0,0,0),('management',121,117,'admin/config/system/backup_migrate/export','admin/config/system/backup_migrate/export','Backup','a:1:{s:10:\"attributes\";a:1:{s:5:\"title\";s:20:\"Backup the database.\";}}','system',-1,0,0,0,0,5,0,1,7,42,117,121,0,0,0,0,0),('management',122,115,'admin/structure/menu/manage/%','admin/structure/menu/manage/%','Customize menu','a:0:{}','system',0,0,1,0,0,4,0,1,18,115,122,0,0,0,0,0,0),('management',123,117,'admin/config/system/backup_migrate/destination','admin/config/system/backup_migrate/destination','Destinations','a:0:{}','system',-1,0,0,0,2,5,0,1,7,42,117,123,0,0,0,0,0),('management',124,117,'admin/config/system/backup_migrate/profile','admin/config/system/backup_migrate/profile','Profiles','a:0:{}','system',-1,0,0,0,2,5,0,1,7,42,117,124,0,0,0,0,0),('management',125,117,'admin/config/system/backup_migrate/restore','admin/config/system/backup_migrate/restore','Restore','a:1:{s:10:\"attributes\";a:1:{s:5:\"title\";s:43:\"Restore the database from a previous backup\";}}','system',-1,0,0,0,1,5,0,1,7,42,117,125,0,0,0,0,0),('management',126,117,'admin/config/system/backup_migrate/schedule','admin/config/system/backup_migrate/schedule','Schedules','a:0:{}','system',-1,0,0,0,2,5,0,1,7,42,117,126,0,0,0,0,0),('management',127,122,'admin/structure/menu/manage/%/add','admin/structure/menu/manage/%/add','Add link','a:0:{}','system',-1,0,0,0,0,5,0,1,18,115,122,127,0,0,0,0,0),('management',128,121,'admin/config/system/backup_migrate/export/advanced','admin/config/system/backup_migrate/export/advanced','Advanced Backup','a:1:{s:10:\"attributes\";a:1:{s:5:\"title\";s:20:\"Backup the database.\";}}','system',-1,0,0,0,1,6,0,1,7,42,117,121,128,0,0,0,0),('management',129,122,'admin/structure/menu/manage/%/delete','admin/structure/menu/manage/%/delete','Delete menu','a:0:{}','system',0,0,0,0,0,5,0,1,18,115,122,129,0,0,0,0,0),('management',130,115,'admin/structure/menu/item/%/delete','admin/structure/menu/item/%/delete','Delete menu link','a:0:{}','system',0,0,0,0,0,4,0,1,18,115,130,0,0,0,0,0,0),('management',131,122,'admin/structure/menu/manage/%/edit','admin/structure/menu/manage/%/edit','Edit menu','a:0:{}','system',-1,0,0,0,0,5,0,1,18,115,122,131,0,0,0,0,0),('management',132,115,'admin/structure/menu/item/%/edit','admin/structure/menu/item/%/edit','Edit menu link','a:0:{}','system',0,0,0,0,0,4,0,1,18,115,132,0,0,0,0,0,0),('management',133,123,'admin/config/system/backup_migrate/destination/list','admin/config/system/backup_migrate/destination/list','List !type','a:0:{}','system',-1,0,0,0,1,6,0,1,7,42,117,123,133,0,0,0,0),('management',134,124,'admin/config/system/backup_migrate/profile/list','admin/config/system/backup_migrate/profile/list','List !type','a:0:{}','system',-1,0,0,0,1,6,0,1,7,42,117,124,134,0,0,0,0),('management',135,126,'admin/config/system/backup_migrate/schedule/list','admin/config/system/backup_migrate/schedule/list','List !type','a:0:{}','system',-1,0,0,0,1,6,0,1,7,42,117,126,135,0,0,0,0),('management',136,122,'admin/structure/menu/manage/%/list','admin/structure/menu/manage/%/list','List links','a:0:{}','system',-1,0,0,0,-10,5,0,1,18,115,122,136,0,0,0,0,0),('management',137,121,'admin/config/system/backup_migrate/export/quick','admin/config/system/backup_migrate/export/quick','Quick Backup','a:1:{s:10:\"attributes\";a:1:{s:5:\"title\";s:20:\"Backup the database.\";}}','system',-1,0,0,0,0,6,0,1,7,42,117,121,137,0,0,0,0),('management',138,115,'admin/structure/menu/item/%/reset','admin/structure/menu/item/%/reset','Reset menu link','a:0:{}','system',0,0,0,0,0,4,0,1,18,115,138,0,0,0,0,0,0),('management',139,133,'admin/config/system/backup_migrate/destination/list/add','admin/config/system/backup_migrate/destination/list/add','Add !type','a:0:{}','system',-1,0,0,0,2,7,0,1,7,42,117,123,133,139,0,0,0),('management',140,134,'admin/config/system/backup_migrate/profile/list/add','admin/config/system/backup_migrate/profile/list/add','Add !type','a:0:{}','system',-1,0,0,0,2,7,0,1,7,42,117,124,134,140,0,0,0),('management',141,135,'admin/config/system/backup_migrate/schedule/list/add','admin/config/system/backup_migrate/schedule/list/add','Add !type','a:0:{}','system',-1,0,0,0,2,7,0,1,7,42,117,126,135,141,0,0,0),('management',142,133,'admin/config/system/backup_migrate/destination/list/files','admin/config/system/backup_migrate/destination/list/files','Destination Files','a:0:{}','system',-1,0,0,0,0,7,0,1,7,42,117,123,133,142,0,0,0),('management',143,115,'admin/structure/menu/manage/navigation','admin/structure/menu/manage/%','Navigation','a:0:{}','menu',0,0,0,0,0,4,0,1,18,115,143,0,0,0,0,0,0),('management',144,115,'admin/structure/menu/manage/management','admin/structure/menu/manage/%','Management','a:0:{}','menu',0,0,0,0,0,4,0,1,18,115,144,0,0,0,0,0,0),('management',145,115,'admin/structure/menu/manage/user-menu','admin/structure/menu/manage/%','User menu','a:0:{}','menu',0,0,0,0,0,4,0,1,18,115,145,0,0,0,0,0,0),('management',146,115,'admin/structure/menu/manage/main-menu','admin/structure/menu/manage/%','Main menu','a:0:{}','menu',0,0,0,0,0,4,0,1,18,115,146,0,0,0,0,0,0),('navigation',147,0,'taxonomy/term/%','taxonomy/term/%','Taxonomy term','a:0:{}','system',0,0,0,0,0,1,0,147,0,0,0,0,0,0,0,0,0),('management',148,7,'admin/config/administration','admin/config/administration','Administration','a:1:{s:10:\"attributes\";a:1:{s:5:\"title\";s:21:\"Administration tools.\";}}','system',0,0,1,0,0,3,0,1,7,148,0,0,0,0,0,0,0),('management',151,18,'admin/structure/taxonomy','admin/structure/taxonomy','Taxonomy','a:1:{s:10:\"attributes\";a:1:{s:5:\"title\";s:67:\"Manage tagging, categorization, and classification of your content.\";}}','system',0,0,1,0,0,3,0,1,18,151,0,0,0,0,0,0,0),('navigation',153,147,'taxonomy/term/%/edit','taxonomy/term/%/edit','Edit','a:0:{}','system',-1,0,0,0,10,2,0,147,153,0,0,0,0,0,0,0,0),('navigation',154,147,'taxonomy/term/%/view','taxonomy/term/%/view','View','a:0:{}','system',-1,0,0,0,0,2,0,147,154,0,0,0,0,0,0,0,0),('management',157,151,'admin/structure/taxonomy/add','admin/structure/taxonomy/add','Add vocabulary','a:0:{}','system',-1,0,0,0,0,4,0,1,18,151,157,0,0,0,0,0,0),('management',158,148,'admin/config/administration/admin_menu','admin/config/administration/admin_menu','Administration menu','a:1:{s:10:\"attributes\";a:1:{s:5:\"title\";s:36:\"Adjust administration menu settings.\";}}','system',0,0,0,0,0,4,0,1,7,148,158,0,0,0,0,0,0),('management',159,33,'admin/config/media/image-styles','admin/config/media/image-styles','Image styles','a:1:{s:10:\"attributes\";a:1:{s:5:\"title\";s:78:\"Configure styles that can be used for resizing or adjusting images on display.\";}}','system',0,0,1,0,0,4,0,1,7,33,159,0,0,0,0,0,0),('management',162,151,'admin/structure/taxonomy/list','admin/structure/taxonomy/list','List','a:0:{}','system',-1,0,0,0,-10,4,0,1,18,151,162,0,0,0,0,0,0),('management',164,39,'admin/config/search/path','admin/config/search/path','URL aliases','a:1:{s:10:\"attributes\";a:1:{s:5:\"title\";s:46:\"Change your site\'s URL paths by aliasing them.\";}}','system',0,0,1,0,-5,4,0,1,7,39,164,0,0,0,0,0,0),('management',165,151,'admin/structure/taxonomy/%','admin/structure/taxonomy/%','','a:0:{}','system',0,0,0,0,0,4,0,1,18,151,165,0,0,0,0,0,0),('management',166,164,'admin/config/search/path/add','admin/config/search/path/add','Add alias','a:0:{}','system',-1,0,0,0,0,5,0,1,7,39,164,166,0,0,0,0,0),('management',167,159,'admin/config/media/image-styles/add','admin/config/media/image-styles/add','Add style','a:1:{s:10:\"attributes\";a:1:{s:5:\"title\";s:22:\"Add a new image style.\";}}','system',-1,0,0,0,2,5,0,1,7,33,159,167,0,0,0,0,0),('management',168,165,'admin/structure/taxonomy/%/add','admin/structure/taxonomy/%/add','Add term','a:0:{}','system',-1,0,0,0,0,5,0,1,18,151,165,168,0,0,0,0,0),('management',171,164,'admin/config/search/path/update_bulk','admin/config/search/path/update_bulk','Bulk update','a:0:{}','system',-1,0,0,0,30,5,0,1,7,39,164,171,0,0,0,0,0),('management',172,164,'admin/config/search/path/delete_bulk','admin/config/search/path/delete_bulk','Delete aliases','a:0:{}','system',-1,0,0,0,40,5,0,1,7,39,164,172,0,0,0,0,0),('management',173,165,'admin/structure/taxonomy/%/edit','admin/structure/taxonomy/%/edit','Edit','a:0:{}','system',-1,0,0,0,-10,5,0,1,18,151,165,173,0,0,0,0,0),('management',174,165,'admin/structure/taxonomy/%/list','admin/structure/taxonomy/%/list','List','a:0:{}','system',-1,0,0,0,-20,5,0,1,18,151,165,174,0,0,0,0,0),('management',175,164,'admin/config/search/path/list','admin/config/search/path/list','List','a:0:{}','system',-1,0,0,0,-10,5,0,1,7,39,164,175,0,0,0,0,0),('management',176,159,'admin/config/media/image-styles/list','admin/config/media/image-styles/list','List','a:1:{s:10:\"attributes\";a:1:{s:5:\"title\";s:42:\"List the current image styles on the site.\";}}','system',-1,0,0,0,1,5,0,1,7,33,159,176,0,0,0,0,0),('management',179,164,'admin/config/search/path/patterns','admin/config/search/path/patterns','Patterns','a:0:{}','system',-1,0,0,0,10,5,0,1,7,39,164,179,0,0,0,0,0),('management',181,164,'admin/config/search/path/settings','admin/config/search/path/settings','Settings','a:0:{}','system',-1,0,0,0,20,5,0,1,7,39,164,181,0,0,0,0,0),('management',184,164,'admin/config/search/path/delete/%','admin/config/search/path/delete/%','Delete alias','a:0:{}','system',0,0,0,0,0,5,0,1,7,39,164,184,0,0,0,0,0),('management',185,164,'admin/config/search/path/edit/%','admin/config/search/path/edit/%','Edit alias','a:0:{}','system',0,0,0,0,0,5,0,1,7,39,164,185,0,0,0,0,0),('management',186,159,'admin/config/media/image-styles/edit/%','admin/config/media/image-styles/edit/%','Edit style','a:1:{s:10:\"attributes\";a:1:{s:5:\"title\";s:25:\"Configure an image style.\";}}','system',0,0,1,0,0,5,0,1,7,33,159,186,0,0,0,0,0),('management',192,159,'admin/config/media/image-styles/delete/%','admin/config/media/image-styles/delete/%','Delete style','a:1:{s:10:\"attributes\";a:1:{s:5:\"title\";s:22:\"Delete an image style.\";}}','system',0,0,0,0,0,5,0,1,7,33,159,192,0,0,0,0,0),('management',196,159,'admin/config/media/image-styles/revert/%','admin/config/media/image-styles/revert/%','Revert style','a:1:{s:10:\"attributes\";a:1:{s:5:\"title\";s:22:\"Revert an image style.\";}}','system',0,0,0,0,0,5,0,1,7,33,159,196,0,0,0,0,0),('management',204,186,'admin/config/media/image-styles/edit/%/add/%','admin/config/media/image-styles/edit/%/add/%','Add image effect','a:1:{s:10:\"attributes\";a:1:{s:5:\"title\";s:28:\"Add a new effect to a style.\";}}','system',0,0,0,0,0,6,0,1,7,33,159,186,204,0,0,0,0),('management',205,186,'admin/config/media/image-styles/edit/%/effects/%','admin/config/media/image-styles/edit/%/effects/%','Edit image effect','a:1:{s:10:\"attributes\";a:1:{s:5:\"title\";s:39:\"Edit an existing effect within a style.\";}}','system',0,0,1,0,0,6,0,1,7,33,159,186,205,0,0,0,0),('management',206,205,'admin/config/media/image-styles/edit/%/effects/%/delete','admin/config/media/image-styles/edit/%/effects/%/delete','Delete image effect','a:1:{s:10:\"attributes\";a:1:{s:5:\"title\";s:39:\"Delete an existing effect from a style.\";}}','system',0,0,0,0,0,7,0,1,7,33,159,186,205,206,0,0,0),('navigation',207,5,'node/add/project','node/add/project','Project','a:0:{}','system',0,0,0,0,0,2,0,5,207,0,0,0,0,0,0,0,0),('navigation',263,0,'field-collection/field-cost-breakdown/%','field-collection/field-cost-breakdown/%','','a:0:{}','system',0,0,0,0,0,1,0,263,0,0,0,0,0,0,0,0,0),('navigation',264,263,'field-collection/field-cost-breakdown/%/delete','field-collection/field-cost-breakdown/%/delete','Delete','a:0:{}','system',-1,0,0,0,0,2,0,263,264,0,0,0,0,0,0,0,0),('navigation',265,263,'field-collection/field-cost-breakdown/%/edit','field-collection/field-cost-breakdown/%/edit','Edit','a:0:{}','system',-1,0,0,0,0,2,0,263,265,0,0,0,0,0,0,0,0),('navigation',266,263,'field-collection/field-cost-breakdown/%/view','field-collection/field-cost-breakdown/%/view','View','a:0:{}','system',-1,0,0,0,-10,2,0,263,266,0,0,0,0,0,0,0,0),('navigation',268,0,'field-collection/field-cost-breakdown/add/%/%','field-collection/field-cost-breakdown/add/%/%','','a:0:{}','system',0,0,0,0,0,1,0,268,0,0,0,0,0,0,0,0,0),('management',279,24,'admin/config/content/location','admin/config/content/location','Location','a:1:{s:10:\"attributes\";a:1:{s:5:\"title\";s:28:\"Settings for Location module\";}}','system',0,0,0,0,0,4,0,1,7,24,279,0,0,0,0,0,0),('management',280,279,'admin/config/content/location/geocoding','admin/config/content/location/geocoding','Geocoding options','a:0:{}','system',-1,0,0,0,2,5,0,1,7,24,279,280,0,0,0,0,0),('management',281,279,'admin/config/content/location/util','admin/config/content/location/util','Location utilities','a:0:{}','system',-1,0,0,0,3,5,0,1,7,24,279,281,0,0,0,0,0),('management',282,279,'admin/config/content/location/main','admin/config/content/location/main','Main settings','a:0:{}','system',-1,0,0,0,0,5,0,1,7,24,279,282,0,0,0,0,0),('management',283,279,'admin/config/content/location/maplinking','admin/config/content/location/maplinking','Map links','a:0:{}','system',-1,0,0,0,1,5,0,1,7,24,279,283,0,0,0,0,0),('navigation',294,5,'node/add/donation','node/add/donation','Donation','a:0:{}','system',0,0,0,0,0,2,0,5,294,0,0,0,0,0,0,0,0),('management',315,18,'admin/structure/fb','admin/structure/fb','Facebook Apps','a:1:{s:10:\"attributes\";a:1:{s:5:\"title\";s:21:\"Facebook Applications\";}}','system',0,0,0,0,0,3,0,1,18,315,0,0,0,0,0,0,0),('management',317,315,'admin/structure/fb/list','admin/structure/fb/list','List Apps','a:0:{}','system',-1,0,0,0,-2,4,0,1,18,315,317,0,0,0,0,0,0),('management',318,315,'admin/structure/fb/settings','admin/structure/fb/settings','Settings','a:0:{}','system',-1,0,0,0,-1,4,0,1,18,315,318,0,0,0,0,0,0),('management',321,315,'admin/structure/fb/app/%/fb','admin/structure/fb/app/%/fb','View','a:0:{}','system',-1,0,0,0,-2,4,0,1,18,315,321,0,0,0,0,0,0),('navigation',323,0,'field-collection/field-payment-profiles/%','field-collection/field-payment-profiles/%','','a:0:{}','system',0,0,0,0,0,1,0,323,0,0,0,0,0,0,0,0,0),('navigation',324,323,'field-collection/field-payment-profiles/%/delete','field-collection/field-payment-profiles/%/delete','Delete','a:0:{}','system',-1,0,0,0,0,2,0,323,324,0,0,0,0,0,0,0,0),('navigation',325,323,'field-collection/field-payment-profiles/%/edit','field-collection/field-payment-profiles/%/edit','Edit','a:0:{}','system',-1,0,0,0,0,2,0,323,325,0,0,0,0,0,0,0,0),('navigation',326,323,'field-collection/field-payment-profiles/%/view','field-collection/field-payment-profiles/%/view','View','a:0:{}','system',-1,0,0,0,-10,2,0,323,326,0,0,0,0,0,0,0,0),('navigation',327,0,'field-collection/field-payment-profiles/add/%/%','field-collection/field-payment-profiles/add/%/%','','a:0:{}','system',0,0,0,0,0,1,0,327,0,0,0,0,0,0,0,0,0),('management',328,18,'admin/structure/ds','admin/structure/ds','Display suite','a:1:{s:10:\"attributes\";a:1:{s:5:\"title\";s:67:\"Manage configuration for Display suite like fields, view modes etc.\";}}','system',0,0,1,0,0,3,0,1,18,328,0,0,0,0,0,0,0),('management',329,328,'admin/structure/ds/change-layout','admin/structure/ds/change-layout','Change layout','a:1:{s:10:\"attributes\";a:1:{s:5:\"title\";s:45:\"Act on layout change to move fields elsewhere\";}}','system',-1,0,0,0,0,4,0,1,18,328,329,0,0,0,0,0,0),('management',330,328,'admin/structure/ds/emergency','admin/structure/ds/emergency','Emergency','a:1:{s:10:\"attributes\";a:1:{s:5:\"title\";s:59:\"In case you have errors via Display suite, visit this page.\";}}','system',0,0,0,0,100,4,0,1,18,328,330,0,0,0,0,0,0),('management',331,328,'admin/structure/ds/fields','admin/structure/ds/fields','Fields','a:1:{s:10:\"attributes\";a:1:{s:5:\"title\";s:30:\"Manage fields for all content.\";}}','system',0,0,0,0,0,4,0,1,18,328,331,0,0,0,0,0,0),('management',332,328,'admin/structure/ds/layout','admin/structure/ds/layout','Layout','a:1:{s:10:\"attributes\";a:1:{s:5:\"title\";s:47:\"Displays a list of content which can be styled.\";}}','system',0,0,0,0,0,4,0,1,18,328,332,0,0,0,0,0,0),('management',333,328,'admin/structure/ds/revert-layout','admin/structure/ds/revert-layout','Revert layout','a:1:{s:10:\"attributes\";a:1:{s:5:\"title\";s:33:\"Revert layout and field settings.\";}}','system',-1,0,0,0,0,4,0,1,18,328,333,0,0,0,0,0,0),('management',334,328,'admin/structure/ds/styles','admin/structure/ds/styles','Styles','a:1:{s:10:\"attributes\";a:1:{s:5:\"title\";s:81:\"Define classes which you can use as classes on regions and fields (if available).\";}}','system',0,0,0,0,0,4,0,1,18,328,334,0,0,0,0,0,0),('management',335,328,'admin/structure/ds/view_modes','admin/structure/ds/view_modes','View modes','a:1:{s:10:\"attributes\";a:1:{s:5:\"title\";s:34:\"Manage view modes for all content.\";}}','system',0,0,0,0,0,4,0,1,18,328,335,0,0,0,0,0,0),('management',336,331,'admin/structure/ds/fields/manage_block','admin/structure/ds/fields/manage_block','Add a block field','a:1:{s:10:\"attributes\";a:1:{s:5:\"title\";s:20:\"Manage a block field\";}}','system',-1,0,0,0,2,5,0,1,18,328,331,336,0,0,0,0,0),('management',337,331,'admin/structure/ds/fields/manage_custom','admin/structure/ds/fields/manage_custom','Add a code field','a:1:{s:10:\"attributes\";a:1:{s:5:\"title\";s:14:\"Manage a field\";}}','system',-1,0,0,0,0,5,0,1,18,328,331,337,0,0,0,0,0),('management',338,331,'admin/structure/ds/fields/manage_ctools','admin/structure/ds/fields/manage_ctools','Add a dynamic field','a:1:{s:10:\"attributes\";a:1:{s:5:\"title\";s:22:\"Manage a dynamic field\";}}','system',-1,0,0,0,1,5,0,1,18,328,331,338,0,0,0,0,0),('management',339,331,'admin/structure/ds/fields/manage_preprocess','admin/structure/ds/fields/manage_preprocess','Add a preprocess field','a:1:{s:10:\"attributes\";a:1:{s:5:\"title\";s:25:\"Manage a preprocess field\";}}','system',-1,0,0,0,3,5,0,1,18,328,331,339,0,0,0,0,0),('management',340,335,'admin/structure/ds/view_modes/manage','admin/structure/ds/view_modes/manage','Add a view mode','a:1:{s:10:\"attributes\";a:1:{s:5:\"title\";s:18:\"Manage a view mode\";}}','system',-1,0,0,0,0,5,0,1,18,328,335,340,0,0,0,0,0),('management',341,331,'admin/structure/ds/fields/delete','admin/structure/ds/fields/delete','Delete a field','a:1:{s:10:\"attributes\";a:1:{s:5:\"title\";s:15:\"Delete a field.\";}}','system',-1,0,0,0,0,5,0,1,18,328,331,341,0,0,0,0,0),('management',342,335,'admin/structure/ds/view_modes/delete','admin/structure/ds/view_modes/delete','Delete a view mode','a:1:{s:10:\"attributes\";a:1:{s:5:\"title\";s:26:\"Delete a custom view mode.\";}}','system',-1,0,0,0,0,5,0,1,18,328,335,342,0,0,0,0,0),('management',343,331,'admin/structure/ds/fields/revert','admin/structure/ds/fields/revert','Revert a custom field','a:1:{s:10:\"attributes\";a:1:{s:5:\"title\";s:22:\"Revert a custom field.\";}}','system',-1,0,0,0,0,5,0,1,18,328,331,343,0,0,0,0,0),('management',344,335,'admin/structure/ds/view_modes/revert','admin/structure/ds/view_modes/revert','Revert a view mode','a:1:{s:10:\"attributes\";a:1:{s:5:\"title\";s:19:\"Revert a view mode.\";}}','system',-1,0,0,0,0,5,0,1,18,328,335,344,0,0,0,0,0),('management',345,40,'admin/appearance/settings/delivertheme','admin/appearance/settings/delivertheme','Women Deliver Theme','a:0:{}','system',-1,0,0,0,0,4,0,1,6,40,345,0,0,0,0,0,0),('management',346,21,'admin/structure/block/list/delivertheme','admin/structure/block/list/delivertheme','Women Deliver Theme','a:0:{}','system',-1,0,0,0,-10,4,0,1,18,21,346,0,0,0,0,0,0),('management',348,82,'admin/structure/block/list/bartik/add','admin/structure/block/list/bartik/add','Add block','a:0:{}','system',-1,0,0,0,0,5,0,1,18,21,82,348,0,0,0,0,0),('management',350,18,'admin/structure/quicktabs','admin/structure/quicktabs','Quicktabs','a:1:{s:10:\"attributes\";a:1:{s:5:\"title\";s:32:\"Create blocks of tabbed content.\";}}','system',0,0,1,0,0,3,0,1,18,350,0,0,0,0,0,0,0),('management',351,350,'admin/structure/quicktabs/add','admin/structure/quicktabs/add','Add Quicktabs Instance','a:0:{}','system',-1,0,0,0,0,4,0,1,18,350,351,0,0,0,0,0,0),('management',352,350,'admin/structure/quicktabs/list','admin/structure/quicktabs/list','List quicktabs','a:0:{}','system',-1,0,0,0,0,4,0,1,18,350,352,0,0,0,0,0,0),('management',353,350,'admin/structure/quicktabs/manage/%','admin/structure/quicktabs/manage/%','Edit quicktab','a:0:{}','system',0,0,0,0,0,4,0,1,18,350,353,0,0,0,0,0,0),('management',354,353,'admin/structure/quicktabs/manage/%/clone','admin/structure/quicktabs/manage/%/clone','Clone quicktab','a:0:{}','system',-1,0,0,0,0,5,0,1,18,350,353,354,0,0,0,0,0),('management',355,353,'admin/structure/quicktabs/manage/%/delete','admin/structure/quicktabs/manage/%/delete','Delete quicktab','a:0:{}','system',-1,0,0,0,0,5,0,1,18,350,353,355,0,0,0,0,0),('management',356,353,'admin/structure/quicktabs/manage/%/edit','admin/structure/quicktabs/manage/%/edit','Edit quicktab','a:0:{}','system',-1,0,0,0,0,5,0,1,18,350,353,356,0,0,0,0,0),('management',357,353,'admin/structure/quicktabs/manage/%/export','admin/structure/quicktabs/manage/%/export','Export','a:0:{}','system',-1,0,0,0,0,5,0,1,18,350,353,357,0,0,0,0,0),('management',361,350,'admin/structure/quicktabs/styles','admin/structure/quicktabs/styles','Styles','a:0:{}','system',-1,0,0,0,0,4,0,1,18,350,361,0,0,0,0,0,0),('navigation',362,0,'search','search','Search','a:0:{}','system',1,0,0,0,0,1,0,362,0,0,0,0,0,0,0,0,0),('management',366,16,'admin/reports/search','admin/reports/search','Top search phrases','a:1:{s:10:\"attributes\";a:1:{s:5:\"title\";s:33:\"View most popular search phrases.\";}}','system',0,0,0,0,0,3,0,1,16,366,0,0,0,0,0,0,0),('management',368,1,'admin/settings/location/search','admin/settings/location/search','Search options','a:1:{s:10:\"attributes\";a:1:{s:5:\"title\";s:35:\"Settings for Location Search module\";}}','system',-1,0,0,0,5,2,0,1,368,0,0,0,0,0,0,0,0),('management',369,39,'admin/config/search/settings','admin/config/search/settings','Search settings','a:1:{s:10:\"attributes\";a:1:{s:5:\"title\";s:67:\"Configure relevance settings for search and other indexing options.\";}}','system',0,0,0,0,-10,4,0,1,7,39,369,0,0,0,0,0,0),('management',370,369,'admin/config/search/settings/reindex','admin/config/search/settings/reindex','Clear index','a:0:{}','system',-1,0,0,0,0,5,0,1,7,39,369,370,0,0,0,0,0),('navigation',404,5,'node/add/history','node/add/history','History','a:0:{}','system',0,0,0,0,0,2,0,5,404,0,0,0,0,0,0,0,0),('management',406,16,'admin/reports/updates','admin/reports/updates','Available updates','a:1:{s:10:\"attributes\";a:1:{s:5:\"title\";s:82:\"Get a status report about available updates for your installed modules and themes.\";}}','system',0,0,0,0,-50,3,0,1,16,406,0,0,0,0,0,0,0),('management',407,13,'admin/modules/install','admin/modules/install','Install new module','a:0:{}','system',-1,0,0,0,25,3,0,1,13,407,0,0,0,0,0,0,0),('management',408,6,'admin/appearance/install','admin/appearance/install','Install new theme','a:0:{}','system',-1,0,0,0,25,3,0,1,6,408,0,0,0,0,0,0,0),('management',409,13,'admin/modules/update','admin/modules/update','Update','a:0:{}','system',-1,0,0,0,10,3,0,1,13,409,0,0,0,0,0,0,0),('management',410,6,'admin/appearance/update','admin/appearance/update','Update','a:0:{}','system',-1,0,0,0,10,3,0,1,6,410,0,0,0,0,0,0,0),('management',411,406,'admin/reports/updates/install','admin/reports/updates/install','Install new module or theme','a:0:{}','system',-1,0,0,0,25,4,0,1,16,406,411,0,0,0,0,0,0),('management',412,406,'admin/reports/updates/update','admin/reports/updates/update','Update','a:0:{}','system',-1,0,0,0,10,4,0,1,16,406,412,0,0,0,0,0,0),('management',413,406,'admin/reports/updates/list','admin/reports/updates/list','List','a:0:{}','system',-1,0,0,0,0,4,0,1,16,406,413,0,0,0,0,0,0),('management',414,406,'admin/reports/updates/settings','admin/reports/updates/settings','Settings','a:0:{}','system',-1,0,0,0,50,4,0,1,16,406,414,0,0,0,0,0,0),('management',614,49,'admin/config/services/service-links','admin/config/services/service-links','Service Links','a:1:{s:10:\"attributes\";a:1:{s:5:\"title\";s:55:\"Control which and where service links should be active.\";}}','system',0,0,0,0,0,4,0,1,7,49,614,0,0,0,0,0,0),('management',615,614,'admin/config/services/service-links/general','admin/config/services/service-links/general','General Settings','a:0:{}','system',-1,0,0,0,-10,5,0,1,7,49,614,615,0,0,0,0,0),('management',616,614,'admin/config/services/service-links/services','admin/config/services/service-links/services','Services','a:0:{}','system',-1,0,0,0,0,5,0,1,7,49,614,616,0,0,0,0,0),('management',617,614,'admin/config/services/service-links/widgets','admin/config/services/service-links/widgets','Widgets','a:0:{}','system',-1,0,0,0,0,5,0,1,7,49,614,617,0,0,0,0,0),('navigation',619,0,'epostcard','epostcard','Send an e-Postcard','a:0:{}','system',0,0,0,0,0,1,0,619,0,0,0,0,0,0,0,0,0),('management',620,16,'admin/reports/forward','admin/reports/forward','Forward tracking','a:1:{s:10:\"attributes\";a:1:{s:5:\"title\";s:21:\"Track forwarded posts\";}}','system',0,0,0,0,0,3,0,1,16,620,0,0,0,0,0,0,0),('management',621,46,'admin/config/user-interface/forward','admin/config/user-interface/forward','Forward','a:1:{s:10:\"attributes\";a:1:{s:5:\"title\";s:38:\"Configure settings for forward module.\";}}','system',0,0,0,0,0,4,0,1,7,46,621,0,0,0,0,0,0),('user-menu',623,0,'user/login','user/login','Log in','a:1:{s:10:\"attributes\";a:1:{s:5:\"title\";s:0:\"\";}}','menu',0,0,0,0,0,1,1,623,0,0,0,0,0,0,0,0,0),('user-menu',624,0,'user/register','user/register','Sign up','a:1:{s:10:\"attributes\";a:1:{s:5:\"title\";s:0:\"\";}}','menu',0,0,0,0,0,1,1,624,0,0,0,0,0,0,0,0,0),('management',625,115,'admin/structure/menu/manage/menu-women-deliver','admin/structure/menu/manage/%','Women Deliver','a:0:{}','menu',0,0,0,0,0,4,0,1,18,115,625,0,0,0,0,0,0),('navigation',645,0,'comment/%','comment/%','Comment permalink','a:0:{}','system',0,0,1,0,0,1,0,645,0,0,0,0,0,0,0,0,0),('navigation',646,0,'comment/reply/%','comment/reply/%','Add new comment','a:0:{}','system',0,0,0,0,0,1,0,646,0,0,0,0,0,0,0,0,0),('navigation',647,645,'comment/%/approve','comment/%/approve','Approve','a:0:{}','system',0,0,0,0,1,2,0,645,647,0,0,0,0,0,0,0,0),('navigation',648,645,'comment/%/delete','comment/%/delete','Delete','a:0:{}','system',-1,0,0,0,2,2,0,645,648,0,0,0,0,0,0,0,0),('navigation',650,645,'comment/%/edit','comment/%/edit','Edit','a:0:{}','system',-1,0,0,0,0,2,0,645,650,0,0,0,0,0,0,0,0),('navigation',651,645,'comment/%/view','comment/%/view','View comment','a:0:{}','system',-1,0,0,0,-10,2,0,645,651,0,0,0,0,0,0,0,0),('management',652,8,'admin/content/comment','admin/content/comment','Comments','a:1:{s:10:\"attributes\";a:1:{s:5:\"title\";s:59:\"List and edit site comments and the comment approval queue.\";}}','system',0,0,0,0,0,3,0,1,8,652,0,0,0,0,0,0,0),('management',656,652,'admin/content/comment/new','admin/content/comment/new','Published comments','a:0:{}','system',-1,0,0,0,-10,4,0,1,8,652,656,0,0,0,0,0,0),('management',657,652,'admin/content/comment/approval','admin/content/comment/approval','Unapproved comments','a:0:{}','system',-1,0,0,0,0,4,0,1,8,652,657,0,0,0,0,0,0),('management',658,84,'admin/structure/types/manage/%/comment/display','admin/structure/types/manage/%/comment/display','Comment display','a:0:{}','system',-1,0,0,0,4,5,0,1,18,25,84,658,0,0,0,0,0),('management',659,84,'admin/structure/types/manage/%/comment/fields','admin/structure/types/manage/%/comment/fields','Comment fields','a:0:{}','system',-1,0,1,0,3,5,0,1,18,25,84,659,0,0,0,0,0),('navigation',669,0,'map/node','map/node','Node locations','a:0:{}','system',0,0,0,0,0,1,0,669,0,0,0,0,0,0,0,0,0),('navigation',670,0,'map/user','map/user','User locations','a:0:{}','system',0,0,0,0,0,1,0,670,0,0,0,0,0,0,0,0,0),('management',671,49,'admin/config/services/gmap','admin/config/services/gmap','GMap','a:1:{s:10:\"attributes\";a:1:{s:5:\"title\";s:23:\"Configure GMap settings\";}}','system',0,0,0,0,0,4,0,1,7,49,671,0,0,0,0,0,0),('management',672,49,'admin/config/services/gmap_location','admin/config/services/gmap_location','GMap Location','a:1:{s:10:\"attributes\";a:1:{s:5:\"title\";s:33:\"Configure GMap Location settings.\";}}','system',0,0,0,0,0,4,0,1,7,49,672,0,0,0,0,0,0),('management',832,2615,'admin/config/workflow/rules/schedule','admin/config/workflow/rules/schedule','Schedule','a:0:{}','system',-1,0,0,0,0,5,0,1,7,50,2615,832,0,0,0,0,0),('management',862,33,'admin/config/media/colorbox','admin/config/media/colorbox','Colorbox','a:1:{s:10:\"attributes\";a:1:{s:5:\"title\";s:25:\"Adjust Colorbox settings.\";}}','system',0,0,0,0,0,4,0,1,7,33,862,0,0,0,0,0,0),('management',863,1,'admin/settings/aes','admin/settings/aes','AES settings','a:1:{s:10:\"attributes\";a:1:{s:5:\"title\";s:36:\"Configure the AES encryption module.\";}}','system',0,0,0,0,0,2,0,1,863,0,0,0,0,0,0,0,0),('management',864,7,'admin/config/deliver','admin/config/deliver','Deliver','a:1:{s:10:\"attributes\";a:1:{s:5:\"title\";s:50:\"Configuration parameters for Women Deliver module.\";}}','system',0,0,1,0,0,3,0,1,7,864,0,0,0,0,0,0,0),('navigation',865,14,'user/%/password','user/%/password','View password','a:0:{}','system',-1,0,0,0,0,2,0,14,865,0,0,0,0,0,0,0,0),('management',866,37,'admin/config/regional/countries','admin/config/regional/countries','Countries','a:1:{s:10:\"attributes\";a:1:{s:5:\"title\";s:29:\"List, edit, or add countries.\";}}','system',0,0,0,0,0,4,0,1,7,37,866,0,0,0,0,0,0),('management',867,866,'admin/config/regional/countries/%','admin/config/regional/countries/%','','a:1:{s:10:\"attributes\";a:1:{s:5:\"title\";s:15:\"Edit a country.\";}}','system',-1,0,0,0,0,5,0,1,7,37,866,867,0,0,0,0,0),('management',868,866,'admin/config/regional/countries/add','admin/config/regional/countries/add','Add country','a:1:{s:10:\"attributes\";a:1:{s:5:\"title\";s:28:\"Admin page to add a country.\";}}','system',-1,0,0,0,1,5,0,1,7,37,866,868,0,0,0,0,0),('management',869,866,'admin/config/regional/countries/list','admin/config/regional/countries/list','List','a:0:{}','system',-1,0,0,0,0,5,0,1,7,37,866,869,0,0,0,0,0),('management',872,866,'admin/config/regional/countries/import','admin/config/regional/countries/import','Update countries','a:1:{s:10:\"attributes\";a:1:{s:5:\"title\";s:44:\"Bulk import countries from the ISO standard.\";}}','system',-1,0,0,0,2,5,0,1,7,37,866,872,0,0,0,0,0),('management',875,867,'admin/config/regional/countries/%/delete','admin/config/regional/countries/%/delete','Delete country','a:1:{s:10:\"attributes\";a:1:{s:5:\"title\";s:33:\"Country delete confirmation form.\";}}','system',-1,0,0,0,0,6,0,1,7,37,866,867,875,0,0,0,0),('management',876,867,'admin/config/regional/countries/%/edit','admin/config/regional/countries/%/edit','Edit','a:0:{}','system',-1,0,0,0,-10,6,0,1,7,37,866,867,876,0,0,0,0),('management',1005,42,'admin/config/system/securepages','admin/config/system/securepages','Secure Pages','a:1:{s:10:\"attributes\";a:1:{s:5:\"title\";s:57:\"Configure which pages are and are not to be viewed in SSL\";}}','system',0,0,0,0,0,4,0,1,7,42,1005,0,0,0,0,0,0),('management',1185,328,'admin/structure/ds/search','admin/structure/ds/search','Search','a:1:{s:10:\"attributes\";a:1:{s:5:\"title\";s:26:\"Configure search settings.\";}}','system',0,0,0,0,0,4,0,1,18,328,1185,0,0,0,0,0,0),('management',1276,33,'admin/config/media/vef_video_styles','admin/config/media/vef_video_styles','Configure Video Embed Styles','a:1:{s:10:\"attributes\";a:1:{s:5:\"title\";s:44:\"Administer Video Embed Field\'s video styles.\";}}','system',0,0,0,0,0,4,0,1,7,33,1276,0,0,0,0,0,0),('management',1277,1276,'admin/config/media/vef_video_styles/add','admin/config/media/vef_video_styles/add','Add','a:0:{}','system',-1,0,0,0,0,5,0,1,7,33,1276,1277,0,0,0,0,0),('management',1278,1276,'admin/config/media/vef_video_styles/import','admin/config/media/vef_video_styles/import','Import','a:0:{}','system',-1,0,0,0,0,5,0,1,7,33,1276,1278,0,0,0,0,0),('management',1279,1276,'admin/config/media/vef_video_styles/list','admin/config/media/vef_video_styles/list','List','a:0:{}','system',-1,0,0,0,-10,5,0,1,7,33,1276,1279,0,0,0,0,0),('management',1280,1279,'admin/config/media/vef_video_styles/list/%/edit','admin/config/media/vef_video_styles/list/%/edit','Edit','a:0:{}','system',-1,0,0,0,-10,6,0,1,7,33,1276,1279,1280,0,0,0,0),('management',1281,1279,'admin/config/media/vef_video_styles/list/%/export','admin/config/media/vef_video_styles/list/%/export','Export','a:0:{}','system',-1,0,0,0,0,6,0,1,7,33,1276,1279,1281,0,0,0,0),('navigation',1287,5,'node/add/page','node/add/page','Page','a:1:{s:10:\"attributes\";a:1:{s:5:\"title\";s:37:\"This is just a page with a body field\";}}','system',0,0,0,0,0,2,0,5,1287,0,0,0,0,0,0,0,0),('main-menu',1441,0,'groups','groups','Groups','a:0:{}','system',0,0,0,0,10,1,0,1441,0,0,0,0,0,0,0,0,0),('management',1442,7,'admin/config/date','admin/config/date','Date API','a:1:{s:10:\"attributes\";a:1:{s:5:\"title\";s:42:\"Settings for modules the use the Date API.\";}}','system',0,0,1,0,-10,3,0,1,7,1442,0,0,0,0,0,0,0),('management',1443,7,'admin/config/group','admin/config/group','Organic groups','a:1:{s:10:\"attributes\";a:1:{s:5:\"title\";s:47:\"Administer the suite of Organic groups modules.\";}}','system',0,0,1,0,-5,3,0,1,7,1443,0,0,0,0,0,0,0),('navigation',1444,4,'node/%/members','node/%/members','Members','a:1:{s:10:\"attributes\";a:1:{s:5:\"title\";s:13:\"Group members\";}}','system',-1,0,0,0,1,2,0,4,1444,0,0,0,0,0,0,0,0),('management',1445,1442,'admin/config/date/date_popup','admin/config/date/date_popup','Date Popup','a:1:{s:10:\"attributes\";a:1:{s:5:\"title\";s:34:\"Configure the Date Popup settings.\";}}','system',0,0,0,0,0,4,0,1,7,1442,1445,0,0,0,0,0,0),('management',1446,1443,'admin/config/group/fields','admin/config/group/fields','OG field settings','a:1:{s:10:\"attributes\";a:1:{s:5:\"title\";s:43:\"Configure Organic groups fields in bundles.\";}}','system',0,0,0,0,0,4,0,1,7,1443,1446,0,0,0,0,0,0),('management',1447,1443,'admin/config/group/context','admin/config/group/context','OG context','a:1:{s:10:\"attributes\";a:1:{s:5:\"title\";s:34:\"OG context detection and selection\";}}','system',0,0,0,0,0,4,0,1,7,1443,1447,0,0,0,0,0,0),('management',1448,1443,'admin/config/group/group-membership','admin/config/group/group-membership','OG membership types','a:1:{s:10:\"attributes\";a:1:{s:5:\"title\";s:48:\"Manage group memberships type, including fields.\";}}','system',0,0,1,0,0,4,0,1,7,1443,1448,0,0,0,0,0,0),('management',1449,1443,'admin/config/group/settings','admin/config/group/settings','OG settings','a:1:{s:10:\"attributes\";a:1:{s:5:\"title\";s:23:\"Administer OG settings.\";}}','system',0,0,0,0,0,4,0,1,7,1443,1449,0,0,0,0,0,0),('management',1450,1443,'admin/config/group/permissions','admin/config/group/permissions','OG permissions overview','a:1:{s:10:\"attributes\";a:1:{s:5:\"title\";s:39:\"Overview of Organic groups permissions.\";}}','system',0,0,1,0,0,4,0,1,7,1443,1450,0,0,0,0,0,0),('management',1451,1443,'admin/config/group/roles','admin/config/group/roles','OG roles overview','a:1:{s:10:\"attributes\";a:1:{s:5:\"title\";s:33:\"Overview of organic groups roles.\";}}','system',0,0,1,0,0,4,0,1,7,1443,1451,0,0,0,0,0,0),('navigation',1452,0,'group/%/%/admin/permissions','group/%/%/admin/permissions','','a:1:{s:10:\"attributes\";a:1:{s:5:\"title\";s:64:\"Determine access to features by selecting permissions for roles.\";}}','system',0,0,0,0,-8,1,0,1452,0,0,0,0,0,0,0,0,0),('navigation',1453,0,'group/%/%/admin/roles','group/%/%/admin/roles','','a:1:{s:10:\"attributes\";a:1:{s:5:\"title\";s:30:\"List, edit, or add user roles.\";}}','system',0,0,0,0,-9,1,0,1453,0,0,0,0,0,0,0,0,0),('navigation',1454,0,'group/%/%/admin/people','group/%/%/admin/people','','a:1:{s:10:\"attributes\";a:1:{s:5:\"title\";s:30:\"Find and manage group members.\";}}','system',0,0,0,0,-4,1,0,1454,0,0,0,0,0,0,0,0,0),('management',1455,1448,'admin/config/group/group-membership/add','admin/config/group/group-membership/add','','a:0:{}','system',-1,0,0,0,0,5,0,1,7,1443,1448,1455,0,0,0,0,0),('management',1456,1448,'admin/config/group/group-membership/import','admin/config/group/group-membership/import','','a:0:{}','system',-1,0,0,0,0,5,0,1,7,1443,1448,1456,0,0,0,0,0),('management',1457,1448,'admin/config/group/group-membership/list','admin/config/group/group-membership/list','List','a:0:{}','system',-1,0,0,0,-10,5,0,1,7,1443,1448,1457,0,0,0,0,0),('navigation',1458,1454,'group/%/%/admin/people/add-user','group/%/%/admin/people/add-user','Add members','a:0:{}','system',-1,0,0,0,5,2,0,1454,1458,0,0,0,0,0,0,0,0),('management',1459,1443,'admin/config/group/permission/%/edit','admin/config/group/permission/%/edit','','a:1:{s:10:\"attributes\";a:1:{s:5:\"title\";s:48:\"Configure Organic groups group type permissions.\";}}','system',0,0,0,0,0,4,0,1,7,1443,1459,0,0,0,0,0,0),('management',1460,1443,'admin/config/group/role/%/edit','admin/config/group/role/%/edit','','a:1:{s:10:\"attributes\";a:1:{s:5:\"title\";s:42:\"Configure Organic groups group type roles.\";}}','system',0,0,0,0,0,4,0,1,7,1443,1460,0,0,0,0,0,0),('management',1461,1448,'admin/config/group/group-membership/manage/%','admin/config/group/group-membership/manage/%','Edit','a:0:{}','system',0,0,1,0,0,5,0,1,7,1443,1448,1461,0,0,0,0,0),('navigation',1462,0,'group/%/%/admin/role/%/edit','group/%/%/admin/role/%/edit','Edit role','a:1:{s:10:\"attributes\";a:1:{s:5:\"title\";s:30:\"List, edit, or add user roles.\";}}','system',0,0,0,0,-9,1,0,1462,0,0,0,0,0,0,0,0,0),('navigation',1463,0,'group/%/%/admin/permission/%/edit','group/%/%/admin/permission/%/edit','Edit role\'s permissions','a:1:{s:10:\"attributes\";a:1:{s:5:\"title\";s:63:\"Determine access to features by selecting permissions for role.\";}}','system',0,0,0,0,-9,1,0,1463,0,0,0,0,0,0,0,0,0),('management',1466,1461,'admin/config/group/group-membership/manage/%/%','admin/config/group/group-membership/manage/%/%','','a:0:{}','system',0,0,0,0,0,6,0,1,7,1443,1448,1461,1466,0,0,0,0),('management',1467,1461,'admin/config/group/group-membership/manage/%/clone','admin/config/group/group-membership/manage/%/clone','Clone','a:0:{}','system',0,0,0,0,0,6,0,1,7,1443,1448,1461,1467,0,0,0,0),('management',1468,1461,'admin/config/group/group-membership/manage/%/edit','admin/config/group/group-membership/manage/%/edit','Edit','a:0:{}','system',-1,0,0,0,0,6,0,1,7,1443,1448,1461,1468,0,0,0,0),('management',1471,1446,'admin/config/group/fields/%/%/%/delete','admin/config/group/fields/%/%/%/delete','Delete','a:1:{s:10:\"attributes\";a:1:{s:5:\"title\";s:33:\"Delete an OG field from a bundle.\";}}','system',-1,0,0,0,0,5,0,1,7,1443,1446,1471,0,0,0,0,0),('navigation',1476,4,'node/%/group','node/%/group','Group','a:0:{}','system',-1,0,0,0,0,2,0,4,1476,0,0,0,0,0,0,0,0),('navigation',1477,5,'node/add/team','node/add/team','Team','a:1:{s:10:\"attributes\";a:1:{s:5:\"title\";s:55:\"This is the new content type for Teams (Organic Groups)\";}}','system',0,0,0,0,0,2,0,5,1477,0,0,0,0,0,0,0,0),('management',1478,1450,'admin/config/group/permissions/node/team','admin/config/group/permissions/node/team','','a:1:{s:10:\"attributes\";a:1:{s:5:\"title\";s:48:\"Configure Organic groups group type permissions.\";}}','system',0,0,0,0,0,5,0,1,7,1443,1450,1478,0,0,0,0,0),('management',1479,1451,'admin/config/group/roles/node/team','admin/config/group/roles/node/team','','a:1:{s:10:\"attributes\";a:1:{s:5:\"title\";s:42:\"Configure Organic groups group type roles.\";}}','system',0,0,0,0,0,5,0,1,7,1443,1451,1479,0,0,0,0,0),('navigation',1480,5,'node/add/image','node/add/image','Image','a:1:{s:10:\"attributes\";a:1:{s:5:\"title\";s:71:\"this is a content  type that can be used to upload images to the server\";}}','system',0,0,0,0,0,2,0,5,1480,0,0,0,0,0,0,0,0),('management',1481,1443,'admin/config/group/group-views','admin/config/group/group-views','Group views settings','a:1:{s:10:\"attributes\";a:1:{s:5:\"title\";s:22:\"Configure group views.\";}}','system',0,0,0,0,0,4,0,1,7,1443,1481,0,0,0,0,0,0),('navigation',1482,0,'invite','invite','Invite a friend','a:0:{}','system',0,0,0,0,0,1,0,1482,0,0,0,0,0,0,0,0,0),('navigation',1483,14,'user/%/invites','user/%/invites','Invitations','a:0:{}','system',-1,0,0,0,0,2,0,14,1483,0,0,0,0,0,0,0,0),('management',1484,15,'admin/people/invites','admin/people/invites','Invites','a:0:{}','system',-1,0,0,0,0,3,0,1,15,1484,0,0,0,0,0,0,0),('navigation',1485,1483,'user/%/invites/accepted','user/%/invites/accepted','Accepted','a:0:{}','system',-1,0,0,0,-5,3,0,14,1483,1485,0,0,0,0,0,0,0),('navigation',1486,1483,'user/%/invites/expired','user/%/invites/expired','Expired','a:0:{}','system',-1,0,0,0,5,3,0,14,1483,1486,0,0,0,0,0,0,0),('management',1487,34,'admin/config/people/invite','admin/config/people/invite','Invite','a:1:{s:10:\"attributes\";a:1:{s:5:\"title\";s:27:\"Modify invitation settings.\";}}','system',0,0,0,0,10,4,0,1,7,34,1487,0,0,0,0,0,0),('navigation',1488,1483,'user/%/invites/new','user/%/invites/new','New invitation','a:0:{}','system',-1,0,0,0,10,3,0,14,1483,1488,0,0,0,0,0,0,0),('navigation',1489,1483,'user/%/invites/pending','user/%/invites/pending','Pending','a:0:{}','system',-1,0,0,0,0,3,0,14,1483,1489,0,0,0,0,0,0,0),('navigation',1493,0,'invitations/teams','invitations/teams','','a:0:{}','system',-1,0,0,0,-6,1,0,1493,0,0,0,0,0,0,0,0,0),('navigation',1494,1483,'user/%/invites/all','user/%/invites/all','All','a:0:{}','system',-1,0,0,0,-5,3,0,14,1483,1494,0,0,0,0,0,0,0),('navigation',1495,1493,'invitations/teams/update','invitations/teams/update','','a:0:{}','system',-1,0,0,0,-7,2,0,1493,1495,0,0,0,0,0,0,0,0),('navigation',1663,5,'node/add/message','node/add/message','Message','a:1:{s:10:\"attributes\";a:1:{s:5:\"title\";s:18:\"Messages for Teams\";}}','system',0,0,0,0,0,2,0,5,1663,0,0,0,0,0,0,0,0),('navigation',1664,362,'search/site','search/site','Site','a:0:{}','system',-1,0,0,0,0,2,0,362,1664,0,0,0,0,0,0,0,0),('management',1665,16,'admin/reports/apachesolr','admin/reports/apachesolr','Apache Solr search index','a:1:{s:10:\"attributes\";a:1:{s:5:\"title\";s:54:\"Information about the contents of the index the server\";}}','system',0,0,1,0,0,3,0,1,16,1665,0,0,0,0,0,0,0),('navigation',1666,1664,'search/site/%','search/site/%','Site','a:0:{}','system',-1,0,0,0,0,3,0,362,1664,1666,0,0,0,0,0,0,0),('management',1667,39,'admin/config/search/apachesolr','admin/config/search/apachesolr','Apache Solr search','a:1:{s:10:\"attributes\";a:1:{s:5:\"title\";s:23:\"Administer Apache Solr.\";}}','system',0,0,0,0,-8,4,0,1,7,39,1667,0,0,0,0,0,0),('management',1668,1665,'admin/reports/apachesolr/%','admin/reports/apachesolr/%','Apache Solr search index','a:1:{s:10:\"attributes\";a:1:{s:5:\"title\";s:54:\"Information about the contents of the index the server\";}}','system',0,0,0,0,0,4,0,1,16,1665,1668,0,0,0,0,0,0),('management',1669,1668,'admin/reports/apachesolr/%/conf','admin/reports/apachesolr/%/conf','Configuration files','a:0:{}','system',-1,0,0,0,5,5,0,1,16,1665,1668,1669,0,0,0,0,0),('management',1670,1667,'admin/config/search/apachesolr/index','admin/config/search/apachesolr/index','Default index','a:1:{s:10:\"attributes\";a:1:{s:5:\"title\";s:23:\"Administer Apache Solr.\";}}','system',-1,0,0,0,-8,5,0,1,7,39,1667,1670,0,0,0,0,0),('management',1671,1667,'admin/config/search/apachesolr/search-pages','admin/config/search/apachesolr/search-pages','Pages/Blocks','a:1:{s:10:\"attributes\";a:1:{s:5:\"title\";s:22:\"Configure search pages\";}}','system',-1,0,1,0,0,5,0,1,7,39,1667,1671,0,0,0,0,0),('management',1672,1668,'admin/reports/apachesolr/%/index','admin/reports/apachesolr/%/index','Search index','a:0:{}','system',-1,0,0,0,0,5,0,1,16,1665,1668,1672,0,0,0,0,0),('management',1673,1667,'admin/config/search/apachesolr/settings','admin/config/search/apachesolr/settings','Settings','a:0:{}','system',-1,0,1,0,10,5,0,1,7,39,1667,1673,0,0,0,0,0),('management',1674,1671,'admin/config/search/apachesolr/search-pages/addblock','admin/config/search/apachesolr/search-pages/addblock','Add search block \"More Like This\"','a:0:{}','system',-1,0,0,0,2,6,0,1,7,39,1667,1671,1674,0,0,0,0),('management',1675,1673,'admin/config/search/apachesolr/settings/add','admin/config/search/apachesolr/settings/add','Add search environment','a:1:{s:10:\"attributes\";a:1:{s:5:\"title\";s:28:\"Add Apache Solr environment.\";}}','system',-1,0,0,0,0,6,0,1,7,39,1667,1673,1675,0,0,0,0),('management',1676,1671,'admin/config/search/apachesolr/search-pages/add','admin/config/search/apachesolr/search-pages/add','Add search page','a:0:{}','system',-1,0,0,0,1,6,0,1,7,39,1667,1671,1676,0,0,0,0),('management',1677,1673,'admin/config/search/apachesolr/settings/%/clone','admin/config/search/apachesolr/settings/%/clone','Apache Solr search environment clone','a:0:{}','system',0,0,0,0,0,6,0,1,7,39,1667,1673,1677,0,0,0,0),('management',1678,1673,'admin/config/search/apachesolr/settings/%/delete','admin/config/search/apachesolr/settings/%/delete','Apache Solr search environment delete','a:0:{}','system',0,0,0,0,0,6,0,1,7,39,1667,1673,1678,0,0,0,0),('management',1679,1673,'admin/config/search/apachesolr/settings/%/bias','admin/config/search/apachesolr/settings/%/bias','Bias','a:0:{}','system',-1,0,0,0,4,6,0,1,7,39,1667,1673,1679,0,0,0,0),('management',1680,1671,'admin/config/search/apachesolr/search-pages/%/clone','admin/config/search/apachesolr/search-pages/%/clone','Clone search page','a:0:{}','system',0,0,0,0,0,6,0,1,7,39,1667,1671,1680,0,0,0,0),('management',1681,1671,'admin/config/search/apachesolr/search-pages/%/delete','admin/config/search/apachesolr/search-pages/%/delete','Delete search page','a:0:{}','system',0,0,0,0,0,6,0,1,7,39,1667,1671,1681,0,0,0,0),('management',1682,1673,'admin/config/search/apachesolr/settings/%/edit','admin/config/search/apachesolr/settings/%/edit','Edit','a:1:{s:10:\"attributes\";a:1:{s:5:\"title\";s:36:\"Edit Apache Solr search environment.\";}}','system',-1,0,0,0,10,6,0,1,7,39,1667,1673,1682,0,0,0,0),('management',1683,1671,'admin/config/search/apachesolr/search-pages/%/edit','admin/config/search/apachesolr/search-pages/%/edit','Edit search page','a:0:{}','system',0,0,0,0,0,6,0,1,7,39,1667,1671,1683,0,0,0,0),('management',1684,1673,'admin/config/search/apachesolr/settings/%/index','admin/config/search/apachesolr/settings/%/index','Index','a:0:{}','system',-1,0,0,0,0,6,0,1,7,39,1667,1673,1684,0,0,0,0),('navigation',1685,362,'search/content','search/content','Content','a:0:{}','system',-1,0,0,0,-10,2,0,362,1685,0,0,0,0,0,0,0,0),('navigation',1686,1685,'search/content/%','search/content/%','Content','a:0:{}','system',-1,0,0,0,0,3,0,362,1685,1686,0,0,0,0,0,0,0),('navigation',1691,5,'node/add/partner','node/add/partner','Partner','a:1:{s:10:\"attributes\";a:1:{s:5:\"title\";s:64:\"This pulls partner data from the database to include in searches\";}}','system',0,0,0,0,0,2,0,5,1691,0,0,0,0,0,0,0,0),('navigation',1693,362,'search/node','search/node','Content','a:0:{}','system',-1,0,0,0,0,2,0,362,1693,0,0,0,0,0,0,0,0),('navigation',1694,1693,'search/node/%','search/node/%','Content','a:0:{}','system',-1,0,0,0,0,3,0,362,1693,1694,0,0,0,0,0,0,0),('management',1695,115,'admin/structure/menu/manage/menu-about-us','admin/structure/menu/manage/%','About menu for pages','a:0:{}','menu',0,0,0,0,0,4,0,1,18,115,1695,0,0,0,0,0,0),('menu-partners',1702,0,'node/398','node/%','How it works','a:1:{s:10:\"attributes\";a:0:{}}','menu',0,0,0,0,-49,1,1,1702,0,0,0,0,0,0,0,0,0),('menu-about-us',1703,0,'node/399','node/%','Why girls & women?','a:1:{s:10:\"attributes\";a:0:{}}','menu',0,0,0,0,-49,1,1,1703,0,0,0,0,0,0,0,0,0),('management',1707,21,'admin/structure/block/add-menu-block','admin/structure/block/add-menu-block','Add menu block','a:1:{s:10:\"attributes\";a:1:{s:5:\"title\";s:21:\"Add a new menu block.\";}}','system',-1,0,0,0,0,4,0,1,18,21,1707,0,0,0,0,0,0),('management',1708,8,'admin/content/book/%','admin/content/book/%','Edit book outline','a:0:{}','system',-1,0,0,0,0,3,0,1,8,1708,0,0,0,0,0,0,0),('management',1709,46,'admin/config/user-interface/menu-block','admin/config/user-interface/menu-block','Menu block','a:1:{s:10:\"attributes\";a:1:{s:5:\"title\";s:21:\"Configure menu block.\";}}','system',0,0,0,0,0,4,0,1,7,46,1709,0,0,0,0,0,0),('management',1710,82,'admin/structure/block/list/bartik/add-menu-block','admin/structure/block/list/bartik/add-menu-block','Add menu block','a:1:{s:10:\"attributes\";a:1:{s:5:\"title\";s:21:\"Add a new menu block.\";}}','system',-1,0,0,0,0,5,0,1,18,21,82,1710,0,0,0,0,0),('management',1711,86,'admin/structure/block/list/garland/add-menu-block','admin/structure/block/list/garland/add-menu-block','Add menu block','a:1:{s:10:\"attributes\";a:1:{s:5:\"title\";s:21:\"Add a new menu block.\";}}','system',-1,0,0,0,0,5,0,1,18,21,86,1711,0,0,0,0,0),('management',1712,90,'admin/structure/block/list/seven/add-menu-block','admin/structure/block/list/seven/add-menu-block','Add menu block','a:1:{s:10:\"attributes\";a:1:{s:5:\"title\";s:21:\"Add a new menu block.\";}}','system',-1,0,0,0,0,5,0,1,18,21,90,1712,0,0,0,0,0),('management',1713,91,'admin/structure/block/list/stark/add-menu-block','admin/structure/block/list/stark/add-menu-block','Add menu block','a:1:{s:10:\"attributes\";a:1:{s:5:\"title\";s:21:\"Add a new menu block.\";}}','system',-1,0,0,0,0,5,0,1,18,21,91,1713,0,0,0,0,0),('management',1882,24,'admin/config/content/ckeditor','admin/config/content/ckeditor','CKEditor','a:1:{s:10:\"attributes\";a:1:{s:5:\"title\";s:31:\"Configure the rich text editor.\";}}','system',0,0,0,0,0,4,0,1,7,24,1882,0,0,0,0,0,0),('management',1884,42,'admin/config/system/mailsystem','admin/config/system/mailsystem','Mail System','a:1:{s:10:\"attributes\";a:1:{s:5:\"title\";s:42:\"Configure per-module Mail System settings.\";}}','system',0,0,0,0,0,4,0,1,7,42,1884,0,0,0,0,0,0),('management',2055,18,'admin/structure/trigger','admin/structure/trigger','Triggers','a:1:{s:10:\"attributes\";a:1:{s:5:\"title\";s:34:\"Configure when to execute actions.\";}}','system',0,0,0,0,0,3,0,1,18,2055,0,0,0,0,0,0,0),('management',2056,2055,'admin/structure/trigger/comment','admin/structure/trigger/comment','Comment','a:0:{}','system',-1,0,0,0,0,4,0,1,18,2055,2056,0,0,0,0,0,0),('management',2057,42,'admin/config/system/mimemail','admin/config/system/mimemail','Mime Mail','a:1:{s:10:\"attributes\";a:1:{s:5:\"title\";s:33:\"Manage mime mail system settings.\";}}','system',0,0,0,0,0,4,0,1,7,42,2057,0,0,0,0,0,0),('management',2058,2055,'admin/structure/trigger/node','admin/structure/trigger/node','Node','a:0:{}','system',-1,0,0,0,0,4,0,1,18,2055,2058,0,0,0,0,0,0),('management',2059,2055,'admin/structure/trigger/system','admin/structure/trigger/system','System','a:0:{}','system',-1,0,0,0,0,4,0,1,18,2055,2059,0,0,0,0,0,0),('management',2060,2055,'admin/structure/trigger/taxonomy','admin/structure/trigger/taxonomy','Taxonomy','a:0:{}','system',-1,0,0,0,0,4,0,1,18,2055,2060,0,0,0,0,0,0),('management',2061,2055,'admin/structure/trigger/unassign','admin/structure/trigger/unassign','Unassign','a:1:{s:10:\"attributes\";a:1:{s:5:\"title\";s:34:\"Unassign an action from a trigger.\";}}','system',-1,0,0,0,0,4,0,1,18,2055,2061,0,0,0,0,0,0),('management',2062,2055,'admin/structure/trigger/user','admin/structure/trigger/user','User','a:0:{}','system',-1,0,0,0,0,4,0,1,18,2055,2062,0,0,0,0,0,0),('navigation',2063,5,'node/add/custom-welcome','node/add/custom-welcome','Custom Welcome','a:1:{s:10:\"attributes\";a:1:{s:5:\"title\";s:84:\"this is a custom welcome message that will override the default team welcome message\";}}','system',0,0,0,0,0,2,0,5,2063,0,0,0,0,0,0,0,0),('management',2065,18,'admin/structure/ctools-rulesets','admin/structure/ctools-rulesets','Custom access rulesets','a:1:{s:10:\"attributes\";a:1:{s:5:\"title\";s:117:\"Add, edit or delete custom access rulesets for use with Panels and other systems that utilize CTools content plugins.\";}}','system',0,0,0,0,0,3,0,1,18,2065,0,0,0,0,0,0,0),('management',2066,2065,'admin/structure/ctools-rulesets/add','admin/structure/ctools-rulesets/add','Add','a:0:{}','system',-1,0,0,0,0,4,0,1,18,2065,2066,0,0,0,0,0,0),('management',2067,2065,'admin/structure/ctools-rulesets/import','admin/structure/ctools-rulesets/import','Import','a:0:{}','system',-1,0,0,0,0,4,0,1,18,2065,2067,0,0,0,0,0,0),('management',2068,2065,'admin/structure/ctools-rulesets/list','admin/structure/ctools-rulesets/list','List','a:0:{}','system',-1,0,0,0,-10,4,0,1,18,2065,2068,0,0,0,0,0,0),('management',2069,2068,'admin/structure/ctools-rulesets/list/%/export','admin/structure/ctools-rulesets/list/%/export','Export','a:0:{}','system',-1,0,0,0,0,5,0,1,18,2065,2068,2069,0,0,0,0,0),('management',2070,2068,'admin/structure/ctools-rulesets/list/%/edit','admin/structure/ctools-rulesets/list/%/edit','Edit','a:0:{}','system',-1,0,0,0,-10,5,0,1,18,2065,2068,2070,0,0,0,0,0),('management',2071,1442,'admin/config/date/tools','admin/config/date/tools','Date Tools','a:1:{s:10:\"attributes\";a:1:{s:5:\"title\";s:70:\"Date Wizard and other tools to manage and create dates and calendars. \";}}','system',0,0,0,0,0,4,0,1,7,1442,2071,0,0,0,0,0,0),('management',2072,2071,'admin/config/date/tools/about','admin/config/date/tools/about','About','a:1:{s:10:\"attributes\";a:1:{s:5:\"title\";s:70:\"Date Wizard and other tools to manage and create dates and calendars. \";}}','system',-1,0,0,0,-5,5,0,1,7,1442,2071,2072,0,0,0,0,0),('management',2073,2071,'admin/config/date/tools/date_wizard','admin/config/date/tools/date_wizard','Date wizard','a:1:{s:10:\"attributes\";a:1:{s:5:\"title\";s:51:\"Easy creation of date content types and calendars. \";}}','system',-1,0,0,0,1,5,0,1,7,1442,2071,2073,0,0,0,0,0),('management',2159,115,'admin/structure/menu/manage/menu-how-to-give','admin/structure/menu/manage/%','How to give menu for pages','a:0:{}','menu',0,0,0,0,0,4,0,1,18,115,2159,0,0,0,0,0,0),('menu-how-to-give',2160,0,'node/473','node/%','Fund Projects','a:1:{s:10:\"attributes\";a:1:{s:5:\"title\";s:0:\"\";}}','menu',0,0,1,0,-50,1,1,2160,0,0,0,0,0,0,0,0,0),('management',2161,115,'admin/structure/menu/manage/menu-partners','admin/structure/menu/manage/%','Partners','a:0:{}','menu',0,0,0,0,0,4,0,1,18,115,2161,0,0,0,0,0,0),('menu-how-to-give',2162,0,'node/474','node/%','Tipping fund','a:0:{}','menu',0,0,0,0,-49,1,1,2162,0,0,0,0,0,0,0,0,0),('menu-how-to-give',2163,0,'node/475','node/%','Teams','a:0:{}','menu',0,0,0,0,-48,1,1,2163,0,0,0,0,0,0,0,0,0),('menu-about-us',2164,0,'node/478','node/%','Who we are','a:1:{s:10:\"attributes\";a:0:{}}','menu',0,0,1,0,-48,1,1,2164,0,0,0,0,0,0,0,0,0),('menu-about-us',2165,2164,'node/479','node/%','Our story','a:1:{s:10:\"attributes\";a:0:{}}','menu',0,0,0,0,-50,2,1,2164,2165,0,0,0,0,0,0,0,0),('menu-about-us',2167,2164,'node/481','node/%','Women Deliver','a:0:{}','menu',0,0,0,0,-47,2,1,2164,2167,0,0,0,0,0,0,0,0),('menu-about-us',2168,2164,'node/482','node/%','Jobs','a:0:{}','menu',0,0,0,0,-46,2,1,2164,2168,0,0,0,0,0,0,0,0),('menu-about-us',2169,0,'node/483','node/%','Contact us','a:1:{s:10:\"attributes\";a:0:{}}','menu',0,0,0,0,-46,1,1,2169,0,0,0,0,0,0,0,0,0),('menu-about-us',2170,0,'node/484','node/%','Thank You!','a:1:{s:10:\"attributes\";a:1:{s:5:\"title\";s:0:\"\";}}','menu',0,0,0,0,-44,1,1,2170,0,0,0,0,0,0,0,0,0),('menu-how-to-give',2171,2160,'node/485','node/%','Offline Donations','a:0:{}','menu',0,0,0,0,-50,2,1,2160,2171,0,0,0,0,0,0,0,0),('menu-how-to-give',2172,0,'node/486','node/%','Curators','a:0:{}','menu',0,0,0,0,-47,1,1,2172,0,0,0,0,0,0,0,0,0),('menu-how-to-give',2173,0,'node/487','node/%','Support us','a:0:{}','menu',0,0,0,0,-46,1,1,2173,0,0,0,0,0,0,0,0,0),('menu-how-to-give',2174,0,'node/488','node/%','Gift Card','a:1:{s:10:\"attributes\";a:0:{}}','menu',0,0,0,0,-45,1,1,2174,0,0,0,0,0,0,0,0,0),('menu-partners',2175,0,'node/489','node/%','Why Catapult?','a:0:{}','menu',0,0,0,0,-50,1,1,2175,0,0,0,0,0,0,0,0,0),('menu-partners',2176,0,'node/490','node/%','What to expect','a:1:{s:10:\"attributes\";a:0:{}}','menu',0,0,1,0,-47,1,1,2176,0,0,0,0,0,0,0,0,0),('menu-partners',2177,2176,'node/491','node/%','Application','a:1:{s:10:\"attributes\";a:0:{}}','menu',0,0,0,0,-50,2,1,2176,2177,0,0,0,0,0,0,0,0),('menu-partners',2178,2176,'node/492','node/%','Guidelines','a:1:{s:10:\"attributes\";a:0:{}}','menu',0,0,0,0,-49,2,1,2176,2178,0,0,0,0,0,0,0,0),('menu-partners',2179,2176,'node/493','node/%','Scope Projects','a:0:{}','menu',0,0,0,0,-48,2,1,2176,2179,0,0,0,0,0,0,0,0),('menu-partners',2180,2176,'node/494','node/%','Report','a:1:{s:10:\"attributes\";a:0:{}}','menu',0,0,0,0,-47,2,1,2176,2180,0,0,0,0,0,0,0,0),('menu-partners',2181,0,'node/495','node/%','Get started','a:1:{s:10:\"attributes\";a:0:{}}','menu',0,0,0,0,-46,1,1,2181,0,0,0,0,0,0,0,0,0),('menu-partners',2182,0,'node/476','node/%','FAQs','a:0:{}','menu',0,0,0,0,-45,1,1,2182,0,0,0,0,0,0,0,0,0),('menu-partners',2183,0,'node/496','node/%','Our Partners','a:0:{}','menu',0,0,0,0,-44,1,1,2183,0,0,0,0,0,0,0,0,0),('management',2185,115,'admin/structure/menu/manage/menu-partners-footer','admin/structure/menu/manage/%','Partners','a:0:{}','menu',0,0,0,0,0,4,0,1,18,115,2185,0,0,0,0,0,0),('menu-partners-footer',2186,0,'node/489','node/%','Why Catapult?','a:1:{s:10:\"attributes\";a:1:{s:5:\"title\";s:0:\"\";}}','menu',0,0,0,0,-50,1,1,2186,0,0,0,0,0,0,0,0,0),('menu-partners-footer',2187,0,'node/398','node/%','How it works','a:1:{s:10:\"attributes\";a:1:{s:5:\"title\";s:0:\"\";}}','menu',0,0,0,0,-49,1,1,2187,0,0,0,0,0,0,0,0,0),('menu-partners-footer',2188,0,'node/490','node/%','What to expect','a:1:{s:10:\"attributes\";a:1:{s:5:\"title\";s:0:\"\";}}','menu',0,0,0,0,-48,1,1,2188,0,0,0,0,0,0,0,0,0),('menu-partners-footer',2189,0,'node/495','node/%','Get started','a:1:{s:10:\"attributes\";a:1:{s:5:\"title\";s:0:\"\";}}','menu',0,0,0,0,-47,1,1,2189,0,0,0,0,0,0,0,0,0),('menu-partners-footer',2190,0,'node/476','node/%','FAQs','a:1:{s:10:\"attributes\";a:1:{s:5:\"title\";s:0:\"\";}}','menu',0,0,0,0,-46,1,1,2190,0,0,0,0,0,0,0,0,0),('menu-partners-footer',2191,0,'node/496','node/%','Our partners','a:1:{s:10:\"attributes\";a:1:{s:5:\"title\";s:0:\"\";}}','menu',0,0,0,0,-45,1,1,2191,0,0,0,0,0,0,0,0,0),('menu-about-us',2192,2164,'node/497','node/%','Our issues','a:1:{s:10:\"attributes\";a:1:{s:5:\"title\";s:0:\"\";}}','menu',0,0,0,0,-49,2,1,2164,2192,0,0,0,0,0,0,0,0),('menu-about-us',2193,0,'node/477','node/%','What is Catapult?','a:1:{s:10:\"attributes\";a:0:{}}','menu',0,0,0,0,-50,1,1,2193,0,0,0,0,0,0,0,0,0),('menu-about-us',2195,0,'node/499','node/%','Results','a:0:{}','menu',0,0,1,0,-47,1,1,2195,0,0,0,0,0,0,0,0,0),('menu-about-us',2196,2195,'node/500','node/%','Reports','a:1:{s:10:\"attributes\";a:1:{s:5:\"title\";s:0:\"\";}}','menu',0,0,0,0,-50,2,1,2195,2196,0,0,0,0,0,0,0,0),('management',2197,115,'admin/structure/menu/manage/menu-how-to-give-footer','admin/structure/menu/manage/%','How to give','a:0:{}','menu',0,0,0,0,0,4,0,1,18,115,2197,0,0,0,0,0,0),('menu-how-to-give-footer',2198,0,'node/473','node/%','Fund projects','a:1:{s:10:\"attributes\";a:1:{s:5:\"title\";s:0:\"\";}}','menu',0,0,0,0,-50,1,1,2198,0,0,0,0,0,0,0,0,0),('menu-how-to-give-footer',2199,0,'node/474','node/%','Tipping fund','a:1:{s:10:\"attributes\";a:1:{s:5:\"title\";s:0:\"\";}}','menu',0,0,0,0,-49,1,1,2199,0,0,0,0,0,0,0,0,0),('menu-how-to-give-footer',2200,0,'node/475','node/%','Teams','a:1:{s:10:\"attributes\";a:1:{s:5:\"title\";s:0:\"\";}}','menu',0,0,0,0,-48,1,1,2200,0,0,0,0,0,0,0,0,0),('menu-how-to-give-footer',2201,0,'node/486','node/%','Curators','a:1:{s:10:\"attributes\";a:1:{s:5:\"title\";s:0:\"\";}}','menu',0,0,0,0,-47,1,1,2201,0,0,0,0,0,0,0,0,0),('menu-how-to-give-footer',2202,0,'node/487','node/%','Support us','a:1:{s:10:\"attributes\";a:1:{s:5:\"title\";s:0:\"\";}}','menu',0,0,0,0,-46,1,1,2202,0,0,0,0,0,0,0,0,0),('menu-how-to-give-footer',2203,0,'node/488','node/%','Gift card','a:1:{s:10:\"attributes\";a:1:{s:5:\"title\";s:0:\"\";}}','menu',0,0,0,0,-45,1,1,2203,0,0,0,0,0,0,0,0,0),('management',2204,115,'admin/structure/menu/manage/menu-about','admin/structure/menu/manage/%','About us','a:0:{}','menu',0,0,0,0,0,4,0,1,18,115,2204,0,0,0,0,0,0),('menu-about',2205,0,'node/477','node/%','What is Catapult?','a:1:{s:10:\"attributes\";a:1:{s:5:\"title\";s:0:\"\";}}','menu',0,0,0,0,-50,1,1,2205,0,0,0,0,0,0,0,0,0),('menu-about',2206,0,'node/399','node/%','Why girls & women?','a:1:{s:10:\"attributes\";a:1:{s:5:\"title\";s:0:\"\";}}','menu',0,0,0,0,-49,1,1,2206,0,0,0,0,0,0,0,0,0),('menu-about',2207,0,'node/478','node/%','Who we are','a:1:{s:10:\"attributes\";a:1:{s:5:\"title\";s:0:\"\";}}','menu',0,0,0,0,-48,1,1,2207,0,0,0,0,0,0,0,0,0),('menu-about',2208,0,'node/499','node/%','Results','a:1:{s:10:\"attributes\";a:1:{s:5:\"title\";s:0:\"\";}}','menu',0,0,0,0,-47,1,1,2208,0,0,0,0,0,0,0,0,0),('menu-about',2209,0,'node/483','node/%','Contact us','a:1:{s:10:\"attributes\";a:1:{s:5:\"title\";s:0:\"\";}}','menu',0,0,0,0,-46,1,1,2209,0,0,0,0,0,0,0,0,0),('menu-about',2211,0,'node/484','node/%','Thank you!','a:1:{s:10:\"attributes\";a:1:{s:5:\"title\";s:0:\"\";}}','menu',0,0,0,0,-44,1,1,2211,0,0,0,0,0,0,0,0,0),('management',2297,34,'admin/config/people/captcha','admin/config/people/captcha','CAPTCHA','a:1:{s:10:\"attributes\";a:1:{s:5:\"title\";s:43:\"Administer how and where CAPTCHAs are used.\";}}','system',0,0,0,0,0,4,0,1,7,34,2297,0,0,0,0,0,0),('management',2298,2297,'admin/config/people/captcha/captcha','admin/config/people/captcha/captcha','CAPTCHA','a:0:{}','system',-1,0,0,0,-20,5,0,1,7,34,2297,2298,0,0,0,0,0),('management',2299,2297,'admin/config/people/captcha/image_captcha','admin/config/people/captcha/image_captcha','Image CAPTCHA','a:0:{}','system',-1,0,0,0,0,5,0,1,7,34,2297,2299,0,0,0,0,0),('management',2300,2298,'admin/config/people/captcha/captcha/examples','admin/config/people/captcha/captcha/examples','Examples','a:1:{s:10:\"attributes\";a:1:{s:5:\"title\";s:59:\"An overview of the available challenge types with examples.\";}}','system',-1,0,0,0,5,6,0,1,7,34,2297,2298,2300,0,0,0,0),('management',2301,2298,'admin/config/people/captcha/captcha/settings','admin/config/people/captcha/captcha/settings','General settings','a:0:{}','system',-1,0,0,0,0,6,0,1,7,34,2297,2298,2301,0,0,0,0),('management',2302,115,'admin/structure/menu/manage/menu-administration','admin/structure/menu/manage/%','Administration','a:0:{}','menu',0,0,0,0,0,4,0,1,18,115,2302,0,0,0,0,0,0),('menu-administration',2303,0,'node/add/project','node/add/project','New Project','a:1:{s:10:\"attributes\";a:1:{s:5:\"title\";s:0:\"\";}}','menu',0,0,0,0,-50,1,1,2303,0,0,0,0,0,0,0,0,0),('menu-administration',2304,0,'administration/projects','administration/projects','Manage Projects','a:1:{s:10:\"attributes\";a:1:{s:5:\"title\";s:0:\"\";}}','menu',0,0,0,0,-49,1,1,2304,0,0,0,0,0,0,0,0,0),('menu-administration',2305,0,'administration/reports','administration/reports','Reports','a:1:{s:10:\"attributes\";a:1:{s:5:\"title\";s:0:\"\";}}','menu',0,0,0,0,-48,1,1,2305,0,0,0,0,0,0,0,0,0),('management',2339,2297,'admin/config/people/captcha/recaptcha','admin/config/people/captcha/recaptcha','reCAPTCHA','a:1:{s:10:\"attributes\";a:1:{s:5:\"title\";s:37:\"Administer the reCAPTCHA web service.\";}}','system',-1,0,0,0,0,5,0,1,7,34,2297,2339,0,0,0,0,0),('navigation',2340,14,'user/%/fboauth','user/%/fboauth','Facebook settings','a:0:{}','system',0,0,0,0,0,2,0,14,2340,0,0,0,0,0,0,0,0),('management',2341,34,'admin/config/people/fboauth','admin/config/people/fboauth','Facebook OAuth settings','a:1:{s:10:\"attributes\";a:1:{s:5:\"title\";s:82:\"Configure site for Facebook Connect and map Facebook information to user profiles.\";}}','system',0,0,0,0,0,4,0,1,7,34,2341,0,0,0,0,0,0),('management',2342,42,'admin/config/system/remember_me','admin/config/system/remember_me','Remember me settings','a:1:{s:10:\"attributes\";a:1:{s:5:\"title\";s:64:\"Configure settings like session time out for remember_me module.\";}}','system',0,0,0,0,0,4,0,1,7,42,2342,0,0,0,0,0,0),('management',2516,42,'admin/config/system/cacheexclude','admin/config/system/cacheexclude','Cache exclusions','a:1:{s:10:\"attributes\";a:1:{s:5:\"title\";s:40:\"Configure pages to exclude from caching.\";}}','system',0,0,0,0,0,4,0,1,7,42,2516,0,0,0,0,0,0),('management',2517,39,'admin/config/search/pantheon','admin/config/search/pantheon','Pantheon Solr Settings','a:1:{s:10:\"attributes\";a:1:{s:5:\"title\";s:70:\"Configure Pantheon\'s Apache Solr, including selecting your schema.xml.\";}}','system',0,0,0,0,-8,4,0,1,7,39,2517,0,0,0,0,0,0),('management',2604,18,'admin/structure/field-collections','admin/structure/field-collections','Field collections','a:1:{s:10:\"attributes\";a:1:{s:5:\"title\";s:35:\"Manage fields on field collections.\";}}','system',0,0,1,0,0,3,0,1,18,2604,0,0,0,0,0,0,0),('management',2605,16,'admin/reports/fields','admin/reports/fields','Field list','a:1:{s:10:\"attributes\";a:1:{s:5:\"title\";s:39:\"Overview of fields on all entity types.\";}}','system',0,0,0,0,0,3,0,1,16,2605,0,0,0,0,0,0,0),('management',2606,18,'admin/structure/views','admin/structure/views','Views','a:1:{s:10:\"attributes\";a:1:{s:5:\"title\";s:35:\"Manage customized lists of content.\";}}','system',0,0,1,0,0,3,0,1,18,2606,0,0,0,0,0,0,0),('management',2607,16,'admin/reports/views-plugins','admin/reports/views-plugins','Views plugins','a:1:{s:10:\"attributes\";a:1:{s:5:\"title\";s:38:\"Overview of plugins used in all views.\";}}','system',0,0,0,0,0,3,0,1,16,2607,0,0,0,0,0,0,0),('management',2608,2606,'admin/structure/views/add','admin/structure/views/add','Add new view','a:0:{}','system',-1,0,0,0,0,4,0,1,18,2606,2608,0,0,0,0,0,0),('management',2609,2606,'admin/structure/views/add-template','admin/structure/views/add-template','Add view from template','a:0:{}','system',-1,0,0,0,0,4,0,1,18,2606,2609,0,0,0,0,0,0),('management',2610,328,'admin/structure/ds/extras','admin/structure/ds/extras','Extras','a:1:{s:10:\"attributes\";a:1:{s:5:\"title\";s:48:\"Configure extra functionality for Display suite.\";}}','system',0,0,0,0,0,4,0,1,18,328,2610,0,0,0,0,0,0),('management',2611,2606,'admin/structure/views/import','admin/structure/views/import','Import','a:0:{}','system',-1,0,0,0,0,4,0,1,18,2606,2611,0,0,0,0,0,0),('management',2612,2606,'admin/structure/views/list','admin/structure/views/list','List','a:0:{}','system',-1,0,0,0,-10,4,0,1,18,2606,2612,0,0,0,0,0,0),('management',2613,2605,'admin/reports/fields/list','admin/reports/fields/list','List','a:0:{}','system',-1,0,0,0,-10,4,0,1,16,2605,2613,0,0,0,0,0,0),('management',2615,50,'admin/config/workflow/rules','admin/config/workflow/rules','Rules','a:1:{s:10:\"attributes\";a:1:{s:5:\"title\";s:42:\"Manage reaction rules and rule components.\";}}','system',0,0,0,0,0,4,0,1,7,50,2615,0,0,0,0,0,0),('management',2616,2606,'admin/structure/views/settings','admin/structure/views/settings','Settings','a:0:{}','system',-1,0,0,0,0,4,0,1,18,2606,2616,0,0,0,0,0,0),('management',2617,2605,'admin/reports/fields/views-fields','admin/reports/fields/views-fields','Used in views','a:1:{s:10:\"attributes\";a:1:{s:5:\"title\";s:37:\"Overview of fields used in all views.\";}}','system',-1,0,0,0,0,4,0,1,16,2605,2617,0,0,0,0,0,0),('management',2618,2616,'admin/structure/views/settings/advanced','admin/structure/views/settings/advanced','Advanced','a:0:{}','system',-1,0,0,0,1,5,0,1,18,2606,2616,2618,0,0,0,0,0),('management',2619,2616,'admin/structure/views/settings/basic','admin/structure/views/settings/basic','Basic','a:0:{}','system',-1,0,0,0,0,5,0,1,18,2606,2616,2619,0,0,0,0,0),('management',2620,2615,'admin/config/workflow/rules/components','admin/config/workflow/rules/components','Components','a:0:{}','system',-1,0,0,0,0,5,0,1,7,50,2615,2620,0,0,0,0,0),('management',2629,2606,'admin/structure/views/view/%','admin/structure/views/view/%','','a:0:{}','system',0,0,0,0,0,4,0,1,18,2606,2629,0,0,0,0,0,0),('management',2630,2615,'admin/config/workflow/rules/reaction','admin/config/workflow/rules/reaction','Rules','a:0:{}','system',-1,0,0,0,-1,5,0,1,7,50,2615,2630,0,0,0,0,0),('management',2631,2615,'admin/config/workflow/rules/settings','admin/config/workflow/rules/settings','Settings','a:0:{}','system',-1,0,0,0,1,5,0,1,7,50,2615,2631,0,0,0,0,0),('management',2632,2620,'admin/config/workflow/rules/components/add','admin/config/workflow/rules/components/add','Add new component','a:0:{}','system',-1,0,0,0,0,6,0,1,7,50,2615,2620,2632,0,0,0,0),('management',2633,2630,'admin/config/workflow/rules/reaction/add','admin/config/workflow/rules/reaction/add','Add new rule','a:0:{}','system',-1,0,0,0,0,6,0,1,7,50,2615,2630,2633,0,0,0,0),('management',2634,2631,'admin/config/workflow/rules/settings/advanced','admin/config/workflow/rules/settings/advanced','Advanced','a:0:{}','system',-1,0,0,0,0,6,0,1,7,50,2615,2631,2634,0,0,0,0),('management',2635,2631,'admin/config/workflow/rules/settings/basic','admin/config/workflow/rules/settings/basic','Basic','a:0:{}','system',-1,0,0,0,-10,6,0,1,7,50,2615,2631,2635,0,0,0,0),('management',2636,2629,'admin/structure/views/view/%/break-lock','admin/structure/views/view/%/break-lock','Break lock','a:0:{}','system',-1,0,0,0,0,5,0,1,18,2606,2629,2636,0,0,0,0,0),('management',2642,2629,'admin/structure/views/view/%/edit','admin/structure/views/view/%/edit','Edit view','a:0:{}','system',-1,0,0,0,-10,5,0,1,18,2606,2629,2642,0,0,0,0,0),('management',2644,2620,'admin/config/workflow/rules/components/import','admin/config/workflow/rules/components/import','Import component','a:0:{}','system',-1,0,0,0,0,6,0,1,7,50,2615,2620,2644,0,0,0,0),('management',2645,2630,'admin/config/workflow/rules/reaction/import','admin/config/workflow/rules/reaction/import','Import rule','a:0:{}','system',-1,0,0,0,0,6,0,1,7,50,2615,2630,2645,0,0,0,0),('management',2661,2629,'admin/structure/views/view/%/clone','admin/structure/views/view/%/clone','Clone','a:0:{}','system',-1,0,0,0,0,5,0,1,18,2606,2629,2661,0,0,0,0,0),('management',2662,2629,'admin/structure/views/view/%/delete','admin/structure/views/view/%/delete','Delete','a:0:{}','system',-1,0,0,0,0,5,0,1,18,2606,2629,2662,0,0,0,0,0),('management',2667,2629,'admin/structure/views/view/%/export','admin/structure/views/view/%/export','Export','a:0:{}','system',-1,0,0,0,0,5,0,1,18,2606,2629,2667,0,0,0,0,0),('management',2668,2629,'admin/structure/views/view/%/revert','admin/structure/views/view/%/revert','Revert','a:0:{}','system',-1,0,0,0,0,5,0,1,18,2606,2629,2668,0,0,0,0,0),('management',2669,2620,'admin/config/workflow/rules/components/manage/%','admin/config/workflow/rules/components/manage/%','','a:0:{}','system',-1,0,1,0,0,6,0,1,7,50,2615,2620,2669,0,0,0,0),('management',2670,2630,'admin/config/workflow/rules/reaction/manage/%','admin/config/workflow/rules/reaction/manage/%','','a:0:{}','system',-1,0,1,0,0,6,0,1,7,50,2615,2630,2670,0,0,0,0),('management',2671,2606,'admin/structure/views/nojs/preview/%/%','admin/structure/views/nojs/preview/%/%','','a:0:{}','system',0,0,0,0,0,4,0,1,18,2606,2671,0,0,0,0,0,0),('management',2687,2606,'admin/structure/views/ajax/preview/%/%','admin/structure/views/ajax/preview/%/%','','a:0:{}','system',0,0,0,0,0,4,0,1,18,2606,2687,0,0,0,0,0,0),('management',2689,2629,'admin/structure/views/view/%/preview/%','admin/structure/views/view/%/preview/%','','a:0:{}','system',-1,0,0,0,0,5,0,1,18,2606,2629,2689,0,0,0,0,0),('management',2707,2669,'admin/config/workflow/rules/components/manage/%/clone','admin/config/workflow/rules/components/manage/%/clone','','a:0:{}','system',0,0,0,0,0,7,0,1,7,50,2615,2620,2669,2707,0,0,0),('management',2708,2670,'admin/config/workflow/rules/reaction/manage/%/clone','admin/config/workflow/rules/reaction/manage/%/clone','','a:0:{}','system',0,0,0,0,0,7,0,1,7,50,2615,2630,2670,2708,0,0,0),('management',2709,2669,'admin/config/workflow/rules/components/manage/%/execute','admin/config/workflow/rules/components/manage/%/execute','','a:0:{}','system',0,0,0,0,0,7,0,1,7,50,2615,2620,2669,2709,0,0,0),('management',2710,2670,'admin/config/workflow/rules/reaction/manage/%/execute','admin/config/workflow/rules/reaction/manage/%/execute','','a:0:{}','system',0,0,0,0,0,7,0,1,7,50,2615,2630,2670,2710,0,0,0),('management',2711,2669,'admin/config/workflow/rules/components/manage/%/export','admin/config/workflow/rules/components/manage/%/export','','a:0:{}','system',0,0,0,0,0,7,0,1,7,50,2615,2620,2669,2711,0,0,0),('management',2712,2670,'admin/config/workflow/rules/reaction/manage/%/export','admin/config/workflow/rules/reaction/manage/%/export','','a:0:{}','system',0,0,0,0,0,7,0,1,7,50,2615,2630,2670,2712,0,0,0),('management',2713,2669,'admin/config/workflow/rules/components/manage/%/schedule','admin/config/workflow/rules/components/manage/%/schedule','','a:0:{}','system',0,0,0,0,0,7,0,1,7,50,2615,2620,2669,2713,0,0,0),('management',2714,2670,'admin/config/workflow/rules/reaction/manage/%/schedule','admin/config/workflow/rules/reaction/manage/%/schedule','','a:0:{}','system',0,0,0,0,0,7,0,1,7,50,2615,2630,2670,2714,0,0,0),('management',2716,2669,'admin/config/workflow/rules/components/manage/%/%','admin/config/workflow/rules/components/manage/%/%','','a:0:{}','system',0,0,0,0,0,7,0,1,7,50,2615,2620,2669,2716,0,0,0),('management',2717,2670,'admin/config/workflow/rules/reaction/manage/%/%','admin/config/workflow/rules/reaction/manage/%/%','','a:0:{}','system',0,0,0,0,0,7,0,1,7,50,2615,2630,2670,2717,0,0,0),('management',2727,2669,'admin/config/workflow/rules/components/manage/%/delete/event','admin/config/workflow/rules/components/manage/%/delete/event','Remove event','a:1:{s:10:\"attributes\";a:1:{s:5:\"title\";s:37:\"Remove an event from a reaction rule.\";}}','system',0,0,0,0,0,7,0,1,7,50,2615,2620,2669,2727,0,0,0),('management',2728,2670,'admin/config/workflow/rules/reaction/manage/%/delete/event','admin/config/workflow/rules/reaction/manage/%/delete/event','Remove event','a:1:{s:10:\"attributes\";a:1:{s:5:\"title\";s:37:\"Remove an event from a reaction rule.\";}}','system',0,0,0,0,0,7,0,1,7,50,2615,2630,2670,2728,0,0,0),('management',2729,2669,'admin/config/workflow/rules/components/manage/%/add/event','admin/config/workflow/rules/components/manage/%/add/event','','a:0:{}','system',0,0,0,0,0,7,0,1,7,50,2615,2620,2669,2729,0,0,0),('management',2730,2670,'admin/config/workflow/rules/reaction/manage/%/add/event','admin/config/workflow/rules/reaction/manage/%/add/event','','a:0:{}','system',0,0,0,0,0,7,0,1,7,50,2615,2630,2670,2730,0,0,0),('management',2731,2669,'admin/config/workflow/rules/components/manage/%/delete/%','admin/config/workflow/rules/components/manage/%/delete/%','','a:0:{}','system',0,0,0,0,0,7,0,1,7,50,2615,2620,2669,2731,0,0,0),('management',2732,2670,'admin/config/workflow/rules/reaction/manage/%/delete/%','admin/config/workflow/rules/reaction/manage/%/delete/%','','a:0:{}','system',0,0,0,0,0,7,0,1,7,50,2615,2630,2670,2732,0,0,0),('management',2733,2669,'admin/config/workflow/rules/components/manage/%/edit/%','admin/config/workflow/rules/components/manage/%/edit/%','','a:0:{}','system',0,0,0,0,0,7,0,1,7,50,2615,2620,2669,2733,0,0,0),('management',2734,2670,'admin/config/workflow/rules/reaction/manage/%/edit/%','admin/config/workflow/rules/reaction/manage/%/edit/%','','a:0:{}','system',0,0,0,0,0,7,0,1,7,50,2615,2630,2670,2734,0,0,0),('management',2735,2669,'admin/config/workflow/rules/components/manage/%/add/%','admin/config/workflow/rules/components/manage/%/add/%','','a:0:{}','system',0,0,0,0,0,7,0,1,7,50,2615,2620,2669,2735,0,0,0),('management',2736,2670,'admin/config/workflow/rules/reaction/manage/%/add/%','admin/config/workflow/rules/reaction/manage/%/add/%','','a:0:{}','system',0,0,0,0,0,7,0,1,7,50,2615,2630,2670,2736,0,0,0),('navigation',2745,0,'field-collection/field-sections/%','field-collection/field-sections/%','','a:0:{}','system',0,0,0,0,0,1,0,2745,0,0,0,0,0,0,0,0,0),('navigation',2746,2745,'field-collection/field-sections/%/delete','field-collection/field-sections/%/delete','Delete','a:0:{}','system',-1,0,0,0,0,2,0,2745,2746,0,0,0,0,0,0,0,0),('navigation',2747,2745,'field-collection/field-sections/%/edit','field-collection/field-sections/%/edit','Edit','a:0:{}','system',-1,0,0,0,0,2,0,2745,2747,0,0,0,0,0,0,0,0),('navigation',2748,2745,'field-collection/field-sections/%/view','field-collection/field-sections/%/view','View','a:0:{}','system',-1,0,0,0,-10,2,0,2745,2748,0,0,0,0,0,0,0,0),('navigation',2749,0,'field-collection/field-sections/add/%/%','field-collection/field-sections/add/%/%','','a:0:{}','system',0,0,0,0,0,1,0,2749,0,0,0,0,0,0,0,0,0),('navigation',2752,5,'node/add/node_export','node/add/node_export','Node export: import','a:1:{s:10:\"attributes\";a:1:{s:5:\"title\";s:42:\"Import content using <em>Node export</em>.\";}}','system',0,0,0,0,0,2,0,5,2752,0,0,0,0,0,0,0,0),('management',2753,24,'admin/config/content/node_export','admin/config/content/node_export','Node export','a:1:{s:10:\"attributes\";a:1:{s:5:\"title\";s:39:\"Configure the settings for Node export.\";}}','system',0,0,0,0,0,4,0,1,7,24,2753,0,0,0,0,0,0),('management',2754,42,'admin/config/system/uuid','admin/config/system/uuid','Universally unique identifiers','a:1:{s:10:\"attributes\";a:1:{s:5:\"title\";s:41:\"Configure universally unique identifiers.\";}}','system',0,0,0,0,0,4,0,1,7,42,2754,0,0,0,0,0,0),('management',2757,864,'admin/config/deliver/configure','admin/config/deliver/configure','Configuration','a:1:{s:10:\"attributes\";a:1:{s:5:\"title\";s:50:\"Configuration parameters for Women Deliver module.\";}}','system',0,0,0,0,0,4,0,1,7,864,2757,0,0,0,0,0,0),('management',2758,864,'admin/config/deliver/deliver_payflowpro','admin/config/deliver/deliver_payflowpro','Payflow Pro Configuration','a:1:{s:10:\"attributes\";a:1:{s:5:\"title\";s:37:\"Payflow Pro configuration parameters.\";}}','system',0,0,0,0,0,4,0,1,7,864,2758,0,0,0,0,0,0),('management',2759,24,'admin/config/content/ajax_comments','admin/config/content/ajax_comments','AJAX comments','a:1:{s:10:\"attributes\";a:1:{s:5:\"title\";s:27:\"AJAXifies comments on site.\";}}','system',0,0,0,0,0,4,0,1,7,24,2759,0,0,0,0,0,0),('navigation',2760,4,'node/%/node_export','node/%/node_export','Node export','a:0:{}','system',-1,0,0,0,5,2,0,4,2760,0,0,0,0,0,0,0,0),('devel',2761,0,'devel/settings','devel/settings','Devel settings','a:1:{s:10:\"attributes\";a:1:{s:5:\"title\";s:168:\"Helper functions, pages, and blocks to assist Drupal developers. The devel blocks can be managed via the <a href=\"/admin/structure/block\">block administration</a> page.\";}}','system',0,0,0,0,0,1,0,2761,0,0,0,0,0,0,0,0,0),('devel',2762,0,'devel/php','devel/php','Execute PHP Code','a:1:{s:10:\"attributes\";a:1:{s:5:\"title\";s:21:\"Execute some PHP code\";}}','system',0,0,0,0,0,1,0,2762,0,0,0,0,0,0,0,0,0),('devel',2763,0,'devel/reference','devel/reference','Function reference','a:1:{s:10:\"attributes\";a:1:{s:5:\"title\";s:73:\"View a list of currently defined user functions with documentation links.\";}}','system',0,0,0,0,0,1,0,2763,0,0,0,0,0,0,0,0,0),('devel',2764,0,'devel/elements','devel/elements','Hook_elements()','a:1:{s:10:\"attributes\";a:1:{s:5:\"title\";s:51:\"View the active form/render elements for this site.\";}}','system',0,0,0,0,0,1,0,2764,0,0,0,0,0,0,0,0,0),('devel',2765,0,'devel/phpinfo','devel/phpinfo','PHPinfo()','a:1:{s:10:\"attributes\";a:1:{s:5:\"title\";s:36:\"View your server\'s PHP configuration\";}}','system',0,0,0,0,0,1,0,2765,0,0,0,0,0,0,0,0,0),('devel',2766,0,'devel/reinstall','devel/reinstall','Reinstall modules','a:2:{s:10:\"attributes\";a:1:{s:5:\"title\";s:64:\"Run hook_uninstall() and then hook_install() for a given module.\";}s:5:\"alter\";b:1;}','system',0,0,0,0,0,1,0,2766,0,0,0,0,0,0,0,0,0),('devel',2767,0,'devel/run-cron','devel/run-cron','Run cron','a:0:{}','system',0,0,0,0,0,1,0,2767,0,0,0,0,0,0,0,0,0),('devel',2768,0,'devel/session','devel/session','Session viewer','a:1:{s:10:\"attributes\";a:1:{s:5:\"title\";s:31:\"List the contents of $_SESSION.\";}}','system',0,0,0,0,0,1,0,2768,0,0,0,0,0,0,0,0,0),('devel',2769,0,'devel/variable','devel/variable','Variable editor','a:2:{s:10:\"attributes\";a:1:{s:5:\"title\";s:31:\"Edit and delete site variables.\";}s:5:\"alter\";b:1;}','system',0,0,0,0,0,1,0,2769,0,0,0,0,0,0,0,0,0),('navigation',2770,645,'comment/%/devel','comment/%/devel','Devel','a:0:{}','system',-1,0,0,0,100,2,0,645,2770,0,0,0,0,0,0,0,0),('navigation',2771,4,'node/%/devel','node/%/devel','Devel','a:0:{}','system',-1,0,0,0,100,2,0,4,2771,0,0,0,0,0,0,0,0),('navigation',2772,14,'user/%/devel','user/%/devel','Devel','a:0:{}','system',-1,0,0,0,100,2,0,14,2772,0,0,0,0,0,0,0,0),('devel',2773,0,'devel/cache/clear','devel/cache/clear','Empty cache','a:2:{s:10:\"attributes\";a:1:{s:5:\"title\";s:100:\"Clear the CSS cache and all database cache tables which store page, node, theme and variable caches.\";}s:5:\"alter\";b:1;}','system',0,0,0,0,0,1,0,2773,0,0,0,0,0,0,0,0,0),('devel',2774,0,'devel/entity/info','devel/entity/info','Entity info','a:1:{s:10:\"attributes\";a:1:{s:5:\"title\";s:46:\"View entity information across the whole site.\";}}','system',0,0,0,0,0,1,0,2774,0,0,0,0,0,0,0,0,0),('devel',2775,0,'devel/field/info','devel/field/info','Field info','a:1:{s:10:\"attributes\";a:1:{s:5:\"title\";s:46:\"View fields information across the whole site.\";}}','system',0,0,0,0,0,1,0,2775,0,0,0,0,0,0,0,0,0),('devel',2776,0,'devel/menu/item','devel/menu/item','Menu item','a:2:{s:10:\"attributes\";a:1:{s:5:\"title\";s:32:\"Details about a given menu item.\";}s:5:\"alter\";b:1;}','system',0,0,0,0,0,1,0,2776,0,0,0,0,0,0,0,0,0),('devel',2777,0,'devel/menu/reset','devel/menu/reset','Rebuild menus','a:2:{s:10:\"attributes\";a:1:{s:5:\"title\";s:113:\"Rebuild menu based on hook_menu() and revert any custom changes. All menu items return to their default settings.\";}s:5:\"alter\";b:1;}','system',0,0,0,0,0,1,0,2777,0,0,0,0,0,0,0,0,0),('devel',2778,0,'devel/theme/registry','devel/theme/registry','Theme registry','a:1:{s:10:\"attributes\";a:1:{s:5:\"title\";s:63:\"View a list of available theme functions across the whole site.\";}}','system',0,0,0,0,0,1,0,2778,0,0,0,0,0,0,0,0,0),('navigation',2779,2771,'node/%/devel/apachesolr','node/%/devel/apachesolr','Apache Solr','a:0:{}','system',-1,0,0,0,0,3,0,4,2771,2779,0,0,0,0,0,0,0),('navigation',2780,147,'taxonomy/term/%/devel','taxonomy/term/%/devel','Devel','a:0:{}','system',-1,0,0,0,100,2,0,147,2780,0,0,0,0,0,0,0,0),('management',2781,27,'admin/config/development/devel','admin/config/development/devel','Devel settings','a:1:{s:10:\"attributes\";a:1:{s:5:\"title\";s:168:\"Helper functions, pages, and blocks to assist Drupal developers. The devel blocks can be managed via the <a href=\"/admin/structure/block\">block administration</a> page.\";}}','system',0,0,0,0,0,4,0,1,7,27,2781,0,0,0,0,0,0),('navigation',2782,2770,'comment/%/devel/load','comment/%/devel/load','Load','a:0:{}','system',-1,0,0,0,0,3,0,645,2770,2782,0,0,0,0,0,0,0),('navigation',2783,2772,'user/%/devel/load','user/%/devel/load','Load','a:0:{}','system',-1,0,0,0,0,3,0,14,2772,2783,0,0,0,0,0,0,0),('navigation',2784,2771,'node/%/devel/load','node/%/devel/load','Load','a:0:{}','system',-1,0,0,0,0,3,0,4,2771,2784,0,0,0,0,0,0,0),('navigation',2785,2770,'comment/%/devel/load-by-uuid','comment/%/devel/load-by-uuid','Load by UUID','a:0:{}','system',-1,0,0,0,100,3,0,645,2770,2785,0,0,0,0,0,0,0),('navigation',2786,2771,'node/%/devel/load-by-uuid','node/%/devel/load-by-uuid','Load by UUID','a:0:{}','system',-1,0,0,0,100,3,0,4,2771,2786,0,0,0,0,0,0,0),('navigation',2787,2772,'user/%/devel/load-by-uuid','user/%/devel/load-by-uuid','Load by UUID','a:0:{}','system',-1,0,0,0,100,3,0,14,2772,2787,0,0,0,0,0,0,0),('navigation',2788,2770,'comment/%/devel/render','comment/%/devel/render','Render','a:0:{}','system',-1,0,0,0,100,3,0,645,2770,2788,0,0,0,0,0,0,0),('navigation',2789,2771,'node/%/devel/render','node/%/devel/render','Render','a:0:{}','system',-1,0,0,0,100,3,0,4,2771,2789,0,0,0,0,0,0,0),('navigation',2790,2772,'user/%/devel/render','user/%/devel/render','Render','a:0:{}','system',-1,0,0,0,100,3,0,14,2772,2790,0,0,0,0,0,0,0),('navigation',2791,2770,'comment/%/devel/token','comment/%/devel/token','Tokens','a:0:{}','system',-1,0,0,0,5,3,0,645,2770,2791,0,0,0,0,0,0,0),('navigation',2792,2771,'node/%/devel/token','node/%/devel/token','Tokens','a:0:{}','system',-1,0,0,0,5,3,0,4,2771,2792,0,0,0,0,0,0,0),('navigation',2793,2772,'user/%/devel/token','user/%/devel/token','Tokens','a:0:{}','system',-1,0,0,0,5,3,0,14,2772,2793,0,0,0,0,0,0,0),('navigation',2794,2780,'taxonomy/term/%/devel/load','taxonomy/term/%/devel/load','Load','a:0:{}','system',-1,0,0,0,0,3,0,147,2780,2794,0,0,0,0,0,0,0),('navigation',2795,2780,'taxonomy/term/%/devel/load-by-uuid','taxonomy/term/%/devel/load-by-uuid','Load by UUID','a:0:{}','system',-1,0,0,0,100,3,0,147,2780,2795,0,0,0,0,0,0,0),('navigation',2796,2780,'taxonomy/term/%/devel/render','taxonomy/term/%/devel/render','Render','a:0:{}','system',-1,0,0,0,100,3,0,147,2780,2796,0,0,0,0,0,0,0),('navigation',2797,2780,'taxonomy/term/%/devel/token','taxonomy/term/%/devel/token','Tokens','a:0:{}','system',-1,0,0,0,5,3,0,147,2780,2797,0,0,0,0,0,0,0),('management',2798,27,'admin/config/development/jquery_update','admin/config/development/jquery_update','jQuery update','a:1:{s:10:\"attributes\";a:1:{s:5:\"title\";s:83:\"Configure settings related to the jQuery upgrade, the library path and compression.\";}}','system',0,0,0,0,0,4,0,1,7,27,2798,0,0,0,0,0,0),('navigation',2800,5,'node/add/page-external-html-','node/add/page-external-html-','Page (External HTML)','a:1:{s:10:\"attributes\";a:1:{s:5:\"title\";s:63:\"A page with externally loaded HTML from the custom HTML module.\";}}','system',0,0,0,0,0,2,0,5,2800,0,0,0,0,0,0,0,0),('menu-about-us',2801,2164,'node/1174','node/%','Our team','a:1:{s:10:\"attributes\";a:1:{s:5:\"title\";s:0:\"\";}}','menu',0,0,0,0,-48,2,1,2164,2801,0,0,0,0,0,0,0,0),('management',2802,2604,'admin/structure/field-collections/%','admin/structure/field-collections/%','Manage fields','a:0:{}','system',0,0,0,0,1,4,0,1,18,2604,2802,0,0,0,0,0,0),('management',2803,866,'admin/config/regional/countries/display','admin/config/regional/countries/display','Manage display','a:0:{}','system',-1,0,0,0,2,5,0,1,7,37,866,2803,0,0,0,0,0),('management',2804,2802,'admin/structure/field-collections/%/display','admin/structure/field-collections/%/display','Manage display','a:0:{}','system',-1,0,0,0,2,5,0,1,18,2604,2802,2804,0,0,0,0,0),('management',2805,165,'admin/structure/taxonomy/%/display','admin/structure/taxonomy/%/display','Manage display','a:0:{}','system',-1,0,0,0,2,5,0,1,18,151,165,2805,0,0,0,0,0),('management',2806,51,'admin/config/people/accounts/display','admin/config/people/accounts/display','Manage display','a:0:{}','system',-1,0,0,0,2,5,0,1,7,34,51,2806,0,0,0,0,0),('management',2807,866,'admin/config/regional/countries/fields','admin/config/regional/countries/fields','Manage fields','a:0:{}','system',-1,0,1,0,1,5,0,1,7,37,866,2807,0,0,0,0,0),('management',2808,165,'admin/structure/taxonomy/%/fields','admin/structure/taxonomy/%/fields','Manage fields','a:0:{}','system',-1,0,1,0,1,5,0,1,18,151,165,2808,0,0,0,0,0),('management',2809,51,'admin/config/people/accounts/fields','admin/config/people/accounts/fields','Manage fields','a:0:{}','system',-1,0,1,0,1,5,0,1,7,34,51,2809,0,0,0,0,0),('management',2810,2802,'admin/structure/field-collections/%/fields','admin/structure/field-collections/%/fields','Manage fields','a:0:{}','system',-1,0,1,0,1,5,0,1,18,2604,2802,2810,0,0,0,0,0),('management',2811,2803,'admin/config/regional/countries/display/full','admin/config/regional/countries/display/full','Country','a:0:{}','system',-1,0,0,0,0,6,0,1,7,37,866,2803,2811,0,0,0,0),('management',2812,2803,'admin/config/regional/countries/display/default','admin/config/regional/countries/display/default','Default','a:0:{}','system',-1,0,0,0,-10,6,0,1,7,37,866,2803,2812,0,0,0,0),('management',2813,2804,'admin/structure/field-collections/%/display/default','admin/structure/field-collections/%/display/default','Default','a:0:{}','system',-1,0,0,0,-10,6,0,1,18,2604,2802,2804,2813,0,0,0,0),('management',2814,2805,'admin/structure/taxonomy/%/display/default','admin/structure/taxonomy/%/display/default','Default','a:0:{}','system',-1,0,0,0,-10,6,0,1,18,151,165,2805,2814,0,0,0,0),('management',2815,2806,'admin/config/people/accounts/display/default','admin/config/people/accounts/display/default','Default','a:0:{}','system',-1,0,0,0,-10,6,0,1,7,34,51,2806,2815,0,0,0,0),('management',2816,2804,'admin/structure/field-collections/%/display/full','admin/structure/field-collections/%/display/full','Full content','a:0:{}','system',-1,0,0,0,0,6,0,1,18,2604,2802,2804,2816,0,0,0,0),('management',2817,84,'admin/structure/types/manage/%/display','admin/structure/types/manage/%/display','Manage display','a:0:{}','system',-1,0,0,0,2,5,0,1,18,25,84,2817,0,0,0,0,0),('management',2818,84,'admin/structure/types/manage/%/fields','admin/structure/types/manage/%/fields','Manage fields','a:0:{}','system',-1,0,1,0,1,5,0,1,18,25,84,2818,0,0,0,0,0),('management',2819,2806,'admin/config/people/accounts/display/search_result','admin/config/people/accounts/display/search_result','Search Result','a:0:{}','system',-1,0,0,0,2,6,0,1,7,34,51,2806,2819,0,0,0,0),('management',2820,2805,'admin/structure/taxonomy/%/display/full','admin/structure/taxonomy/%/display/full','Taxonomy term page','a:0:{}','system',-1,0,0,0,0,6,0,1,18,151,165,2805,2820,0,0,0,0),('management',2821,2806,'admin/config/people/accounts/display/team_members','admin/config/people/accounts/display/team_members','Team Members','a:0:{}','system',-1,0,0,0,3,6,0,1,7,34,51,2806,2821,0,0,0,0),('management',2822,2805,'admin/structure/taxonomy/%/display/team_menu','admin/structure/taxonomy/%/display/team_menu','Team Menu','a:0:{}','system',-1,0,0,0,2,6,0,1,18,151,165,2805,2822,0,0,0,0),('management',2823,2804,'admin/structure/field-collections/%/display/team_projects','admin/structure/field-collections/%/display/team_projects','Team Projects','a:0:{}','system',-1,0,0,0,2,6,0,1,18,2604,2802,2804,2823,0,0,0,0),('management',2824,2805,'admin/structure/taxonomy/%/display/team_projects','admin/structure/taxonomy/%/display/team_projects','Team Projects','a:0:{}','system',-1,0,0,0,3,6,0,1,18,151,165,2805,2824,0,0,0,0),('management',2825,2805,'admin/structure/taxonomy/%/display/team_teaser','admin/structure/taxonomy/%/display/team_teaser','Team Teaser','a:0:{}','system',-1,0,0,0,4,6,0,1,18,151,165,2805,2825,0,0,0,0),('management',2826,2803,'admin/config/regional/countries/display/token','admin/config/regional/countries/display/token','Tokens','a:0:{}','system',-1,0,0,0,1,6,0,1,7,37,866,2803,2826,0,0,0,0),('management',2827,2804,'admin/structure/field-collections/%/display/token','admin/structure/field-collections/%/display/token','Tokens','a:0:{}','system',-1,0,0,0,1,6,0,1,18,2604,2802,2804,2827,0,0,0,0),('management',2828,2805,'admin/structure/taxonomy/%/display/token','admin/structure/taxonomy/%/display/token','Tokens','a:0:{}','system',-1,0,0,0,1,6,0,1,18,151,165,2805,2828,0,0,0,0),('management',2829,2806,'admin/config/people/accounts/display/token','admin/config/people/accounts/display/token','Tokens','a:0:{}','system',-1,0,0,0,1,6,0,1,7,34,51,2806,2829,0,0,0,0),('management',2830,2805,'admin/structure/taxonomy/%/display/user_team','admin/structure/taxonomy/%/display/user_team','User Team','a:0:{}','system',-1,0,0,0,5,6,0,1,18,151,165,2805,2830,0,0,0,0),('management',2831,2806,'admin/config/people/accounts/display/full','admin/config/people/accounts/display/full','User account','a:0:{}','system',-1,0,0,0,0,6,0,1,7,34,51,2806,2831,0,0,0,0),('management',2832,2807,'admin/config/regional/countries/fields/%','admin/config/regional/countries/fields/%','','a:0:{}','system',0,0,0,0,0,6,0,1,7,37,866,2807,2832,0,0,0,0),('management',2833,2810,'admin/structure/field-collections/%/fields/%','admin/structure/field-collections/%/fields/%','','a:0:{}','system',0,0,0,0,0,6,0,1,18,2604,2802,2810,2833,0,0,0,0),('management',2834,2808,'admin/structure/taxonomy/%/fields/%','admin/structure/taxonomy/%/fields/%','','a:0:{}','system',0,0,0,0,0,6,0,1,18,151,165,2808,2834,0,0,0,0),('management',2835,2809,'admin/config/people/accounts/fields/%','admin/config/people/accounts/fields/%','','a:0:{}','system',0,0,0,0,0,6,0,1,7,34,51,2809,2835,0,0,0,0),('management',2836,2817,'admin/structure/types/manage/%/display/colorbox','admin/structure/types/manage/%/display/colorbox','Colorbox','a:0:{}','system',-1,0,0,0,5,6,0,1,18,25,84,2817,2836,0,0,0,0),('management',2837,2817,'admin/structure/types/manage/%/display/default','admin/structure/types/manage/%/display/default','Default','a:0:{}','system',-1,0,0,0,-10,6,0,1,18,25,84,2817,2837,0,0,0,0),('management',2838,2817,'admin/structure/types/manage/%/display/featured_team_view_mode','admin/structure/types/manage/%/display/featured_team_view_mode','Featured Team View Mode','a:0:{}','system',-1,0,0,0,7,6,0,1,18,25,84,2817,2838,0,0,0,0),('management',2839,2817,'admin/structure/types/manage/%/display/full','admin/structure/types/manage/%/display/full','Full content','a:0:{}','system',-1,0,0,0,0,6,0,1,18,25,84,2817,2839,0,0,0,0),('management',2840,1461,'admin/config/group/group-membership/manage/%/display','admin/config/group/group-membership/manage/%/display','Manage display','a:0:{}','system',-1,0,0,0,2,6,0,1,7,1443,1448,1461,2840,0,0,0,0),('management',2841,1461,'admin/config/group/group-membership/manage/%/fields','admin/config/group/group-membership/manage/%/fields','Manage fields','a:0:{}','system',-1,0,1,0,1,6,0,1,7,1443,1448,1461,2841,0,0,0,0),('management',2842,2817,'admin/structure/types/manage/%/display/project_abstract','admin/structure/types/manage/%/display/project_abstract','Project Abstract','a:0:{}','system',-1,0,0,0,8,6,0,1,18,25,84,2817,2842,0,0,0,0),('management',2843,2817,'admin/structure/types/manage/%/display/project_favorite','admin/structure/types/manage/%/display/project_favorite','Project Favorite','a:0:{}','system',-1,0,0,0,9,6,0,1,18,25,84,2817,2843,0,0,0,0),('management',2844,2817,'admin/structure/types/manage/%/display/rss','admin/structure/types/manage/%/display/rss','RSS','a:0:{}','system',-1,0,0,0,2,6,0,1,18,25,84,2817,2844,0,0,0,0),('management',2845,2817,'admin/structure/types/manage/%/display/search_result','admin/structure/types/manage/%/display/search_result','Search Result','a:0:{}','system',-1,0,0,0,4,6,0,1,18,25,84,2817,2845,0,0,0,0),('management',2846,2817,'admin/structure/types/manage/%/display/search_index','admin/structure/types/manage/%/display/search_index','Search index','a:0:{}','system',-1,0,0,0,3,6,0,1,18,25,84,2817,2846,0,0,0,0),('management',2847,2817,'admin/structure/types/manage/%/display/team_projects','admin/structure/types/manage/%/display/team_projects','Team Projects','a:0:{}','system',-1,0,0,0,10,6,0,1,18,25,84,2817,2847,0,0,0,0),('management',2848,2817,'admin/structure/types/manage/%/display/teaser','admin/structure/types/manage/%/display/teaser','Teaser','a:0:{}','system',-1,0,0,0,1,6,0,1,18,25,84,2817,2848,0,0,0,0),('management',2849,2817,'admin/structure/types/manage/%/display/token','admin/structure/types/manage/%/display/token','Tokens','a:0:{}','system',-1,0,0,0,6,6,0,1,18,25,84,2817,2849,0,0,0,0),('management',2850,2817,'admin/structure/types/manage/%/display/user_donation','admin/structure/types/manage/%/display/user_donation','User Donation','a:0:{}','system',-1,0,0,0,11,6,0,1,18,25,84,2817,2850,0,0,0,0),('management',2851,2817,'admin/structure/types/manage/%/display/user_projects','admin/structure/types/manage/%/display/user_projects','User Projects','a:0:{}','system',-1,0,0,0,12,6,0,1,18,25,84,2817,2851,0,0,0,0),('management',2852,2832,'admin/config/regional/countries/fields/%/delete','admin/config/regional/countries/fields/%/delete','Delete','a:0:{}','system',-1,0,0,0,10,7,0,1,7,37,866,2807,2832,2852,0,0,0),('management',2853,2832,'admin/config/regional/countries/fields/%/edit','admin/config/regional/countries/fields/%/edit','Edit','a:0:{}','system',-1,0,0,0,0,7,0,1,7,37,866,2807,2832,2853,0,0,0),('management',2854,2832,'admin/config/regional/countries/fields/%/field-settings','admin/config/regional/countries/fields/%/field-settings','Field settings','a:0:{}','system',-1,0,0,0,0,7,0,1,7,37,866,2807,2832,2854,0,0,0),('management',2855,2832,'admin/config/regional/countries/fields/%/widget-type','admin/config/regional/countries/fields/%/widget-type','Widget type','a:0:{}','system',-1,0,0,0,0,7,0,1,7,37,866,2807,2832,2855,0,0,0),('management',2856,2833,'admin/structure/field-collections/%/fields/%/delete','admin/structure/field-collections/%/fields/%/delete','Delete','a:0:{}','system',-1,0,0,0,10,7,0,1,18,2604,2802,2810,2833,2856,0,0,0),('management',2857,2833,'admin/structure/field-collections/%/fields/%/field-settings','admin/structure/field-collections/%/fields/%/field-settings','Field settings','a:0:{}','system',-1,0,0,0,0,7,0,1,18,2604,2802,2810,2833,2857,0,0,0),('management',2858,2833,'admin/structure/field-collections/%/fields/%/widget-type','admin/structure/field-collections/%/fields/%/widget-type','Widget type','a:0:{}','system',-1,0,0,0,0,7,0,1,18,2604,2802,2810,2833,2858,0,0,0),('management',2859,2818,'admin/structure/types/manage/%/fields/%','admin/structure/types/manage/%/fields/%','','a:0:{}','system',0,0,0,0,0,6,0,1,18,25,84,2818,2859,0,0,0,0),('management',2860,2833,'admin/structure/field-collections/%/fields/%/edit','admin/structure/field-collections/%/fields/%/edit','Edit','a:0:{}','system',-1,0,0,0,0,7,0,1,18,2604,2802,2810,2833,2860,0,0,0),('management',2861,2834,'admin/structure/taxonomy/%/fields/%/delete','admin/structure/taxonomy/%/fields/%/delete','Delete','a:0:{}','system',-1,0,0,0,10,7,0,1,18,151,165,2808,2834,2861,0,0,0),('management',2862,2834,'admin/structure/taxonomy/%/fields/%/edit','admin/structure/taxonomy/%/fields/%/edit','Edit','a:0:{}','system',-1,0,0,0,0,7,0,1,18,151,165,2808,2834,2862,0,0,0),('management',2863,2834,'admin/structure/taxonomy/%/fields/%/field-settings','admin/structure/taxonomy/%/fields/%/field-settings','Field settings','a:0:{}','system',-1,0,0,0,0,7,0,1,18,151,165,2808,2834,2863,0,0,0),('management',2864,2834,'admin/structure/taxonomy/%/fields/%/widget-type','admin/structure/taxonomy/%/fields/%/widget-type','Widget type','a:0:{}','system',-1,0,0,0,0,7,0,1,18,151,165,2808,2834,2864,0,0,0),('management',2865,2835,'admin/config/people/accounts/fields/%/delete','admin/config/people/accounts/fields/%/delete','Delete','a:0:{}','system',-1,0,0,0,10,7,0,1,7,34,51,2809,2835,2865,0,0,0),('management',2866,2835,'admin/config/people/accounts/fields/%/edit','admin/config/people/accounts/fields/%/edit','Edit','a:0:{}','system',-1,0,0,0,0,7,0,1,7,34,51,2809,2835,2866,0,0,0),('management',2867,2835,'admin/config/people/accounts/fields/%/field-settings','admin/config/people/accounts/fields/%/field-settings','Field settings','a:0:{}','system',-1,0,0,0,0,7,0,1,7,34,51,2809,2835,2867,0,0,0),('management',2868,2835,'admin/config/people/accounts/fields/%/widget-type','admin/config/people/accounts/fields/%/widget-type','Widget type','a:0:{}','system',-1,0,0,0,0,7,0,1,7,34,51,2809,2835,2868,0,0,0),('management',2869,658,'admin/structure/types/manage/%/comment/display/default','admin/structure/types/manage/%/comment/display/default','Default','a:0:{}','system',-1,0,0,0,-10,6,0,1,18,25,84,658,2869,0,0,0,0),('management',2870,2840,'admin/config/group/group-membership/manage/%/display/default','admin/config/group/group-membership/manage/%/display/default','Default','a:0:{}','system',-1,0,0,0,-10,7,0,1,7,1443,1448,1461,2840,2870,0,0,0),('management',2871,658,'admin/structure/types/manage/%/comment/display/full','admin/structure/types/manage/%/comment/display/full','Full comment','a:0:{}','system',-1,0,0,0,0,6,0,1,18,25,84,658,2871,0,0,0,0),('management',2872,658,'admin/structure/types/manage/%/comment/display/token','admin/structure/types/manage/%/comment/display/token','Tokens','a:0:{}','system',-1,0,0,0,1,6,0,1,18,25,84,658,2872,0,0,0,0),('management',2873,659,'admin/structure/types/manage/%/comment/fields/%','admin/structure/types/manage/%/comment/fields/%','','a:0:{}','system',0,0,0,0,0,6,0,1,18,25,84,659,2873,0,0,0,0),('management',2874,2841,'admin/config/group/group-membership/manage/%/fields/%','admin/config/group/group-membership/manage/%/fields/%','','a:0:{}','system',0,0,0,0,0,7,0,1,7,1443,1448,1461,2841,2874,0,0,0),('management',2875,2859,'admin/structure/types/manage/%/fields/%/delete','admin/structure/types/manage/%/fields/%/delete','Delete','a:0:{}','system',-1,0,0,0,10,7,0,1,18,25,84,2818,2859,2875,0,0,0),('management',2876,2859,'admin/structure/types/manage/%/fields/%/edit','admin/structure/types/manage/%/fields/%/edit','Edit','a:0:{}','system',-1,0,0,0,0,7,0,1,18,25,84,2818,2859,2876,0,0,0),('management',2877,2859,'admin/structure/types/manage/%/fields/%/field-settings','admin/structure/types/manage/%/fields/%/field-settings','Field settings','a:0:{}','system',-1,0,0,0,0,7,0,1,18,25,84,2818,2859,2877,0,0,0),('management',2878,2859,'admin/structure/types/manage/%/fields/%/widget-type','admin/structure/types/manage/%/fields/%/widget-type','Widget type','a:0:{}','system',-1,0,0,0,0,7,0,1,18,25,84,2818,2859,2878,0,0,0),('management',2879,2873,'admin/structure/types/manage/%/comment/fields/%/delete','admin/structure/types/manage/%/comment/fields/%/delete','Delete','a:0:{}','system',-1,0,0,0,10,7,0,1,18,25,84,659,2873,2879,0,0,0),('management',2880,2873,'admin/structure/types/manage/%/comment/fields/%/edit','admin/structure/types/manage/%/comment/fields/%/edit','Edit','a:0:{}','system',-1,0,0,0,0,7,0,1,18,25,84,659,2873,2880,0,0,0),('management',2881,2873,'admin/structure/types/manage/%/comment/fields/%/field-settings','admin/structure/types/manage/%/comment/fields/%/field-settings','Field settings','a:0:{}','system',-1,0,0,0,0,7,0,1,18,25,84,659,2873,2881,0,0,0),('management',2882,2873,'admin/structure/types/manage/%/comment/fields/%/widget-type','admin/structure/types/manage/%/comment/fields/%/widget-type','Widget type','a:0:{}','system',-1,0,0,0,0,7,0,1,18,25,84,659,2873,2882,0,0,0),('management',2883,2874,'admin/config/group/group-membership/manage/%/fields/%/delete','admin/config/group/group-membership/manage/%/fields/%/delete','Delete','a:0:{}','system',-1,0,0,0,10,8,0,1,7,1443,1448,1461,2841,2874,2883,0,0),('management',2884,2874,'admin/config/group/group-membership/manage/%/fields/%/edit','admin/config/group/group-membership/manage/%/fields/%/edit','Edit','a:0:{}','system',-1,0,0,0,0,8,0,1,7,1443,1448,1461,2841,2874,2884,0,0),('management',2885,2874,'admin/config/group/group-membership/manage/%/fields/%/field-settings','admin/config/group/group-membership/manage/%/fields/%/field-settings','Field settings','a:0:{}','system',-1,0,0,0,0,8,0,1,7,1443,1448,1461,2841,2874,2885,0,0),('management',2886,2874,'admin/config/group/group-membership/manage/%/fields/%/widget-type','admin/config/group/group-membership/manage/%/fields/%/widget-type','Widget type','a:0:{}','system',-1,0,0,0,0,8,0,1,7,1443,1448,1461,2841,2874,2886,0,0),('management',2887,33,'admin/config/media/cloud-files','admin/config/media/cloud-files','Cloud Files','a:1:{s:10:\"attributes\";a:1:{s:5:\"title\";s:25:\"Cloud Files Configuration\";}}','system',0,0,0,0,0,4,0,1,7,33,2887,0,0,0,0,0,0),('menu-about-us',2888,0,'node/1224','node/%','FAQs','a:0:{}','menu',0,0,0,0,-45,1,1,2888,0,0,0,0,0,0,0,0,0),('menu-about',2889,0,'node/1224','node/%','FAQs','a:1:{s:10:\"attributes\";a:1:{s:5:\"title\";s:0:\"\";}}','menu',0,0,0,0,-45,1,1,2889,0,0,0,0,0,0,0,0,0);
commit;

--
